75.60.204.108 - - [03/Dec/2019:00:01:05 -0500] "GET /Hellenistic_Sepphoris_James_F_Strange_James_Keynote_AFGLC_Forum_2010.pdf HTTP/1.1" 200 188707 "https://www.google.com/" "Mozilla/5.0 (Windows NT 6.1) AppleWebKit/537.36 (KHTML, like Gecko) Chrome/78.0.3904.108 Safari/537.36"
75.60.204.108 - - [03/Dec/2019:00:01:06 -0500] "GET /favicon.ico HTTP/1.1" 410 376 "http://www.afglc.org/Hellenistic_Sepphoris_James_F_Strange_James_Keynote_AFGLC_Forum_2010.pdf" "Mozilla/5.0 (Windows NT 6.1) AppleWebKit/537.36 (KHTML, like Gecko) Chrome/78.0.3904.108 Safari/537.36"
46.229.168.135 - - [03/Dec/2019:00:03:27 -0500] "GET /robots.txt HTTP/1.1" 410 375 "" "Mozilla/5.0 (compatible; SemrushBot/6~bl; +http://www.semrush.com/bot.html)"
46.229.168.142 - - [03/Dec/2019:00:03:27 -0500] "GET /pages/wichs/ HTTP/1.1" 200 429 "" "Mozilla/5.0 (compatible; SemrushBot/6~bl; +http://www.semrush.com/bot.html)"
46.229.168.142 - - [03/Dec/2019:00:05:57 -0500] "GET /pages/cent/cbody.asp HTTP/1.1" 200 1618 "" "Mozilla/5.0 (compatible; SemrushBot/6~bl; +http://www.semrush.com/bot.html)"
66.249.64.253 - - [03/Dec/2019:00:12:42 -0500] "GET /ny/?q=events HTTP/1.1" 200 9216 "" "Mozilla/5.0 (Linux; Android 6.0.1; Nexus 5X Build/MMB29P) AppleWebKit/537.36 (KHTML, like Gecko) Chrome/41.0.2272.96 Mobile Safari/537.36 (compatible; Googlebot/2.1; +http://www.google.com/bot.html)"
216.244.66.234 - - [03/Dec/2019:00:30:28 -0500] "GET /pages/news/edumat.asp HTTP/1.1" 200 134 "" "Mozilla/5.0 (compatible; DotBot/1.1; http://www.opensiteexplorer.org/dotbot, help@moz.com)"
216.244.66.234 - - [03/Dec/2019:00:30:42 -0500] "GET /logs/W2K3WEB1/ex180108.log HTTP/1.1" 200 28712 "" "Mozilla/5.0 (compatible; DotBot/1.1; http://www.opensiteexplorer.org/dotbot, help@moz.com)"
216.244.66.234 - - [03/Dec/2019:00:31:52 -0500] "GET /pages/news/docs/nletter_W2006.pdf HTTP/1.1" 200 502849 "" "Mozilla/5.0 (compatible; DotBot/1.1; http://www.opensiteexplorer.org/dotbot, help@moz.com)"
42.54.83.242 - - [03/Dec/2019:00:48:30 -0500] "GET /index.asp?page=grants HTTP/1.1" 200 1811 "" "Mozilla/5.0 (Linux; Android 7.0; FRD-AL00 Build/HUAWEIFRD-AL00; wv) AppleWebKit/537.36 (KHTML, like Gecko) Version/4.0 Chrome/53.0.2785.49 Mobile MQQBrowser/6.2 TBS/043602 Safari/537.36 MicroMessenger/6.5.16.1120 NetType/WIFI Language/zh_CN"
46.229.168.130 - - [03/Dec/2019:01:08:35 -0500] "GET /robots.txt HTTP/1.1" 410 371 "" "Mozilla/5.0 (compatible; SemrushBot/6~bl; +http://www.semrush.com/bot.html)"
46.229.168.132 - - [03/Dec/2019:01:08:35 -0500] "GET /index.asp?page=scholarships HTTP/1.1" 200 2347 "" "Mozilla/5.0 (compatible; SemrushBot/6~bl; +http://www.semrush.com/bot.html)"
216.244.66.234 - - [03/Dec/2019:01:13:46 -0500] "GET /pages/news/pages/news/docs/chris_tsokos_hnds.pdf HTTP/1.1" 404 312 "" "Mozilla/5.0 (compatible; DotBot/1.1; http://www.opensiteexplorer.org/dotbot, help@moz.com)"
49.184.212.206 - - [03/Dec/2019:01:16:23 -0500] "GET /Hnaraki_Green_Rhymes1_AFGLC_Forum_2010.pdf HTTP/1.1" 200 119514 "" "Mozilla/5.0 (iPhone; CPU iPhone OS 12_4_3 like Mac OS X) AppleWebKit/605.1.15 (KHTML, like Gecko) Version/12.1.2 Mobile/15E148 Safari/604.1"
49.184.212.206 - - [03/Dec/2019:01:16:24 -0500] "GET /apple-touch-icon-120x120-precomposed.png HTTP/1.1" 404 308 "" "MobileSafari/604.1 CFNetwork/978.0.7 Darwin/18.7.0"
49.184.212.206 - - [03/Dec/2019:01:16:25 -0500] "GET /apple-touch-icon-120x120.png HTTP/1.1" 404 296 "" "MobileSafari/604.1 CFNetwork/978.0.7 Darwin/18.7.0"
49.184.212.206 - - [03/Dec/2019:01:16:25 -0500] "GET /apple-touch-icon-precomposed.png HTTP/1.1" 404 300 "" "MobileSafari/604.1 CFNetwork/978.0.7 Darwin/18.7.0"
49.184.212.206 - - [03/Dec/2019:01:16:25 -0500] "GET /apple-touch-icon.png HTTP/1.1" 404 288 "" "MobileSafari/604.1 CFNetwork/978.0.7 Darwin/18.7.0"
49.184.212.206 - - [03/Dec/2019:01:16:26 -0500] "GET /favicon.ico HTTP/1.1" 410 376 "" "MobileSafari/604.1 CFNetwork/978.0.7 Darwin/18.7.0"
49.184.212.206 - - [03/Dec/2019:01:16:26 -0500] "GET /apple-touch-icon-120x120-precomposed.png HTTP/1.1" 404 308 "" "MobileSafari/604.1 CFNetwork/978.0.7 Darwin/18.7.0"
49.184.212.206 - - [03/Dec/2019:01:16:26 -0500] "GET /apple-touch-icon-120x120.png HTTP/1.1" 404 296 "" "MobileSafari/604.1 CFNetwork/978.0.7 Darwin/18.7.0"
49.184.212.206 - - [03/Dec/2019:01:16:26 -0500] "GET /apple-touch-icon-precomposed.png HTTP/1.1" 404 300 "" "MobileSafari/604.1 CFNetwork/978.0.7 Darwin/18.7.0"
49.184.212.206 - - [03/Dec/2019:01:16:27 -0500] "GET /apple-touch-icon.png HTTP/1.1" 404 288 "" "MobileSafari/604.1 CFNetwork/978.0.7 Darwin/18.7.0"
49.184.212.206 - - [03/Dec/2019:01:16:27 -0500] "GET /favicon.ico HTTP/1.1" 410 376 "" "MobileSafari/604.1 CFNetwork/978.0.7 Darwin/18.7.0"
123.126.113.152 - - [03/Dec/2019:01:29:14 -0500] "GET / HTTP/1.1" 200 4960 "" "Sogou web spider/4.0(+http://www.sogou.com/docs/help/webmasters.htm#07)"
123.126.113.152 - - [03/Dec/2019:01:29:15 -0500] "GET /robots.txt HTTP/1.1" 410 375 "" "Sogou web spider/4.0(+http://www.sogou.com/docs/help/webmasters.htm#07)"
64.62.252.176 - - [03/Dec/2019:01:29:19 -0500] "GET /robots.txt HTTP/1.1" 410 375 "" "The Knowledge AI"
64.62.252.176 - - [03/Dec/2019:01:29:46 -0500] "GET /_vti_cnf/ HTTP/1.1" 200 299 "" "The Knowledge AI"
64.62.252.176 - - [03/Dec/2019:01:29:46 -0500] "GET /_vti_pvt/ HTTP/1.1" 200 1447 "" "The Knowledge AI"
64.62.252.176 - - [03/Dec/2019:01:29:46 -0500] "GET /_vti_script/ HTTP/1.1" 200 291 "" "The Knowledge AI"
64.62.252.176 - - [03/Dec/2019:01:29:46 -0500] "GET /_vti_txt/ HTTP/1.1" 200 285 "" "The Knowledge AI"
64.62.252.176 - - [03/Dec/2019:01:29:46 -0500] "GET /aspnet_client/ HTTP/1.1" 403 218 "" "The Knowledge AI"
64.62.252.176 - - [03/Dec/2019:01:29:47 -0500] "GET /aus.html HTTP/1.1" 200 94132 "" "The Knowledge AI"
64.62.252.176 - - [03/Dec/2019:01:30:04 -0500] "GET /css/ HTTP/1.1" 200 319 "" "The Knowledge AI"
64.62.252.176 - - [03/Dec/2019:01:30:20 -0500] "GET /images/ HTTP/1.1" 200 1911 "" "The Knowledge AI"
64.62.252.176 - - [03/Dec/2019:01:30:20 -0500] "GET /img/ HTTP/1.1" 200 1103 "" "The Knowledge AI"
64.62.252.176 - - [03/Dec/2019:01:30:21 -0500] "GET /index.asp HTTP/1.1" 200 7520 "" "The Knowledge AI"
64.62.252.176 - - [03/Dec/2019:01:30:36 -0500] "GET /js/ HTTP/1.1" 200 435 "" "The Knowledge AI"
64.62.252.176 - - [03/Dec/2019:01:30:36 -0500] "GET /logs/ HTTP/1.1" 200 1229 "" "The Knowledge AI"
64.62.252.176 - - [03/Dec/2019:01:30:36 -0500] "GET /newsite/ HTTP/1.1" 200 3715 "" "The Knowledge AI"
64.62.252.176 - - [03/Dec/2019:01:30:36 -0500] "GET /ny/ HTTP/1.1" 200 9678 "" "The Knowledge AI"
216.244.66.234 - - [03/Dec/2019:01:54:30 -0500] "GET /pages/menu/faq.asp HTTP/1.1" 404 1635 "" "Mozilla/5.0 (compatible; DotBot/1.1; http://www.opensiteexplorer.org/dotbot, help@moz.com)"
216.244.66.234 - - [03/Dec/2019:01:54:45 -0500] "GET /pages/news/docs/ HTTP/1.1" 200 1514 "" "Mozilla/5.0 (compatible; DotBot/1.1; http://www.opensiteexplorer.org/dotbot, help@moz.com)"
157.55.39.16 - - [03/Dec/2019:02:09:09 -0500] "GET /robots.txt HTTP/1.1" 410 371 "" "Mozilla/5.0 (compatible; bingbot/2.0; +http://www.bing.com/bingbot.htm)"
40.77.167.32 - - [03/Dec/2019:02:09:13 -0500] "GET /pages/events/prog_2007_edu_forum.pdf HTTP/1.1" 200 836641 "" "Mozilla/5.0 (compatible; bingbot/2.0; +http://www.bing.com/bingbot.htm)"
17.58.96.153 - - [03/Dec/2019:02:09:15 -0500] "GET /robots.txt HTTP/1.1" 410 375 "" "Mozilla/5.0 (Macintosh; Intel Mac OS X 10_10_1) AppleWebKit/600.2.5 (KHTML, like Gecko) Version/8.0.2 Safari/600.2.5 (Applebot/0.1; +http://www.apple.com/go/applebot)"
17.58.101.70 - - [03/Dec/2019:02:09:15 -0500] "GET /index.asp HTTP/1.1" 200 7520 "" "Mozilla/5.0 (Macintosh; Intel Mac OS X 10_10_1) AppleWebKit/600.2.5 (KHTML, like Gecko) Version/8.0.2 Safari/600.2.5 (Applebot/0.1; +http://www.apple.com/go/applebot)"
50.202.38.5 - - [03/Dec/2019:02:14:18 -0500] "GET / HTTP/1.1" 200 4960 "" "Mozilla/5.0 (X11; Linux x86_64; rv:30.0) Gecko/20100101 Firefox/30.0 Iceweasel/30.0"
216.244.66.234 - - [03/Dec/2019:02:36:57 -0500] "GET /pages/news/pages/news/docs/pr_newstructure.pdf HTTP/1.1" 404 310 "" "Mozilla/5.0 (compatible; DotBot/1.1; http://www.opensiteexplorer.org/dotbot, help@moz.com)"
162.210.196.130 - - [03/Dec/2019:02:37:17 -0500] "GET /robots.txt HTTP/1.1" 410 375 "" "Mozilla/5.0 (compatible; MJ12bot/v1.4.8; http://mj12bot.com/)"
162.210.196.130 - - [03/Dec/2019:02:37:21 -0500] "GET / HTTP/1.1" 200 4960 "" "Mozilla/5.0 (compatible; MJ12bot/v1.4.8; http://mj12bot.com/)"
40.77.167.32 - - [03/Dec/2019:03:10:30 -0500] "GET /hellenistic_sepphoris_james_f_strange_james_keynote_afglc_forum_2010.pdf HTTP/1.1" 200 188707 "" "Mozilla/5.0 (iPhone; CPU iPhone OS 7_0 like Mac OS X) AppleWebKit/537.51.1 (KHTML, like Gecko) Version/7.0 Mobile/11A465 Safari/9537.53 (compatible; bingbot/2.0; +http://www.bing.com/bingbot.htm)"
157.55.39.229 - - [03/Dec/2019:03:10:48 -0500] "GET /robots.txt HTTP/1.1" 410 371 "" "msnbot/2.0b (+http://search.msn.com/msnbot.htm)"
46.229.168.130 - - [03/Dec/2019:03:17:38 -0500] "GET /robots.txt HTTP/1.1" 410 375 "" "Mozilla/5.0 (compatible; SemrushBot/6~bl; +http://www.semrush.com/bot.html)"
46.229.168.138 - - [03/Dec/2019:03:17:38 -0500] "GET /logs/W2K3WEB3/ex191123.log HTTP/1.1" 200 17594 "" "Mozilla/5.0 (compatible; SemrushBot/6~bl; +http://www.semrush.com/bot.html)"
216.244.66.234 - - [03/Dec/2019:03:17:41 -0500] "GET /pages/menu/links.asp HTTP/1.1" 404 1635 "" "Mozilla/5.0 (compatible; DotBot/1.1; http://www.opensiteexplorer.org/dotbot, help@moz.com)"
140.237.13.239 - - [03/Dec/2019:03:26:10 -0500] "GET /search.php?q=www.ymwears.cn HTTP/1.1" 404 278 "" "Mozilla/5.0 (compatible; Googlebot/2.1; +http://www.google.com/bot.html)"
140.237.13.239 - - [03/Dec/2019:03:26:14 -0500] "GET /search?q=www.ymwears.cn HTTP/1.1" 404 274 "" "Mozilla/5.0 (compatible; Googlebot/2.1; +http://www.google.com/bot.html)"
140.237.13.239 - - [03/Dec/2019:03:26:15 -0500] "GET /search/?q=www.ymwears.cn HTTP/1.1" 404 275 "" "Mozilla/5.0 (compatible; Googlebot/2.1; +http://www.google.com/bot.html)"
140.237.13.239 - - [03/Dec/2019:03:26:15 -0500] "GET /search/www.ymwears.cn HTTP/1.1" 404 289 "" "Mozilla/5.0 (compatible; Googlebot/2.1; +http://www.google.com/bot.html)"
140.237.13.239 - - [03/Dec/2019:03:26:16 -0500] "GET /index.php?m=search&c=index&a=init&typeid=53&siteid=1&q=www.ymwears.cn HTTP/1.1" 404 277 "" "Mozilla/5.0 (compatible; Googlebot/2.1; +http://www.google.com/bot.html)"
140.237.13.239 - - [03/Dec/2019:03:26:18 -0500] "GET /search/?query=www.ymwears.cn HTTP/1.1" 404 275 "" "Mozilla/5.0 (compatible; Googlebot/2.1; +http://www.google.com/bot.html)"
140.237.13.239 - - [03/Dec/2019:03:26:20 -0500] "GET /plus/search.php?q=www.ymwears.cn HTTP/1.1" 404 283 "" "Mozilla/5.0 (compatible; Googlebot/2.1; +http://www.google.com/bot.html)"
66.249.64.81 - - [03/Dec/2019:03:32:29 -0500] "GET / HTTP/1.1" 200 4956 "" "Mozilla/5.0 (Linux; Android 6.0.1; Nexus 5X Build/MMB29P) AppleWebKit/537.36 (KHTML, like Gecko) Chrome/41.0.2272.96 Mobile Safari/537.36 (compatible; Googlebot/2.1; +http://www.google.com/bot.html)"
182.247.60.94 - - [03/Dec/2019:03:42:34 -0500] "GET /revfrharakas.gif HTTP/1.1" 404 284 "" "Mozilla/5.0(Linux;Android 5.1.1;OPPO A33 Build/LMY47V;wv) AppleWebKit/537.36(KHTML,link Gecko) Version/4.0 Chrome/42.0.2311.138 Mobile Safari/537.36 Mb2345Browser/9.0"
36.6.134.58 - - [03/Dec/2019:03:47:28 -0500] "GET /svcacl.cnf HTTP/1.1" 404 278 "" "Mozilla/5.0(Linux;Android 5.1.1;OPPO A33 Build/LMY47V;wv) AppleWebKit/537.36(KHTML,link Gecko) Version/4.0 Chrome/42.0.2311.138 Mobile Safari/537.36 Mb2345Browser/9.0"
117.43.215.26 - - [03/Dec/2019:03:58:07 -0500] "GET /ex20191019.log HTTP/1.1" 404 282 "" "Mozilla/5.0(Linux;U;Android 5.1.1;zh-CN;OPPO A33 Build/LMY47V) AppleWebKit/537.36(KHTML,like Gecko) Version/4.0 Chrome/40.0.2214.89 UCBrowser/11.7.0.953 Mobile Safari/537.36"
93.158.161.22 - - [03/Dec/2019:03:59:15 -0500] "GET /robots.txt HTTP/1.1" 410 375 "" "Mozilla/5.0 (compatible; YandexBot/3.0; +http://yandex.com/bots)"
93.158.161.22 - - [03/Dec/2019:03:59:19 -0500] "GET /aus.html HTTP/1.1" 200 94132 "" "Mozilla/5.0 (compatible; YandexBot/3.0; +http://yandex.com/bots)"
17.58.100.51 - - [03/Dec/2019:04:04:58 -0500] "GET /robots.txt HTTP/1.1" 410 371 "" "Mozilla/5.0 (Macintosh; Intel Mac OS X 10_10_1) AppleWebKit/600.2.5 (KHTML, like Gecko) Version/8.0.2 Safari/600.2.5 (Applebot/0.1; +http://www.apple.com/go/applebot)"
17.58.101.70 - - [03/Dec/2019:04:04:58 -0500] "GET /_vti_txt/ HTTP/1.1" 200 281 "" "Mozilla/5.0 (Macintosh; Intel Mac OS X 10_10_1) AppleWebKit/600.2.5 (KHTML, like Gecko) Version/8.0.2 Safari/600.2.5 (Applebot/0.1; +http://www.apple.com/go/applebot)"
66.249.64.226 - - [03/Dec/2019:04:21:58 -0500] "GET /under_dev.asp HTTP/1.1" 404 1635 "" "Mozilla/5.0 (Linux; Android 6.0.1; Nexus 5X Build/MMB29P) AppleWebKit/537.36 (KHTML, like Gecko) Chrome/41.0.2272.96 Mobile Safari/537.36 (compatible; Googlebot/2.1; +http://www.google.com/bot.html)"
66.249.64.226 - - [03/Dec/2019:04:22:31 -0500] "GET /oldwebsite2/uevents.asp HTTP/1.1" 404 1635 "" "Mozilla/5.0 (Linux; Android 6.0.1; Nexus 5X Build/MMB29P) AppleWebKit/537.36 (KHTML, like Gecko) Chrome/41.0.2272.96 Mobile Safari/537.36 (compatible; Googlebot/2.1; +http://www.google.com/bot.html)"
66.249.64.253 - - [03/Dec/2019:04:22:56 -0500] "GET /ny/ HTTP/1.1" 200 9678 "" "Mozilla/5.0 (Linux; Android 6.0.1; Nexus 5X Build/MMB29P) AppleWebKit/537.36 (KHTML, like Gecko) Chrome/41.0.2272.96 Mobile Safari/537.36 (compatible; Googlebot/2.1; +http://www.google.com/bot.html)"
35.189.201.67 - - [03/Dec/2019:04:24:35 -0500] "HEAD / HTTP/1.1" 200 - "" ""
35.189.201.67 - - [03/Dec/2019:04:24:35 -0500] "GET / HTTP/1.1" 200 4960 "" ""
46.229.168.154 - - [03/Dec/2019:04:25:54 -0500] "GET /robots.txt HTTP/1.1" 410 371 "" "Mozilla/5.0 (compatible; SemrushBot/6~bl; +http://www.semrush.com/bot.html)"
46.229.168.153 - - [03/Dec/2019:04:25:54 -0500] "GET /_vti_pvt/svcacl.cnf HTTP/1.1" 200 66 "" "Mozilla/5.0 (compatible; SemrushBot/6~bl; +http://www.semrush.com/bot.html)"
64.62.252.176 - - [03/Dec/2019:04:32:57 -0500] "GET /oldwebsite2/ HTTP/1.1" 200 3637 "" "The Knowledge AI"
64.62.252.176 - - [03/Dec/2019:04:32:58 -0500] "GET /pages/ HTTP/1.1" 200 1149 "" "The Knowledge AI"
64.62.252.176 - - [03/Dec/2019:04:36:03 -0500] "GET /php.root/ HTTP/1.1" 200 285 "" "The Knowledge AI"
34.204.206.173 - - [03/Dec/2019:04:57:20 -0500] "GET /robots.txt HTTP/1.1" 410 371 "" "CCBot/2.0 (https://commoncrawl.org/faq/)"
34.204.206.173 - - [03/Dec/2019:04:57:20 -0500] "GET /index.asp HTTP/1.1" 200 7520 "" "CCBot/2.0 (https://commoncrawl.org/faq/)"
34.204.206.173 - - [03/Dec/2019:05:01:47 -0500] "GET /_vti_txt/ HTTP/1.1" 200 281 "" "CCBot/2.0 (https://commoncrawl.org/faq/)"
34.204.206.173 - - [03/Dec/2019:05:01:49 -0500] "GET /_vti_cnf/ HTTP/1.1" 200 299 "" "CCBot/2.0 (https://commoncrawl.org/faq/)"
34.204.206.173 - - [03/Dec/2019:05:03:55 -0500] "GET /_vti_pvt/ HTTP/1.1" 200 1443 "" "CCBot/2.0 (https://commoncrawl.org/faq/)"
34.204.206.173 - - [03/Dec/2019:05:04:37 -0500] "GET /pages/ HTTP/1.1" 200 1145 "" "CCBot/2.0 (https://commoncrawl.org/faq/)"
34.204.206.173 - - [03/Dec/2019:05:07:06 -0500] "GET /img/ HTTP/1.1" 200 1099 "" "CCBot/2.0 (https://commoncrawl.org/faq/)"
34.204.206.173 - - [03/Dec/2019:05:07:17 -0500] "GET /aspnet_client/ HTTP/1.1" 403 218 "" "CCBot/2.0 (https://commoncrawl.org/faq/)"
34.204.206.173 - - [03/Dec/2019:05:08:05 -0500] "GET /js/ HTTP/1.1" 200 431 "" "CCBot/2.0 (https://commoncrawl.org/faq/)"
66.249.64.226 - - [03/Dec/2019:05:09:42 -0500] "GET /pages/cent/vassilatos.asp HTTP/1.1" 200 1424 "" "Mozilla/5.0 (Linux; Android 6.0.1; Nexus 5X Build/MMB29P) AppleWebKit/537.36 (KHTML, like Gecko) Chrome/41.0.2272.96 Mobile Safari/537.36 (compatible; Googlebot/2.1; +http://www.google.com/bot.html)"
66.249.64.253 - - [03/Dec/2019:05:19:31 -0500] "GET /index.asp?page=press HTTP/1.1" 200 2085 "" "Mozilla/5.0 (Linux; Android 6.0.1; Nexus 5X Build/MMB29P) AppleWebKit/537.36 (KHTML, like Gecko) Chrome/41.0.2272.96 Mobile Safari/537.36 (compatible; Googlebot/2.1; +http://www.google.com/bot.html)"
34.204.206.173 - - [03/Dec/2019:05:20:09 -0500] "GET /css/ HTTP/1.1" 200 315 "" "CCBot/2.0 (https://commoncrawl.org/faq/)"
34.204.206.173 - - [03/Dec/2019:05:20:36 -0500] "GET /aus.html HTTP/1.1" 200 94132 "" "CCBot/2.0 (https://commoncrawl.org/faq/)"
216.244.66.234 - - [03/Dec/2019:05:22:19 -0500] "GET /pages/intro/ichs.asp HTTP/1.1" 200 1125 "" "Mozilla/5.0 (compatible; DotBot/1.1; http://www.opensiteexplorer.org/dotbot, help@moz.com)"
77.75.77.54 - - [03/Dec/2019:05:22:29 -0500] "GET /robots.txt HTTP/1.1" 410 375 "" "Mozilla/5.0 (compatible; SeznamBot/3.2; +http://napoveda.seznam.cz/en/seznambot-intro/)"
77.75.77.54 - - [03/Dec/2019:05:22:30 -0500] "GET /upload/14727706_371931419823713_27868874552639488_nf14a.jpg? HTTP/1.1" 404 327 "" "Mozilla/5.0 (compatible; SeznamBot/3.2; +http://napoveda.seznam.cz/en/seznambot-intro/)"
216.244.66.234 - - [03/Dec/2019:05:22:31 -0500] "GET /archive/2002/Greek_Forum_20024.pdf HTTP/1.1" 404 298 "" "Mozilla/5.0 (compatible; DotBot/1.1; http://www.opensiteexplorer.org/dotbot, help@moz.com)"
216.244.66.234 - - [03/Dec/2019:05:22:34 -0500] "GET /logs/W2K3WEB1/ex180117.log HTTP/1.1" 200 8729 "" "Mozilla/5.0 (compatible; DotBot/1.1; http://www.opensiteexplorer.org/dotbot, help@moz.com)"
34.204.206.173 - - [03/Dec/2019:05:24:36 -0500] "GET /logs/ HTTP/1.1" 200 1279 "" "CCBot/2.0 (https://commoncrawl.org/faq/)"
66.249.64.226 - - [03/Dec/2019:05:29:00 -0500] "GET /pages/leadership/ HTTP/1.1" 200 1315 "" "Mozilla/5.0 (Linux; Android 6.0.1; Nexus 5X Build/MMB29P) AppleWebKit/537.36 (KHTML, like Gecko) Chrome/41.0.2272.96 Mobile Safari/537.36 (compatible; Googlebot/2.1; +http://www.google.com/bot.html)"
34.204.206.173 - - [03/Dec/2019:05:29:22 -0500] "GET /newsite/ HTTP/1.1" 200 3715 "" "CCBot/2.0 (https://commoncrawl.org/faq/)"
46.229.168.147 - - [03/Dec/2019:05:29:52 -0500] "GET /robots.txt HTTP/1.1" 410 375 "" "Mozilla/5.0 (compatible; SemrushBot/6~bl; +http://www.semrush.com/bot.html)"
46.229.168.163 - - [03/Dec/2019:05:29:52 -0500] "GET /pages/arch/ HTTP/1.1" 200 385 "" "Mozilla/5.0 (compatible; SemrushBot/6~bl; +http://www.semrush.com/bot.html)"
34.204.206.173 - - [03/Dec/2019:05:33:27 -0500] "GET /_vti_script/ HTTP/1.1" 200 287 "" "CCBot/2.0 (https://commoncrawl.org/faq/)"
34.204.206.173 - - [03/Dec/2019:05:36:17 -0500] "GET /oldwebsite2/ HTTP/1.1" 200 3637 "" "CCBot/2.0 (https://commoncrawl.org/faq/)"
34.204.206.173 - - [03/Dec/2019:05:45:18 -0500] "GET /images/ HTTP/1.1" 200 1907 "" "CCBot/2.0 (https://commoncrawl.org/faq/)"
66.249.64.251 - - [03/Dec/2019:05:46:03 -0500] "GET /oldwebsite2/wafglc.asp HTTP/1.1" 200 4116 "" "Mozilla/5.0 (Linux; Android 6.0.1; Nexus 5X Build/MMB29P) AppleWebKit/537.36 (KHTML, like Gecko) Chrome/41.0.2272.96 Mobile Safari/537.36 (compatible; Googlebot/2.1; +http://www.google.com/bot.html)"
34.204.206.173 - - [03/Dec/2019:05:48:57 -0500] "GET /php.root/ HTTP/1.1" 200 281 "" "CCBot/2.0 (https://commoncrawl.org/faq/)"
34.204.206.173 - - [03/Dec/2019:05:49:14 -0500] "GET /ny/ HTTP/1.1" 200 9678 "" "CCBot/2.0 (https://commoncrawl.org/faq/)"
66.249.64.253 - - [03/Dec/2019:06:06:48 -0500] "GET /pages/foru/afglc_forum_2010/felos_repatriation_afglc_forum_2010.pdf HTTP/1.1" 200 3896439 "" "Mozilla/5.0 (compatible; Googlebot/2.1; +http://www.google.com/bot.html)"
66.249.64.253 - - [03/Dec/2019:06:07:08 -0500] "GET /favicon.ico HTTP/1.1" 410 376 "" "Googlebot-Image/1.0"
66.249.64.251 - - [03/Dec/2019:06:07:14 -0500] "GET / HTTP/1.1" 200 4960 "" "Mozilla/5.0 (Linux; Android 6.0.1; Nexus 5X Build/MMB29P) AppleWebKit/537.36 (KHTML, like Gecko) Chrome/41.0.2272.96 Mobile Safari/537.36 (compatible; Googlebot/2.1; +http://www.google.com/bot.html)"
157.55.39.51 - - [03/Dec/2019:06:20:35 -0500] "GET /?page=ichs HTTP/1.1" 200 4956 "" "Mozilla/5.0 (compatible; bingbot/2.0; +http://www.bing.com/bingbot.htm)"
66.249.64.251 - - [03/Dec/2019:06:24:57 -0500] "GET /archives.asp HTTP/1.1" 404 1635 "" "Mozilla/5.0 (Linux; Android 6.0.1; Nexus 5X Build/MMB29P) AppleWebKit/537.36 (KHTML, like Gecko) Chrome/41.0.2272.96 Mobile Safari/537.36 (compatible; Googlebot/2.1; +http://www.google.com/bot.html)"
147.135.71.108 - - [03/Dec/2019:06:50:09 -0500] "GET / HTTP/1.1" 200 4956 "http://prlog.ru/analysis/afglc.org" "Mozilla/5.0 (compatible; Prlog/1.0; +http://prlog.ru/)"
147.135.71.108 - - [03/Dec/2019:06:50:09 -0500] "GET /AFGLC_1999_Annual_Forum_Program.pdf HTTP/1.1" 200 103878 "http://prlog.ru/analysis/afglc.org" "Mozilla/5.0 (compatible; Prlog/1.0; +http://prlog.ru/)"
147.135.71.108 - - [03/Dec/2019:06:50:09 -0500] "GET /robots.txt HTTP/1.1" 410 371 "http://prlog.ru/analysis/afglc.org" "Mozilla/5.0 (compatible; Prlog/1.0; +http://prlog.ru/)"
66.249.64.226 - - [03/Dec/2019:06:52:29 -0500] "GET /favicon.ico HTTP/1.1" 410 376 "" "Googlebot-Image/1.0"
134.175.183.168 - - [03/Dec/2019:07:02:11 -0500] "GET /wp-load.php?up2018info=f HTTP/1.1" 404 279 "" ""
46.229.168.162 - - [03/Dec/2019:07:03:34 -0500] "GET /robots.txt HTTP/1.1" 410 375 "" "Mozilla/5.0 (compatible; SemrushBot/6~bl; +http://www.semrush.com/bot.html)"
46.229.168.161 - - [03/Dec/2019:07:03:35 -0500] "GET /index.asp?page=education HTTP/1.1" 200 3703 "" "Mozilla/5.0 (compatible; SemrushBot/6~bl; +http://www.semrush.com/bot.html)"
66.249.64.253 - - [03/Dec/2019:07:05:45 -0500] "GET /logs/ex20190722.log HTTP/1.1" 404 287 "" "Mozilla/5.0 (Linux; Android 6.0.1; Nexus 5X Build/MMB29P) AppleWebKit/537.36 (KHTML, like Gecko) Chrome/41.0.2272.96 Mobile Safari/537.36 (compatible; Googlebot/2.1; +http://www.google.com/bot.html)"
77.75.79.101 - - [03/Dec/2019:07:49:54 -0500] "GET /robots.txt HTTP/1.1" 410 375 "" "Mozilla/5.0 (compatible; SeznamBot/3.2; +http://napoveda.seznam.cz/en/seznambot-intro/)"
77.75.79.101 - - [03/Dec/2019:07:49:55 -0500] "GET /oldwebsite2/idonors.asp HTTP/1.1" 200 3748 "" "Mozilla/5.0 (compatible; SeznamBot/3.2; +http://napoveda.seznam.cz/en/seznambot-intro/)"
77.75.79.101 - - [03/Dec/2019:07:49:56 -0500] "GET /oldwebsite2/links.asp HTTP/1.1" 200 4922 "" "Mozilla/5.0 (compatible; SeznamBot/3.2; +http://napoveda.seznam.cz/en/seznambot-intro/)"
116.203.185.108 - - [03/Dec/2019:07:58:36 -0500] "GET /pages/leadership/hatsios.asp HTTP/1.1" 200 1482 "" "Mozilla/5.0 (X11; U; Linux i686; en-GB; rv:1.8.1.10) Gecko/20071126 Ubuntu/7.10 (gutsy) Firefox/2.0.0.10"
157.55.39.16 - - [03/Dec/2019:08:09:53 -0500] "GET /robots.txt HTTP/1.1" 410 375 "" "Mozilla/5.0 (compatible; bingbot/2.0; +http://www.bing.com/bingbot.htm)"
207.46.13.112 - - [03/Dec/2019:08:10:03 -0500] "GET /pages/cent/tri/rscnj_brochure_1.pdf HTTP/1.1" 200 1050162 "" "Mozilla/5.0 (compatible; bingbot/2.0; +http://www.bing.com/bingbot.htm)"
116.203.185.108 - - [03/Dec/2019:08:10:21 -0500] "GET /ny/?q=leadership HTTP/1.1" 200 9472 "" "Mozilla/5.0 (X11; U; Linux i686; en-GB; rv:1.8.1.10) Gecko/20071126 Ubuntu/7.10 (gutsy) Firefox/2.0.0.10"
89.40.15.68 - - [03/Dec/2019:08:36:39 -0500] "GET / HTTP/1.1" 200 4956 "" "Mozilla/5.0 (Macintosh; Intel Mac OS X 10_14_1) AppleWebKit/537.36 (KHTML, like Gecko) Chrome/75.0.3770.142 Safari/537.36"
111.200.39.121 - - [03/Dec/2019:08:37:04 -0500] "GET / HTTP/1.0" 200 4956 "" "Mozilla/5.0 (Windows NT 6.1; WOW64; rv:45.0) Gecko/20100101 Firefox/45.0"
66.249.64.226 - - [03/Dec/2019:08:43:50 -0500] "GET /robots.txt HTTP/1.1" 410 375 "" "Mozilla/5.0 (compatible; Googlebot/2.1; +http://www.google.com/bot.html)"
66.249.64.226 - - [03/Dec/2019:08:43:50 -0500] "GET /index.asp?page=contact HTTP/1.1" 200 2626 "" "Mozilla/5.0 (Linux; Android 6.0.1; Nexus 5X Build/MMB29P) AppleWebKit/537.36 (KHTML, like Gecko) Chrome/41.0.2272.96 Mobile Safari/537.36 (compatible; Googlebot/2.1; +http://www.google.com/bot.html)"
116.203.185.108 - - [03/Dec/2019:08:43:55 -0500] "GET /pages/leadership/hatsios.asp HTTP/1.1" 200 1482 "" "Mozilla/5.0 (X11; U; Linux i686; en-GB; rv:1.8.1.10) Gecko/20071126 Ubuntu/7.10 (gutsy) Firefox/2.0.0.10"
66.249.64.226 - - [03/Dec/2019:08:44:50 -0500] "GET /css/style.css HTTP/1.1" 200 3944 "http://www.afglc.org/index.asp?page=contact" "Mozilla/5.0 (Linux; Android 6.0.1; Nexus 5X Build/MMB29P) AppleWebKit/537.36 (KHTML, like Gecko) Chrome/41.0.2272.96 Mobile Safari/537.36 (compatible; Googlebot/2.1; +http://www.google.com/bot.html)"
46.229.168.138 - - [03/Dec/2019:08:47:26 -0500] "GET /robots.txt HTTP/1.1" 410 375 "" "Mozilla/5.0 (compatible; SemrushBot/6~bl; +http://www.semrush.com/bot.html)"
116.203.185.108 - - [03/Dec/2019:08:49:56 -0500] "GET /ny/?q=leadership HTTP/1.1" 200 9472 "" "Mozilla/5.0 (X11; U; Linux i686; en-GB; rv:1.8.1.10) Gecko/20071126 Ubuntu/7.10 (gutsy) Firefox/2.0.0.10"
77.75.78.171 - - [03/Dec/2019:09:02:44 -0500] "GET /robots.txt HTTP/1.1" 410 375 "" "Mozilla/5.0 (compatible; SeznamBot/3.2; +http://napoveda.seznam.cz/en/seznambot-intro/)"
77.75.78.171 - - [03/Dec/2019:09:02:45 -0500] "GET /oldwebsite2/grants.asp HTTP/1.1" 200 2960 "" "Mozilla/5.0 (compatible; SeznamBot/3.2; +http://napoveda.seznam.cz/en/seznambot-intro/)"
77.75.78.171 - - [03/Dec/2019:09:02:46 -0500] "GET /pages/bookr/ HTTP/1.1" 200 339 "" "Mozilla/5.0 (compatible; SeznamBot/3.2; +http://napoveda.seznam.cz/en/seznambot-intro/)"
66.249.64.226 - - [03/Dec/2019:09:06:45 -0500] "GET /index.asp?page=ichs HTTP/1.1" 200 3706 "" "Mozilla/5.0 (Linux; Android 6.0.1; Nexus 5X Build/MMB29P) AppleWebKit/537.36 (KHTML, like Gecko) Chrome/41.0.2272.96 Mobile Safari/537.36 (compatible; Googlebot/2.1; +http://www.google.com/bot.html)"
66.249.64.253 - - [03/Dec/2019:09:18:13 -0500] "GET /ny/?q=events HTTP/1.1" 200 9216 "" "Mozilla/5.0 (Linux; Android 6.0.1; Nexus 5X Build/MMB29P) AppleWebKit/537.36 (KHTML, like Gecko) Chrome/41.0.2272.96 Mobile Safari/537.36 (compatible; Googlebot/2.1; +http://www.google.com/bot.html)"
116.203.185.108 - - [03/Dec/2019:09:19:46 -0500] "GET /pages/leadership/hatsios.asp HTTP/1.1" 200 1482 "" "Mozilla/5.0 (X11; U; Linux i686; en-GB; rv:1.8.1.10) Gecko/20071126 Ubuntu/7.10 (gutsy) Firefox/2.0.0.10"
116.203.185.108 - - [03/Dec/2019:09:25:10 -0500] "GET /ny/?q=leadership HTTP/1.1" 200 9472 "" "Mozilla/5.0 (X11; U; Linux i686; en-GB; rv:1.8.1.10) Gecko/20071126 Ubuntu/7.10 (gutsy) Firefox/2.0.0.10"
46.229.168.135 - - [03/Dec/2019:09:25:35 -0500] "GET /robots.txt HTTP/1.1" 410 375 "" "Mozilla/5.0 (compatible; SemrushBot/6~bl; +http://www.semrush.com/bot.html)"
46.229.168.149 - - [03/Dec/2019:09:25:35 -0500] "GET /logs/ex20191122.log HTTP/1.1" 200 103050 "" "Mozilla/5.0 (compatible; SemrushBot/6~bl; +http://www.semrush.com/bot.html)"
77.75.76.160 - - [03/Dec/2019:09:44:48 -0500] "GET /robots.txt HTTP/1.1" 410 375 "" "Mozilla/5.0 (compatible; SeznamBot/3.2; +http://napoveda.seznam.cz/en/seznambot-intro/)"
77.75.76.160 - - [03/Dec/2019:09:44:49 -0500] "GET /Zappeon_001_2008_athens.JPG HTTP/1.1" 304 - "" "Mozilla/5.0 (compatible; SeznamBot/3.2; +http://napoveda.seznam.cz/en/seznambot-intro/)"
116.203.185.108 - - [03/Dec/2019:09:53:59 -0500] "GET /pages/leadership/hatsios.asp HTTP/1.1" 200 1482 "" "Mozilla/5.0 (X11; U; Linux i686; en-GB; rv:1.8.1.10) Gecko/20071126 Ubuntu/7.10 (gutsy) Firefox/2.0.0.10"
116.203.185.108 - - [03/Dec/2019:09:59:33 -0500] "GET /ny/?q=leadership HTTP/1.1" 200 9472 "" "Mozilla/5.0 (X11; U; Linux i686; en-GB; rv:1.8.1.10) Gecko/20071126 Ubuntu/7.10 (gutsy) Firefox/2.0.0.10"
116.203.185.108 - - [03/Dec/2019:10:26:15 -0500] "GET /pages/leadership/hatsios.asp HTTP/1.1" 200 1482 "" "Mozilla/5.0 (X11; U; Linux i686; en-GB; rv:1.8.1.10) Gecko/20071126 Ubuntu/7.10 (gutsy) Firefox/2.0.0.10"
116.203.185.108 - - [03/Dec/2019:10:31:40 -0500] "GET /ny/?q=leadership HTTP/1.1" 200 9472 "" "Mozilla/5.0 (X11; U; Linux i686; en-GB; rv:1.8.1.10) Gecko/20071126 Ubuntu/7.10 (gutsy) Firefox/2.0.0.10"
66.249.64.226 - - [03/Dec/2019:10:47:02 -0500] "GET /oldwebsite2/pages/news/docs/clement_helen_pappas_professorship.pdf HTTP/1.1" 304 - "" "Mozilla/5.0 (Linux; Android 6.0.1; Nexus 5X Build/MMB29P) AppleWebKit/537.36 (KHTML, like Gecko) Chrome/41.0.2272.96 Mobile Safari/537.36 (compatible; Googlebot/2.1; +http://www.google.com/bot.html)"
116.203.185.108 - - [03/Dec/2019:11:01:13 -0500] "GET /pages/leadership/hatsios.asp HTTP/1.1" 200 1482 "" "Mozilla/5.0 (X11; U; Linux i686; en-GB; rv:1.8.1.10) Gecko/20071126 Ubuntu/7.10 (gutsy) Firefox/2.0.0.10"
77.75.76.172 - - [03/Dec/2019:11:01:43 -0500] "GET /robots.txt HTTP/1.1" 410 375 "" "Mozilla/5.0 (compatible; SeznamBot/3.2; +http://napoveda.seznam.cz/en/seznambot-intro/)"
77.75.76.172 - - [03/Dec/2019:11:01:44 -0500] "GET /oldwebsite2/grants.asp HTTP/1.1" 200 2960 "" "Mozilla/5.0 (compatible; SeznamBot/3.2; +http://napoveda.seznam.cz/en/seznambot-intro/)"
106.120.188.130 - - [03/Dec/2019:11:03:17 -0500] "GET /robots.txt HTTP/1.1" 410 375 "" "Sogou web spider/4.0(+http://www.sogou.com/docs/help/webmasters.htm#07)"
116.203.185.108 - - [03/Dec/2019:11:06:51 -0500] "GET /ny/?q=leadership HTTP/1.1" 200 9472 "" "Mozilla/5.0 (X11; U; Linux i686; en-GB; rv:1.8.1.10) Gecko/20071126 Ubuntu/7.10 (gutsy) Firefox/2.0.0.10"
106.120.188.130 - - [03/Dec/2019:11:15:42 -0500] "GET / HTTP/1.1" 200 4960 "http://www.sogou.com/web?query=site%3Awww.afglc.org" "Mozilla/5.0 (Windows NT 6.1; Win64; x64) AppleWebKit/537.36 (KHTML, like Gecko) Chrome/74.0.3729.169 Safari/537.36"
116.203.185.108 - - [03/Dec/2019:11:35:45 -0500] "GET /pages/leadership/hatsios.asp HTTP/1.1" 200 1482 "" "Mozilla/5.0 (X11; U; Linux i686; en-GB; rv:1.8.1.10) Gecko/20071126 Ubuntu/7.10 (gutsy) Firefox/2.0.0.10"
116.203.185.108 - - [03/Dec/2019:11:41:09 -0500] "GET /ny/?q=leadership HTTP/1.1" 200 9472 "" "Mozilla/5.0 (X11; U; Linux i686; en-GB; rv:1.8.1.10) Gecko/20071126 Ubuntu/7.10 (gutsy) Firefox/2.0.0.10"
207.180.229.229 - - [03/Dec/2019:11:53:11 -0500] "GET / HTTP/1.1" 200 4956 "" "Mozilla/4.0 (compatible; MSIE 6.0; Windows NT 5.1; SV1)"
46.229.168.133 - - [03/Dec/2019:11:57:14 -0500] "GET /robots.txt HTTP/1.1" 410 375 "" "Mozilla/5.0 (compatible; SemrushBot/6~bl; +http://www.semrush.com/bot.html)"
46.229.168.143 - - [03/Dec/2019:11:57:14 -0500] "GET /index.asp?page=edumat HTTP/1.1" 200 1766 "" "Mozilla/5.0 (compatible; SemrushBot/6~bl; +http://www.semrush.com/bot.html)"
116.203.185.108 - - [03/Dec/2019:12:10:23 -0500] "GET /pages/leadership/hatsios.asp HTTP/1.1" 200 1482 "" "Mozilla/5.0 (X11; U; Linux i686; en-GB; rv:1.8.1.10) Gecko/20071126 Ubuntu/7.10 (gutsy) Firefox/2.0.0.10"
46.229.168.150 - - [03/Dec/2019:12:14:12 -0500] "GET /robots.txt HTTP/1.1" 410 371 "" "Mozilla/5.0 (compatible; SemrushBot/6~bl; +http://www.semrush.com/bot.html)"
46.229.168.136 - - [03/Dec/2019:12:14:12 -0500] "GET /shop.html HTTP/1.1" 404 273 "" "Mozilla/5.0 (compatible; SemrushBot/6~bl; +http://www.semrush.com/bot.html)"
116.203.185.108 - - [03/Dec/2019:12:15:47 -0500] "GET /ny/?q=leadership HTTP/1.1" 200 9472 "" "Mozilla/5.0 (X11; U; Linux i686; en-GB; rv:1.8.1.10) Gecko/20071126 Ubuntu/7.10 (gutsy) Firefox/2.0.0.10"
46.229.168.140 - - [03/Dec/2019:12:16:44 -0500] "GET /robots.txt HTTP/1.1" 410 375 "" "Mozilla/5.0 (compatible; SemrushBot/6~bl; +http://www.semrush.com/bot.html)"
46.229.168.130 - - [03/Dec/2019:12:16:44 -0500] "GET /_vti_cnf/ HTTP/1.1" 200 299 "" "Mozilla/5.0 (compatible; SemrushBot/6~bl; +http://www.semrush.com/bot.html)"
185.138.241.128 - - [03/Dec/2019:12:39:52 -0500] "GET /robots.txt HTTP/1.0" 410 375 "" "Mozilla/4.0 (compatible; Vagabondo/4.0/EU; http://www.wise-guys.nl/)"
185.138.241.128 - - [03/Dec/2019:12:39:52 -0500] "GET /logs/W2K3WEB3/ HTTP/1.1" 200 1050 "http://www.afglc.org/logs/" "Mozilla/4.0 (compatible; Vagabondo/4.0/EU; http://www.wise-guys.nl/)"
116.203.185.108 - - [03/Dec/2019:12:44:39 -0500] "GET /pages/leadership/hatsios.asp HTTP/1.1" 200 1482 "" "Mozilla/5.0 (X11; U; Linux i686; en-GB; rv:1.8.1.10) Gecko/20071126 Ubuntu/7.10 (gutsy) Firefox/2.0.0.10"
91.242.162.68 - - [03/Dec/2019:12:46:33 -0500] "GET /robots.txt HTTP/1.1" 410 375 "" "Mozilla/5.0 (compatible; Qwantify/2.4w; +https://www.qwant.com/)/2.4w"
116.203.185.108 - - [03/Dec/2019:12:50:02 -0500] "GET /ny/?q=leadership HTTP/1.1" 200 9472 "" "Mozilla/5.0 (X11; U; Linux i686; en-GB; rv:1.8.1.10) Gecko/20071126 Ubuntu/7.10 (gutsy) Firefox/2.0.0.10"
46.229.168.145 - - [03/Dec/2019:13:03:58 -0500] "GET /robots.txt HTTP/1.1" 410 375 "" "Mozilla/5.0 (compatible; SemrushBot/6~bl; +http://www.semrush.com/bot.html)"
46.229.168.131 - - [03/Dec/2019:13:03:58 -0500] "GET /oldwebsite2/edu.asp HTTP/1.1" 200 4852 "" "Mozilla/5.0 (compatible; SemrushBot/6~bl; +http://www.semrush.com/bot.html)"
46.119.183.152 - - [03/Dec/2019:13:07:20 -0500] "GET /pages/strat/ HTTP/1.1" 200 453 "https://sexpornotales.net/" "Mozilla/4.0 (compatible; MSIE 7.0b; Windows NT 6.0 ; .NET CLR 2.0.50215; SL Commerce Client v1.0; Tablet PC 2.0"
46.119.183.152 - - [03/Dec/2019:13:07:21 -0500] "GET /pages/strat/ HTTP/1.1" 200 453 "https://sexpornotales.net/" "Mozilla/4.0 (compatible; MSIE 7.0b; Windows NT 6.0 ; .NET CLR 2.0.50215; SL Commerce Client v1.0; Tablet PC 2.0"
46.119.183.152 - - [03/Dec/2019:13:07:22 -0500] "GET /pages/strat/ HTTP/1.1" 200 453 "https://sexpornotales.net/" "Mozilla/4.0 (compatible; MSIE 7.0b; Windows NT 6.0 ; .NET CLR 2.0.50215; SL Commerce Client v1.0; Tablet PC 2.0"
116.203.185.108 - - [03/Dec/2019:13:31:44 -0500] "GET /pages/leadership/hatsios.asp HTTP/1.1" 200 1482 "" "Mozilla/5.0 (X11; U; Linux i686; en-GB; rv:1.8.1.10) Gecko/20071126 Ubuntu/7.10 (gutsy) Firefox/2.0.0.10"
46.229.168.144 - - [03/Dec/2019:13:35:34 -0500] "GET /robots.txt HTTP/1.1" 410 375 "" "Mozilla/5.0 (compatible; SemrushBot/6~bl; +http://www.semrush.com/bot.html)"
46.229.168.129 - - [03/Dec/2019:13:35:34 -0500] "GET /ny/?q=meetings-and-minutes HTTP/1.1" 200 9173 "" "Mozilla/5.0 (compatible; SemrushBot/6~bl; +http://www.semrush.com/bot.html)"
116.203.185.108 - - [03/Dec/2019:13:50:38 -0500] "GET /ny/?q=leadership HTTP/1.1" 200 9472 "" "Mozilla/5.0 (X11; U; Linux i686; en-GB; rv:1.8.1.10) Gecko/20071126 Ubuntu/7.10 (gutsy) Firefox/2.0.0.10"
34.74.101.32 - - [03/Dec/2019:14:10:15 -0500] "GET /robots.txt HTTP/1.0" 410 375 "" "ZoominfoBot (zoominfobot at zoominfo dot com)"
34.74.101.32 - - [03/Dec/2019:14:10:15 -0500] "GET / HTTP/1.0" 200 4960 "" "ZoominfoBot (zoominfobot at zoominfo dot com)"
46.119.163.134 - - [03/Dec/2019:14:12:17 -0500] "GET /pages/strat/ HTTP/1.1" 200 453 "http://tabakur77.top/" "Mozilla/4.0 (compatible; MSIE 7.0b; Windows NT 6.0)"
46.119.163.134 - - [03/Dec/2019:14:12:18 -0500] "GET /pages/strat/ HTTP/1.1" 200 453 "http://tabakur77.top/" "Mozilla/4.0 (compatible; MSIE 7.0b; Windows NT 6.0)"
46.119.163.134 - - [03/Dec/2019:14:12:18 -0500] "GET /pages/strat/ HTTP/1.1" 200 453 "http://tabakur77.top/" "Mozilla/4.0 (compatible; MSIE 7.0b; Windows NT 6.0)"
34.74.101.32 - - [03/Dec/2019:14:23:13 -0500] "GET /robots.txt HTTP/1.0" 410 371 "" "ZoominfoBot (zoominfobot at zoominfo dot com)"
34.74.101.32 - - [03/Dec/2019:14:23:13 -0500] "GET / HTTP/1.0" 200 4956 "" "ZoominfoBot (zoominfobot at zoominfo dot com)"
46.229.168.149 - - [03/Dec/2019:14:34:44 -0500] "GET /robots.txt HTTP/1.1" 410 371 "" "Mozilla/5.0 (compatible; SemrushBot/6~bl; +http://www.semrush.com/bot.html)"
46.229.168.148 - - [03/Dec/2019:14:34:44 -0500] "GET /_vti_pvt/deptodoc.btr HTTP/1.1" 200 324 "" "Mozilla/5.0 (compatible; SemrushBot/6~bl; +http://www.semrush.com/bot.html)"
134.119.219.93 - - [03/Dec/2019:14:38:41 -0500] "GET / HTTP/1.1" 200 4960 "http://www.afglc.org" "Mozilla/5.0 (Windows NT 6.1; WOW64) AppleWebKit/537.36 (KHTML, like Gecko) Chrome/52.0.2743.116 Safari/537.36"
134.119.219.93 - - [03/Dec/2019:14:38:41 -0500] "GET /prog_forum_2005.pdf HTTP/1.1" 200 303387 "http://www.afglc.org" "Mozilla/5.0 (Windows NT 6.1; WOW64) AppleWebKit/537.36 (KHTML, like Gecko) Chrome/52.0.2743.116 Safari/537.36"
134.119.219.93 - - [03/Dec/2019:14:38:42 -0500] "GET /prog_forum_2005.pdf HTTP/1.1" 200 303387 "http://www.afglc.org" "Mozilla/5.0 (Windows NT 6.1; WOW64) AppleWebKit/537.36 (KHTML, like Gecko) Chrome/52.0.2743.116 Safari/537.36"
134.119.219.93 - - [03/Dec/2019:14:38:43 -0500] "GET /prog_forum_2005.pdf HTTP/1.1" 200 303387 "http://www.afglc.org/prog_forum_2005.pdf" "Mozilla/5.0 (Windows NT 6.1; WOW64) AppleWebKit/537.36 (KHTML, like Gecko) Chrome/52.0.2743.116 Safari/537.36"
134.119.219.93 - - [03/Dec/2019:14:38:44 -0500] "GET /prog_forum_2005.pdf HTTP/1.1" 200 303387 "http://www.afglc.org/prog_forum_2005.pdf" "Mozilla/5.0 (Windows NT 6.1; WOW64) AppleWebKit/537.36 (KHTML, like Gecko) Chrome/52.0.2743.116 Safari/537.36"
116.203.185.108 - - [03/Dec/2019:14:50:26 -0500] "GET /pages/leadership/hatsios.asp HTTP/1.1" 200 1482 "" "Mozilla/5.0 (X11; U; Linux i686; en-GB; rv:1.8.1.10) Gecko/20071126 Ubuntu/7.10 (gutsy) Firefox/2.0.0.10"
116.203.185.108 - - [03/Dec/2019:15:10:53 -0500] "GET /ny/?q=leadership HTTP/1.1" 200 9472 "" "Mozilla/5.0 (X11; U; Linux i686; en-GB; rv:1.8.1.10) Gecko/20071126 Ubuntu/7.10 (gutsy) Firefox/2.0.0.10"
66.249.88.140 - - [03/Dec/2019:15:16:19 -0500] "GET /pages/lead/tsokos.asp HTTP/1.1" 200 1257 "http://www.google.com/" "Mozilla/5.0 (Linux; Android 9; SM-G950U) AppleWebKit/537.36 (KHTML, like Gecko) Chrome/78.0.3904.108 Mobile Safari/537.36"
66.249.88.140 - - [03/Dec/2019:15:16:19 -0500] "GET /css/site.css HTTP/1.1" 404 280 "http://www.afglc.org/pages/lead/tsokos.asp" "Mozilla/5.0 (Linux; Android 9; SM-G950U) AppleWebKit/537.36 (KHTML, like Gecko) Chrome/78.0.3904.108 Mobile Safari/537.36"
66.249.88.143 - - [03/Dec/2019:15:16:20 -0500] "GET /favicon.ico HTTP/1.1" 410 376 "http://www.afglc.org/pages/lead/tsokos.asp" "Mozilla/5.0 (Linux; Android 9; SM-G950U) AppleWebKit/537.36 (KHTML, like Gecko) Chrome/78.0.3904.108 Mobile Safari/537.36"
35.196.194.37 - - [03/Dec/2019:15:29:13 -0500] "GET /robots.txt HTTP/1.0" 410 375 "" "ZoominfoBot (zoominfobot at zoominfo dot com)"
35.196.194.37 - - [03/Dec/2019:15:29:13 -0500] "GET / HTTP/1.0" 200 4960 "" "ZoominfoBot (zoominfobot at zoominfo dot com)"
157.245.211.141 - - [03/Dec/2019:15:35:46 -0500] "GET / HTTP/1.0" 200 4960 "" "Mozilla/5.0 (compatible; NetcraftSurveyAgent/1.0; +info@netcraft.com)"
46.229.168.163 - - [03/Dec/2019:15:39:45 -0500] "GET /robots.txt HTTP/1.1" 410 375 "" "Mozilla/5.0 (compatible; SemrushBot/6~bl; +http://www.semrush.com/bot.html)"
46.229.168.131 - - [03/Dec/2019:15:39:45 -0500] "GET /_vti_pvt/svcacl.cnf HTTP/1.1" 200 66 "" "Mozilla/5.0 (compatible; SemrushBot/6~bl; +http://www.semrush.com/bot.html)"
35.196.194.37 - - [03/Dec/2019:15:41:07 -0500] "GET /robots.txt HTTP/1.0" 410 371 "" "ZoominfoBot (zoominfobot at zoominfo dot com)"
35.196.194.37 - - [03/Dec/2019:15:41:07 -0500] "GET / HTTP/1.0" 200 4956 "" "ZoominfoBot (zoominfobot at zoominfo dot com)"
66.249.64.83 - - [03/Dec/2019:15:50:26 -0500] "GET /robots.txt HTTP/1.1" 410 371 "" "Mozilla/5.0 (compatible; Googlebot/2.1; +http://www.google.com/bot.html)"
66.249.64.83 - - [03/Dec/2019:15:50:26 -0500] "GET / HTTP/1.1" 200 4956 "" "Mozilla/5.0 (Linux; Android 6.0.1; Nexus 5X Build/MMB29P) AppleWebKit/537.36 (KHTML, like Gecko) Chrome/41.0.2272.96 Mobile Safari/537.36 (compatible; Googlebot/2.1; +http://www.google.com/bot.html)"
176.40.252.104 - - [03/Dec/2019:15:58:32 -0500] "GET / HTTP/1.1" 200 4956 "http://progressive-seo.com" "Mozilla/5.0 (Windows NT 6.1; WOW64) AppleWebKit/537.36 (KHTML, like Gecko) Chrome/36.0.1985.143 Safari/537.36"
116.203.185.108 - - [03/Dec/2019:16:11:30 -0500] "GET /pages/leadership/hatsios.asp HTTP/1.1" 200 1482 "" "Mozilla/5.0 (X11; U; Linux i686; en-GB; rv:1.8.1.10) Gecko/20071126 Ubuntu/7.10 (gutsy) Firefox/2.0.0.10"
116.203.185.108 - - [03/Dec/2019:16:31:16 -0500] "GET /ny/?q=leadership HTTP/1.1" 200 9472 "" "Mozilla/5.0 (X11; U; Linux i686; en-GB; rv:1.8.1.10) Gecko/20071126 Ubuntu/7.10 (gutsy) Firefox/2.0.0.10"
77.75.76.160 - - [03/Dec/2019:16:33:45 -0500] "GET /robots.txt HTTP/1.1" 410 375 "" "Mozilla/5.0 (compatible; SeznamBot/3.2; +http://napoveda.seznam.cz/en/seznambot-intro/)"
77.75.76.160 - - [03/Dec/2019:16:33:46 -0500] "GET /newsite/ HTTP/1.1" 304 - "" "Mozilla/5.0 (compatible; SeznamBot/3.2; +http://napoveda.seznam.cz/en/seznambot-intro/)"
46.229.168.152 - - [03/Dec/2019:16:42:30 -0500] "GET /robots.txt HTTP/1.1" 410 375 "" "Mozilla/5.0 (compatible; SemrushBot/6~bl; +http://www.semrush.com/bot.html)"
46.229.168.151 - - [03/Dec/2019:16:42:31 -0500] "GET /pages/leadership/governance_HQ.asp HTTP/1.1" 200 4067 "" "Mozilla/5.0 (compatible; SemrushBot/6~bl; +http://www.semrush.com/bot.html)"
134.119.219.93 - - [03/Dec/2019:16:53:07 -0500] "GET / HTTP/1.1" 200 4960 "http://www.afglc.org" "Mozilla/5.0 (Windows NT 6.1; WOW64) AppleWebKit/537.36 (KHTML, like Gecko) Chrome/52.0.2743.116 Safari/537.36"
134.119.219.93 - - [03/Dec/2019:16:53:07 -0500] "GET /prog_forum_2005.pdf HTTP/1.1" 200 303387 "http://www.afglc.org" "Mozilla/5.0 (Windows NT 6.1; WOW64) AppleWebKit/537.36 (KHTML, like Gecko) Chrome/52.0.2743.116 Safari/537.36"
134.119.219.93 - - [03/Dec/2019:16:53:08 -0500] "GET /prog_forum_2005.pdf HTTP/1.1" 200 303387 "http://www.afglc.org" "Mozilla/5.0 (Windows NT 6.1; WOW64) AppleWebKit/537.36 (KHTML, like Gecko) Chrome/52.0.2743.116 Safari/537.36"
134.119.219.93 - - [03/Dec/2019:16:53:09 -0500] "GET /prog_forum_2005.pdf HTTP/1.1" 200 303387 "http://www.afglc.org/prog_forum_2005.pdf" "Mozilla/5.0 (Windows NT 6.1; WOW64) AppleWebKit/537.36 (KHTML, like Gecko) Chrome/52.0.2743.116 Safari/537.36"
134.119.219.93 - - [03/Dec/2019:16:53:10 -0500] "GET /prog_forum_2005.pdf HTTP/1.1" 200 303387 "http://www.afglc.org/prog_forum_2005.pdf" "Mozilla/5.0 (Windows NT 6.1; WOW64) AppleWebKit/537.36 (KHTML, like Gecko) Chrome/52.0.2743.116 Safari/537.36"
49.184.212.206 - - [03/Dec/2019:17:02:45 -0500] "GET /Hnaraki_Green_Rhymes1_AFGLC_Forum_2010.pdf HTTP/1.1" 200 119514 "" "Mozilla/5.0 (iPhone; CPU iPhone OS 12_4_3 like Mac OS X) AppleWebKit/605.1.15 (KHTML, like Gecko) Version/12.1.2 Mobile/15E148 Safari/604.1"
49.184.212.206 - - [03/Dec/2019:17:02:46 -0500] "GET /apple-touch-icon-120x120-precomposed.png HTTP/1.1" 404 308 "" "MobileSafari/604.1 CFNetwork/978.0.7 Darwin/18.7.0"
49.184.212.206 - - [03/Dec/2019:17:02:47 -0500] "GET /apple-touch-icon-120x120.png HTTP/1.1" 404 296 "" "MobileSafari/604.1 CFNetwork/978.0.7 Darwin/18.7.0"
49.184.212.206 - - [03/Dec/2019:17:02:47 -0500] "GET /apple-touch-icon-precomposed.png HTTP/1.1" 404 300 "" "MobileSafari/604.1 CFNetwork/978.0.7 Darwin/18.7.0"
49.184.212.206 - - [03/Dec/2019:17:02:47 -0500] "GET /apple-touch-icon.png HTTP/1.1" 404 288 "" "MobileSafari/604.1 CFNetwork/978.0.7 Darwin/18.7.0"
49.184.212.206 - - [03/Dec/2019:17:02:48 -0500] "GET /favicon.ico HTTP/1.1" 410 376 "" "MobileSafari/604.1 CFNetwork/978.0.7 Darwin/18.7.0"
49.184.212.206 - - [03/Dec/2019:17:02:48 -0500] "GET /apple-touch-icon-120x120-precomposed.png HTTP/1.1" 404 308 "" "MobileSafari/604.1 CFNetwork/978.0.7 Darwin/18.7.0"
49.184.212.206 - - [03/Dec/2019:17:02:48 -0500] "GET /apple-touch-icon-120x120.png HTTP/1.1" 404 296 "" "MobileSafari/604.1 CFNetwork/978.0.7 Darwin/18.7.0"
49.184.212.206 - - [03/Dec/2019:17:02:49 -0500] "GET /apple-touch-icon-precomposed.png HTTP/1.1" 404 300 "" "MobileSafari/604.1 CFNetwork/978.0.7 Darwin/18.7.0"
49.184.212.206 - - [03/Dec/2019:17:02:49 -0500] "GET /apple-touch-icon.png HTTP/1.1" 404 288 "" "MobileSafari/604.1 CFNetwork/978.0.7 Darwin/18.7.0"
49.184.212.206 - - [03/Dec/2019:17:02:49 -0500] "GET /favicon.ico HTTP/1.1" 410 376 "" "MobileSafari/604.1 CFNetwork/978.0.7 Darwin/18.7.0"
216.244.66.234 - - [03/Dec/2019:17:06:45 -0500] "GET /robots.txt HTTP/1.1" 410 371 "" "Mozilla/5.0 (compatible; DotBot/1.1; http://www.opensiteexplorer.org/dotbot, help@moz.com)"
216.244.66.234 - - [03/Dec/2019:17:10:44 -0500] "GET /pages/news/pages/news/docs/clement_helen_pappas_professorship.pdf HTTP/1.1" 404 329 "" "Mozilla/5.0 (compatible; DotBot/1.1; http://www.opensiteexplorer.org/dotbot, help@moz.com)"
46.229.168.133 - - [03/Dec/2019:17:19:38 -0500] "GET /robots.txt HTTP/1.1" 410 375 "" "Mozilla/5.0 (compatible; SemrushBot/6~bl; +http://www.semrush.com/bot.html)"
46.229.168.162 - - [03/Dec/2019:17:19:38 -0500] "GET /pages/news/edumat.asp HTTP/1.1" 200 134 "" "Mozilla/5.0 (compatible; SemrushBot/6~bl; +http://www.semrush.com/bot.html)"
46.229.168.130 - - [03/Dec/2019:17:29:55 -0500] "GET /logs/W2K3WEB1/ HTTP/1.1" 200 1050 "" "Mozilla/5.0 (compatible; SemrushBot/6~bl; +http://www.semrush.com/bot.html)"
116.203.185.108 - - [03/Dec/2019:17:30:47 -0500] "GET /pages/leadership/hatsios.asp HTTP/1.1" 200 1482 "" "Mozilla/5.0 (X11; U; Linux i686; en-GB; rv:1.8.1.10) Gecko/20071126 Ubuntu/7.10 (gutsy) Firefox/2.0.0.10"
77.75.78.168 - - [03/Dec/2019:17:49:08 -0500] "GET /robots.txt HTTP/1.1" 410 375 "" "Mozilla/5.0 (compatible; SeznamBot/3.2; +http://napoveda.seznam.cz/en/seznambot-intro/)"
77.75.78.168 - - [03/Dec/2019:17:49:09 -0500] "GET /pages/events/events.asp HTTP/1.1" 200 760 "" "Mozilla/5.0 (compatible; SeznamBot/3.2; +http://napoveda.seznam.cz/en/seznambot-intro/)"
116.203.185.108 - - [03/Dec/2019:17:50:44 -0500] "GET /ny/?q=leadership HTTP/1.1" 200 9472 "" "Mozilla/5.0 (X11; U; Linux i686; en-GB; rv:1.8.1.10) Gecko/20071126 Ubuntu/7.10 (gutsy) Firefox/2.0.0.10"
116.203.185.108 - - [03/Dec/2019:18:51:25 -0500] "GET /pages/leadership/hatsios.asp HTTP/1.1" 200 1482 "" "Mozilla/5.0 (X11; U; Linux i686; en-GB; rv:1.8.1.10) Gecko/20071126 Ubuntu/7.10 (gutsy) Firefox/2.0.0.10"
46.229.168.138 - - [03/Dec/2019:18:51:26 -0500] "GET /robots.txt HTTP/1.1" 410 375 "" "Mozilla/5.0 (compatible; SemrushBot/6~bl; +http://www.semrush.com/bot.html)"
46.229.168.131 - - [03/Dec/2019:18:51:26 -0500] "GET /logs/W2K3WEB1/ex180114.log HTTP/1.1" 200 40603 "" "Mozilla/5.0 (compatible; SemrushBot/6~bl; +http://www.semrush.com/bot.html)"
46.119.163.134 - - [03/Dec/2019:18:51:35 -0500] "GET /pages/strat/ HTTP/1.1" 200 453 "https://azarttoto.com/" "Mozilla/4.0 (compatible; MSIE 6.0; Windows NT 5.1; .NET CLR 1.0.3705)"
46.119.163.134 - - [03/Dec/2019:18:51:35 -0500] "GET /pages/strat/ HTTP/1.1" 200 453 "https://azarttoto.com/" "Mozilla/4.0 (compatible; MSIE 6.0; Windows NT 5.1; .NET CLR 1.0.3705)"
46.119.163.134 - - [03/Dec/2019:18:51:36 -0500] "GET /pages/strat/ HTTP/1.1" 200 453 "https://azarttoto.com/" "Mozilla/4.0 (compatible; MSIE 6.0; Windows NT 5.1; .NET CLR 1.0.3705)"
123.126.113.152 - - [03/Dec/2019:18:58:45 -0500] "GET /robots.txt HTTP/1.1" 410 371 "" "Sogou web spider/4.0(+http://www.sogou.com/docs/help/webmasters.htm#07)"
123.126.113.152 - - [03/Dec/2019:18:59:12 -0500] "GET / HTTP/1.1" 200 4956 "" "Sogou web spider/4.0(+http://www.sogou.com/docs/help/webmasters.htm#07)"
58.250.125.107 - - [03/Dec/2019:19:10:44 -0500] "GET /robots.txt HTTP/1.1" 410 371 "" "Sogou web spider/4.0(+http://www.sogou.com/docs/help/webmasters.htm#07)"
58.250.125.107 - - [03/Dec/2019:19:10:45 -0500] "GET / HTTP/1.1" 200 4956 "" "Sogou web spider/4.0(+http://www.sogou.com/docs/help/webmasters.htm#07)"
207.46.13.118 - - [03/Dec/2019:19:12:39 -0500] "GET /pages/cent/miz/pr_missouri_2001.pdf HTTP/1.1" 200 19186 "" "Mozilla/5.0 (iPhone; CPU iPhone OS 7_0 like Mac OS X) AppleWebKit/537.51.1 (KHTML, like Gecko) Version/7.0 Mobile/11A465 Safari/9537.53 (compatible; bingbot/2.0; +http://www.bing.com/bingbot.htm)"
216.244.66.234 - - [03/Dec/2019:19:13:29 -0500] "GET /pages/menu/afglc.asp HTTP/1.1" 404 1635 "" "Mozilla/5.0 (compatible; DotBot/1.1; http://www.opensiteexplorer.org/dotbot, help@moz.com)"
157.55.39.88 - - [03/Dec/2019:19:13:41 -0500] "GET /robots.txt HTTP/1.1" 410 371 "" "msnbot/2.0b (+http://search.msn.com/msnbot.htm)"
46.229.168.141 - - [03/Dec/2019:19:16:22 -0500] "GET /robots.txt HTTP/1.1" 410 375 "" "Mozilla/5.0 (compatible; SemrushBot/6~bl; +http://www.semrush.com/bot.html)"
46.229.168.133 - - [03/Dec/2019:19:16:22 -0500] "GET /css/ HTTP/1.1" 200 319 "" "Mozilla/5.0 (compatible; SemrushBot/6~bl; +http://www.semrush.com/bot.html)"
116.203.185.108 - - [03/Dec/2019:19:28:47 -0500] "GET /ny/?q=leadership HTTP/1.1" 200 9472 "" "Mozilla/5.0 (X11; U; Linux i686; en-GB; rv:1.8.1.10) Gecko/20071126 Ubuntu/7.10 (gutsy) Firefox/2.0.0.10"
195.134.90.79 - - [03/Dec/2019:19:52:55 -0500] "HEAD / HTTP/1.1" 200 - "" "Mozilla/5.0 (compatible; MOSBookmarks/v2.6-Plus; Link Checker)"
46.229.168.140 - - [03/Dec/2019:20:10:52 -0500] "GET /robots.txt HTTP/1.1" 410 375 "" "Mozilla/5.0 (compatible; SemrushBot/6~bl; +http://www.semrush.com/bot.html)"
46.229.168.133 - - [03/Dec/2019:20:10:52 -0500] "GET /oldwebsite2/ HTTP/1.1" 200 3637 "" "Mozilla/5.0 (compatible; SemrushBot/6~bl; +http://www.semrush.com/bot.html)"
116.203.185.108 - - [03/Dec/2019:20:19:13 -0500] "GET /pages/leadership/hatsios.asp HTTP/1.1" 200 1482 "" "Mozilla/5.0 (X11; U; Linux i686; en-GB; rv:1.8.1.10) Gecko/20071126 Ubuntu/7.10 (gutsy) Firefox/2.0.0.10"
40.77.167.155 - - [03/Dec/2019:20:22:35 -0500] "GET /index_map.jpg HTTP/1.1" 200 127595 "" "Mozilla/5.0 (compatible; bingbot/2.0; +http://www.bing.com/bingbot.htm)"
116.203.185.108 - - [03/Dec/2019:20:36:29 -0500] "GET /ny/?q=leadership HTTP/1.1" 200 9472 "" "Mozilla/5.0 (X11; U; Linux i686; en-GB; rv:1.8.1.10) Gecko/20071126 Ubuntu/7.10 (gutsy) Firefox/2.0.0.10"
66.249.64.253 - - [03/Dec/2019:20:57:39 -0500] "GET /robots.txt HTTP/1.1" 410 375 "" "Mozilla/5.0 (compatible; Googlebot/2.1; +http://www.google.com/bot.html)"
66.249.64.251 - - [03/Dec/2019:20:57:39 -0500] "GET /?page=partners HTTP/1.1" 200 4960 "" "Mozilla/5.0 (Linux; Android 6.0.1; Nexus 5X Build/MMB29P) AppleWebKit/537.36 (KHTML, like Gecko) Chrome/41.0.2272.96 Mobile Safari/537.36 (compatible; Googlebot/2.1; +http://www.google.com/bot.html)"
66.249.64.253 - - [03/Dec/2019:20:58:58 -0500] "GET /?page=del HTTP/1.1" 200 4960 "" "Mozilla/5.0 (Linux; Android 6.0.1; Nexus 5X Build/MMB29P) AppleWebKit/537.36 (KHTML, like Gecko) Chrome/41.0.2272.96 Mobile Safari/537.36 (compatible; Googlebot/2.1; +http://www.google.com/bot.html)"
66.249.64.226 - - [03/Dec/2019:21:01:45 -0500] "GET /?page=scholarships HTTP/1.1" 200 4960 "" "Mozilla/5.0 (Linux; Android 6.0.1; Nexus 5X Build/MMB29P) AppleWebKit/537.36 (KHTML, like Gecko) Chrome/41.0.2272.96 Mobile Safari/537.36 (compatible; Googlebot/2.1; +http://www.google.com/bot.html)"
