191.96.95.97 - - [07/Feb/2019:00:22:12 -0500] "GET / HTTP/1.1" 200 4956 "" "Mozilla/5.0 (Macintosh; Intel Mac OS X 10_12_5) AppleWebKit/537.36 (KHTML, like Gecko) Chrome/58.0.3029.110 Safari/537.36"
216.244.66.234 - - [07/Feb/2019:00:25:52 -0500] "GET /robots.txt HTTP/1.1" 410 375 "" "Mozilla/5.0 (compatible; DotBot/1.1; http://www.opensiteexplorer.org/dotbot, help@moz.com)"
216.244.66.234 - - [07/Feb/2019:00:25:52 -0500] "GET /robots.txt HTTP/1.1" 410 371 "" "Mozilla/5.0 (compatible; DotBot/1.1; http://www.opensiteexplorer.org/dotbot, help@moz.com)"
121.42.143.123 - - [07/Feb/2019:00:34:42 -0500] "GET /wp-login.php HTTP/1.1" 404 280 "" "Apache-HttpClient/4.5.2 (Java/1.8.0_151)"
121.42.143.123 - - [07/Feb/2019:00:34:42 -0500] "GET /?author=1 HTTP/1.1" 200 4960 "" "Apache-HttpClient/4.5.2 (Java/1.8.0_151)"
121.42.143.123 - - [07/Feb/2019:00:34:42 -0500] "GET /?author=2 HTTP/1.1" 200 4960 "" "Apache-HttpClient/4.5.2 (Java/1.8.0_151)"
121.42.143.123 - - [07/Feb/2019:00:34:43 -0500] "GET /?author=3 HTTP/1.1" 200 4960 "" "Apache-HttpClient/4.5.2 (Java/1.8.0_151)"
121.42.143.123 - - [07/Feb/2019:00:34:43 -0500] "GET /?author=4 HTTP/1.1" 200 4960 "" "Apache-HttpClient/4.5.2 (Java/1.8.0_151)"
121.42.143.123 - - [07/Feb/2019:00:34:43 -0500] "GET /?author=5 HTTP/1.1" 200 4960 "" "Apache-HttpClient/4.5.2 (Java/1.8.0_151)"
121.42.143.123 - - [07/Feb/2019:00:34:43 -0500] "GET /?author=6 HTTP/1.1" 200 4960 "" "Apache-HttpClient/4.5.2 (Java/1.8.0_151)"
121.42.143.123 - - [07/Feb/2019:00:34:44 -0500] "GET /?author=7 HTTP/1.1" 200 4960 "" "Apache-HttpClient/4.5.2 (Java/1.8.0_151)"
121.42.143.123 - - [07/Feb/2019:00:34:44 -0500] "GET /?author=8 HTTP/1.1" 200 4960 "" "Apache-HttpClient/4.5.2 (Java/1.8.0_151)"
121.42.143.123 - - [07/Feb/2019:00:34:44 -0500] "GET /?author=9 HTTP/1.1" 200 4960 "" "Apache-HttpClient/4.5.2 (Java/1.8.0_151)"
121.42.143.123 - - [07/Feb/2019:00:34:45 -0500] "GET /?author=10 HTTP/1.1" 200 4960 "" "Apache-HttpClient/4.5.2 (Java/1.8.0_151)"
121.42.143.123 - - [07/Feb/2019:00:34:45 -0500] "GET /?author=11 HTTP/1.1" 200 4960 "" "Apache-HttpClient/4.5.2 (Java/1.8.0_151)"
121.42.143.123 - - [07/Feb/2019:00:34:45 -0500] "GET /?author=12 HTTP/1.1" 200 4960 "" "Apache-HttpClient/4.5.2 (Java/1.8.0_151)"
121.42.143.123 - - [07/Feb/2019:00:34:45 -0500] "GET /?author=13 HTTP/1.1" 200 4960 "" "Apache-HttpClient/4.5.2 (Java/1.8.0_151)"
121.42.143.123 - - [07/Feb/2019:00:34:46 -0500] "GET /?author=14 HTTP/1.1" 200 4960 "" "Apache-HttpClient/4.5.2 (Java/1.8.0_151)"
121.42.143.123 - - [07/Feb/2019:00:34:46 -0500] "GET /?author=15 HTTP/1.1" 200 4960 "" "Apache-HttpClient/4.5.2 (Java/1.8.0_151)"
180.76.15.144 - - [07/Feb/2019:01:09:28 -0500] "GET /pages/news/docs/AFGLC_ICHS_Conference_2008g_final22.pdf HTTP/1.1" 200 173673 "" "Mozilla/5.0 (compatible; Baiduspider/2.0; +http://www.baidu.com/search/spider.html)"
216.244.66.234 - - [07/Feb/2019:01:13:28 -0500] "GET /robots.txt HTTP/1.1" 410 371 "" "Mozilla/5.0 (compatible; DotBot/1.1; http://www.opensiteexplorer.org/dotbot, help@moz.com)"
167.179.132.173 - - [07/Feb/2019:01:15:44 -0500] "GET /Hnaraki_Green_Rhymes1_AFGLC_Forum_2010.pdf HTTP/1.1" 200 119514 "" "Mozilla/5.0 (iPhone; CPU iPhone OS 12_1_2 like Mac OS X) AppleWebKit/605.1.15 (KHTML, like Gecko) Version/12.0 Mobile/15E148 Safari/604.1"
167.179.132.173 - - [07/Feb/2019:01:15:45 -0500] "GET /apple-touch-icon-120x120-precomposed.png HTTP/1.1" 404 308 "" "MobileSafari/604.1 CFNetwork/976 Darwin/18.2.0"
167.179.132.173 - - [07/Feb/2019:01:15:45 -0500] "GET /apple-touch-icon-120x120.png HTTP/1.1" 404 296 "" "MobileSafari/604.1 CFNetwork/976 Darwin/18.2.0"
167.179.132.173 - - [07/Feb/2019:01:15:46 -0500] "GET /apple-touch-icon-precomposed.png HTTP/1.1" 404 300 "" "MobileSafari/604.1 CFNetwork/976 Darwin/18.2.0"
167.179.132.173 - - [07/Feb/2019:01:15:46 -0500] "GET /apple-touch-icon.png HTTP/1.1" 404 288 "" "MobileSafari/604.1 CFNetwork/976 Darwin/18.2.0"
167.179.132.173 - - [07/Feb/2019:01:15:46 -0500] "GET /favicon.ico HTTP/1.1" 410 376 "" "MobileSafari/604.1 CFNetwork/976 Darwin/18.2.0"
167.179.132.173 - - [07/Feb/2019:01:15:47 -0500] "GET /apple-touch-icon-120x120-precomposed.png HTTP/1.1" 404 308 "" "MobileSafari/604.1 CFNetwork/976 Darwin/18.2.0"
167.179.132.173 - - [07/Feb/2019:01:15:47 -0500] "GET /apple-touch-icon-120x120.png HTTP/1.1" 404 296 "" "MobileSafari/604.1 CFNetwork/976 Darwin/18.2.0"
167.179.132.173 - - [07/Feb/2019:01:15:47 -0500] "GET /apple-touch-icon-precomposed.png HTTP/1.1" 404 300 "" "MobileSafari/604.1 CFNetwork/976 Darwin/18.2.0"
167.179.132.173 - - [07/Feb/2019:01:15:47 -0500] "GET /apple-touch-icon.png HTTP/1.1" 404 288 "" "MobileSafari/604.1 CFNetwork/976 Darwin/18.2.0"
167.179.132.173 - - [07/Feb/2019:01:15:48 -0500] "GET /favicon.ico HTTP/1.1" 410 376 "" "MobileSafari/604.1 CFNetwork/976 Darwin/18.2.0"
46.99.176.83 - - [07/Feb/2019:01:22:06 -0500] "GET /logs/ex20180829.log HTTP/1.1" 404 287 "http://buspar10.com" "Mozilla/5.0 (Windows NT 6.1; Win64; x64) AppleWebKit/537.36 (KHTML, like Gecko) Chrome/70.0.3538.110 Safari/537.36"
216.244.66.234 - - [07/Feb/2019:02:01:09 -0500] "GET /robots.txt HTTP/1.1" 410 375 "" "Mozilla/5.0 (compatible; DotBot/1.1; http://www.opensiteexplorer.org/dotbot, help@moz.com)"
216.244.66.234 - - [07/Feb/2019:02:01:09 -0500] "GET /robots.txt HTTP/1.1" 410 371 "" "Mozilla/5.0 (compatible; DotBot/1.1; http://www.opensiteexplorer.org/dotbot, help@moz.com)"
34.73.170.49 - - [07/Feb/2019:02:02:49 -0500] "GET /robots.txt HTTP/1.0" 410 375 "" "ZoominfoBot (zoominfobot at zoominfo dot com)"
34.73.170.49 - - [07/Feb/2019:02:02:49 -0500] "GET / HTTP/1.0" 200 4960 "" "ZoominfoBot (zoominfobot at zoominfo dot com)"
66.249.64.186 - - [07/Feb/2019:02:03:46 -0500] "GET /pages/leadership/structure.jpg HTTP/1.1" 304 - "" "Googlebot-Image/1.0"
40.77.167.60 - - [07/Feb/2019:02:24:37 -0500] "GET /pages/leadership/balis.jpg HTTP/1.1" 200 12147 "" "Mozilla/5.0 (compatible; bingbot/2.0; +http://www.bing.com/bingbot.htm)"
34.73.170.49 - - [07/Feb/2019:02:36:09 -0500] "GET /robots.txt HTTP/1.0" 410 371 "" "ZoominfoBot (zoominfobot at zoominfo dot com)"
34.73.170.49 - - [07/Feb/2019:02:36:09 -0500] "GET / HTTP/1.0" 200 4956 "" "ZoominfoBot (zoominfobot at zoominfo dot com)"
66.160.140.183 - - [07/Feb/2019:02:48:13 -0500] "GET /robots.txt HTTP/1.1" 410 375 "" "The Knowledge AI"
66.160.140.183 - - [07/Feb/2019:02:48:13 -0500] "GET / HTTP/1.1" 200 4960 "" "The Knowledge AI"
216.244.66.234 - - [07/Feb/2019:02:48:40 -0500] "GET /robots.txt HTTP/1.1" 410 371 "" "Mozilla/5.0 (compatible; DotBot/1.1; http://www.opensiteexplorer.org/dotbot, help@moz.com)"
216.244.66.234 - - [07/Feb/2019:02:48:40 -0500] "GET /robots.txt HTTP/1.1" 410 375 "" "Mozilla/5.0 (compatible; DotBot/1.1; http://www.opensiteexplorer.org/dotbot, help@moz.com)"
66.249.64.162 - - [07/Feb/2019:02:57:23 -0500] "GET /robots.txt HTTP/1.1" 410 371 "" "Mozilla/5.0 (compatible; Googlebot/2.1; +http://www.google.com/bot.html)"
66.249.64.162 - - [07/Feb/2019:02:57:23 -0500] "GET / HTTP/1.1" 200 4956 "" "Mozilla/5.0 (Linux; Android 6.0.1; Nexus 5X Build/MMB29P) AppleWebKit/537.36 (KHTML, like Gecko) Chrome/41.0.2272.96 Mobile Safari/537.36 (compatible; Googlebot/2.1; +http://www.google.com/bot.html)"
103.218.169.248 - - [07/Feb/2019:02:57:52 -0500] "GET / HTTP/1.1" 200 4960 "" "Mozilla/5.0 (compatible; MSIE 9.0; Windows NT 6.1; Trident/5.0)"
13.66.139.1 - - [07/Feb/2019:03:08:07 -0500] "GET /robots.txt HTTP/1.1" 410 375 "" "Mozilla/5.0 (compatible; bingbot/2.0; +http://www.bing.com/bingbot.htm)"
13.66.139.0 - - [07/Feb/2019:03:08:11 -0500] "GET /AFGLC_Newsletter_Summer_2009.pdf HTTP/1.1" 200 2032785 "" "Mozilla/5.0 (compatible; bingbot/2.0; +http://www.bing.com/bingbot.htm)"
207.46.13.195 - - [07/Feb/2019:03:08:21 -0500] "GET /robots.txt HTTP/1.1" 410 375 "" "Mozilla/5.0 (compatible; bingbot/2.0; +http://www.bing.com/bingbot.htm)"
66.249.64.182 - - [07/Feb/2019:03:14:47 -0500] "GET /logs/ex20190128.log HTTP/1.1" 200 51405 "" "Mozilla/5.0 (Linux; Android 6.0.1; Nexus 5X Build/MMB29P) AppleWebKit/537.36 (KHTML, like Gecko) Chrome/41.0.2272.96 Mobile Safari/537.36 (compatible; Googlebot/2.1; +http://www.google.com/bot.html)"
66.249.64.184 - - [07/Feb/2019:03:19:24 -0500] "GET /logs/ex20190125.log HTTP/1.1" 200 54436 "" "Mozilla/5.0 (Linux; Android 6.0.1; Nexus 5X Build/MMB29P) AppleWebKit/537.36 (KHTML, like Gecko) Chrome/41.0.2272.96 Mobile Safari/537.36 (compatible; Googlebot/2.1; +http://www.google.com/bot.html)"
66.249.64.186 - - [07/Feb/2019:03:24:01 -0500] "GET /logs/ex20190131.log HTTP/1.1" 200 79624 "" "Mozilla/5.0 (Linux; Android 6.0.1; Nexus 5X Build/MMB29P) AppleWebKit/537.36 (KHTML, like Gecko) Chrome/41.0.2272.96 Mobile Safari/537.36 (compatible; Googlebot/2.1; +http://www.google.com/bot.html)"
64.202.160.250 - - [07/Feb/2019:03:26:57 -0500] "GET / HTTP/1.1" 200 4956 "" "Mozilla/5.0 (Windows NT 10.0; Win64; x64) AppleWebKit/537.36(KHTML, like Gecko) Chrome/70.0.3538.77 Safari/537.36"
216.244.66.234 - - [07/Feb/2019:03:36:15 -0500] "GET /robots.txt HTTP/1.1" 410 375 "" "Mozilla/5.0 (compatible; DotBot/1.1; http://www.opensiteexplorer.org/dotbot, help@moz.com)"
216.244.66.234 - - [07/Feb/2019:03:36:15 -0500] "GET /robots.txt HTTP/1.1" 410 371 "" "Mozilla/5.0 (compatible; DotBot/1.1; http://www.opensiteexplorer.org/dotbot, help@moz.com)"
35.231.27.112 - - [07/Feb/2019:03:42:59 -0500] "GET /robots.txt HTTP/1.0" 410 375 "" "ZoominfoBot (zoominfobot at zoominfo dot com)"
35.231.27.112 - - [07/Feb/2019:03:42:59 -0500] "GET /pages/ HTTP/1.0" 200 1149 "" "ZoominfoBot (zoominfobot at zoominfo dot com)"
35.231.27.112 - - [07/Feb/2019:03:45:52 -0500] "GET /robots.txt HTTP/1.0" 410 371 "" "ZoominfoBot (zoominfobot at zoominfo dot com)"
35.231.27.112 - - [07/Feb/2019:03:45:52 -0500] "GET /_vti_cnf/ HTTP/1.0" 200 299 "" "ZoominfoBot (zoominfobot at zoominfo dot com)"
180.76.15.162 - - [07/Feb/2019:03:46:04 -0500] "GET / HTTP/1.1" 200 4960 "" "Mozilla/5.0 (compatible; Baiduspider/2.0; +http://www.baidu.com/search/spider.html)"
46.119.114.4 - - [07/Feb/2019:03:48:13 -0500] "GET /php.root/ HTTP/1.1" 200 285 "https://draniki.org/" "Mozilla/4.0 (compatible; MSIE 4.01; Digital AlphaServer 1000A 4/233; Windows NT; Powered By 64-Bit Alpha Processor)"
46.119.114.4 - - [07/Feb/2019:03:48:14 -0500] "GET /php.root/ HTTP/1.1" 200 285 "https://draniki.org/" "Mozilla/4.0 (compatible; MSIE 4.01; Digital AlphaServer 1000A 4/233; Windows NT; Powered By 64-Bit Alpha Processor)"
46.119.114.4 - - [07/Feb/2019:03:48:15 -0500] "GET /php.root/ HTTP/1.1" 200 285 "https://draniki.org/" "Mozilla/4.0 (compatible; MSIE 4.01; Digital AlphaServer 1000A 4/233; Windows NT; Powered By 64-Bit Alpha Processor)"
35.231.27.112 - - [07/Feb/2019:03:49:50 -0500] "GET /pages/ HTTP/1.0" 200 1145 "" "ZoominfoBot (zoominfobot at zoominfo dot com)"
35.231.27.112 - - [07/Feb/2019:03:53:27 -0500] "GET /img/ HTTP/1.0" 200 1099 "" "ZoominfoBot (zoominfobot at zoominfo dot com)"
35.231.27.112 - - [07/Feb/2019:03:53:38 -0500] "GET /aspnet_client/ HTTP/1.0" 403 218 "" "ZoominfoBot (zoominfobot at zoominfo dot com)"
35.231.27.112 - - [07/Feb/2019:03:54:47 -0500] "GET /js/ HTTP/1.0" 200 431 "" "ZoominfoBot (zoominfobot at zoominfo dot com)"
35.231.27.112 - - [07/Feb/2019:04:02:08 -0500] "GET /js/ HTTP/1.0" 200 435 "" "ZoominfoBot (zoominfobot at zoominfo dot com)"
46.229.168.139 - - [07/Feb/2019:04:05:22 -0500] "GET /robots.txt HTTP/1.1" 410 375 "" "Mozilla/5.0 (compatible; SemrushBot/3~bl; +http://www.semrush.com/bot.html)"
46.229.168.148 - - [07/Feb/2019:04:05:23 -0500] "GET /logs/ex20181106.log HTTP/1.1" 404 287 "" "Mozilla/5.0 (compatible; SemrushBot/3~bl; +http://www.semrush.com/bot.html)"
218.30.103.154 - - [07/Feb/2019:04:08:09 -0500] "GET /robots.txt HTTP/1.1" 410 371 "" "Sogou web spider/4.0(+http://www.sogou.com/docs/help/webmasters.htm#07)"
218.30.103.154 - - [07/Feb/2019:04:08:13 -0500] "GET / HTTP/1.1" 200 4956 "" "Sogou web spider/4.0(+http://www.sogou.com/docs/help/webmasters.htm#07)"
35.231.27.112 - - [07/Feb/2019:04:08:46 -0500] "GET /ny/ HTTP/1.0" 200 9678 "" "ZoominfoBot (zoominfobot at zoominfo dot com)"
35.231.27.112 - - [07/Feb/2019:04:13:24 -0500] "GET /css/ HTTP/1.0" 200 315 "" "ZoominfoBot (zoominfobot at zoominfo dot com)"
216.244.66.234 - - [07/Feb/2019:04:24:04 -0500] "GET /robots.txt HTTP/1.1" 410 375 "" "Mozilla/5.0 (compatible; DotBot/1.1; http://www.opensiteexplorer.org/dotbot, help@moz.com)"
216.244.66.234 - - [07/Feb/2019:04:24:04 -0500] "GET /robots.txt HTTP/1.1" 410 371 "" "Mozilla/5.0 (compatible; DotBot/1.1; http://www.opensiteexplorer.org/dotbot, help@moz.com)"
46.118.122.207 - - [07/Feb/2019:04:26:09 -0500] "GET /php.root/ HTTP/1.1" 200 285 "http://bestfortraders.com/" "Mozilla/4.0 (compatible; MSIE 6.0; Windows NT 5.0)"
46.118.122.207 - - [07/Feb/2019:04:26:09 -0500] "GET /php.root/ HTTP/1.1" 200 285 "http://bestfortraders.com/" "Mozilla/4.0 (compatible; MSIE 6.0; Windows NT 5.0)"
46.118.122.207 - - [07/Feb/2019:04:26:10 -0500] "GET /php.root/ HTTP/1.1" 200 285 "http://bestfortraders.com/" "Mozilla/4.0 (compatible; MSIE 6.0; Windows NT 5.0)"
35.231.27.112 - - [07/Feb/2019:04:27:38 -0500] "GET /newsite/ HTTP/1.0" 200 3715 "" "ZoominfoBot (zoominfobot at zoominfo dot com)"
35.231.27.112 - - [07/Feb/2019:04:29:12 -0500] "GET /img/ HTTP/1.0" 200 1103 "" "ZoominfoBot (zoominfobot at zoominfo dot com)"
35.231.27.112 - - [07/Feb/2019:04:34:00 -0500] "GET /_vti_script/ HTTP/1.0" 200 287 "" "ZoominfoBot (zoominfobot at zoominfo dot com)"
207.46.13.195 - - [07/Feb/2019:04:34:27 -0500] "GET /PRES_MSG_EL_6_28_08.doc HTTP/1.1" 200 215040 "" "Mozilla/5.0 (compatible; bingbot/2.0; +http://www.bing.com/bingbot.htm)"
35.231.27.112 - - [07/Feb/2019:04:37:44 -0500] "GET /oldwebsite2/ HTTP/1.0" 200 3637 "" "ZoominfoBot (zoominfobot at zoominfo dot com)"
79.103.86.254 - - [07/Feb/2019:04:46:07 -0500] "GET /wp-login.php HTTP/1.1" 404 280 "" "Mozilla/5.0 (Windows NT 6.1; WOW64; rv:40.0) Gecko/20100101 Firefox/40.1"
79.103.86.254 - - [07/Feb/2019:04:46:07 -0500] "GET / HTTP/1.1" 200 4960 "" "Mozilla/5.0 (Windows NT 6.1; WOW64; rv:40.0) Gecko/20100101 Firefox/40.1"
60.191.38.77 - - [07/Feb/2019:04:49:21 -0500] "GET / HTTP/1.1" 200 4960 "" "Mozilla/5.0 (Macintosh; Intel Mac OS X 10.11; rv:47.0) Gecko/20100101 Firefox/47.0"
35.231.27.112 - - [07/Feb/2019:04:51:48 -0500] "GET /images/ HTTP/1.0" 200 1907 "" "ZoominfoBot (zoominfobot at zoominfo dot com)"
35.231.27.112 - - [07/Feb/2019:04:51:57 -0500] "GET /newsite/ HTTP/1.0" 200 3715 "" "ZoominfoBot (zoominfobot at zoominfo dot com)"
35.231.27.112 - - [07/Feb/2019:04:57:37 -0500] "GET /ny/ HTTP/1.0" 200 9678 "" "ZoominfoBot (zoominfobot at zoominfo dot com)"
35.231.27.112 - - [07/Feb/2019:04:58:03 -0500] "GET /_vti_txt/ HTTP/1.0" 200 285 "" "ZoominfoBot (zoominfobot at zoominfo dot com)"
46.119.122.127 - - [07/Feb/2019:05:01:05 -0500] "GET /php.root/ HTTP/1.1" 200 285 "https://drev.biz/" "Mozilla/4.0 (compatible; MSIE 5.5; Windows NT 4.0; .NET CLR 1.0.2914)"
46.119.122.127 - - [07/Feb/2019:05:01:06 -0500] "GET /php.root/ HTTP/1.1" 200 285 "https://drev.biz/" "Mozilla/4.0 (compatible; MSIE 5.5; Windows NT 4.0; .NET CLR 1.0.2914)"
46.119.122.127 - - [07/Feb/2019:05:01:06 -0500] "GET /php.root/ HTTP/1.1" 200 285 "https://drev.biz/" "Mozilla/4.0 (compatible; MSIE 5.5; Windows NT 4.0; .NET CLR 1.0.2914)"
40.77.167.60 - - [07/Feb/2019:05:03:16 -0500] "GET /index.asp HTTP/1.1" 200 7520 "" "Mozilla/5.0 (compatible; bingbot/2.0; +http://www.bing.com/bingbot.htm)"
216.244.66.234 - - [07/Feb/2019:05:11:28 -0500] "GET /robots.txt HTTP/1.1" 410 371 "" "Mozilla/5.0 (compatible; DotBot/1.1; http://www.opensiteexplorer.org/dotbot, help@moz.com)"
35.231.27.112 - - [07/Feb/2019:05:13:35 -0500] "GET /images/ HTTP/1.0" 200 1911 "" "ZoominfoBot (zoominfobot at zoominfo dot com)"
46.119.122.127 - - [07/Feb/2019:05:28:04 -0500] "GET /php.root/ HTTP/1.1" 200 285 "https://french-poetry.com/" "Mozilla/4.0 (compatible; MSIE 6.0; Windows NT 5.2; WOW64; SV1; .NET CLR 2.0.50727)"
46.119.122.127 - - [07/Feb/2019:05:28:05 -0500] "GET /php.root/ HTTP/1.1" 200 285 "https://french-poetry.com/" "Mozilla/4.0 (compatible; MSIE 6.0; Windows NT 5.2; WOW64; SV1; .NET CLR 2.0.50727)"
46.119.122.127 - - [07/Feb/2019:05:28:06 -0500] "GET /php.root/ HTTP/1.1" 200 285 "https://french-poetry.com/" "Mozilla/4.0 (compatible; MSIE 6.0; Windows NT 5.2; WOW64; SV1; .NET CLR 2.0.50727)"
216.244.66.234 - - [07/Feb/2019:05:59:01 -0500] "GET /robots.txt HTTP/1.1" 410 375 "" "Mozilla/5.0 (compatible; DotBot/1.1; http://www.opensiteexplorer.org/dotbot, help@moz.com)"
216.244.66.234 - - [07/Feb/2019:05:59:01 -0500] "GET /robots.txt HTTP/1.1" 410 371 "" "Mozilla/5.0 (compatible; DotBot/1.1; http://www.opensiteexplorer.org/dotbot, help@moz.com)"
47.198.14.122 - - [07/Feb/2019:06:25:39 -0500] "GET /images/Kimberly_Felos_Monet_Bridge_2.jpg HTTP/1.1" 200 355120 "" "Mozilla/5.0 (Windows NT 6.1; WOW64; Trident/7.0; rv:11.0) like Gecko"
66.249.64.189 - - [07/Feb/2019:06:32:36 -0500] "GET /aspnet_client HTTP/1.1" 403 218 "" "Mozilla/5.0 (Linux; Android 6.0.1; Nexus 5X Build/MMB29P) AppleWebKit/537.36 (KHTML, like Gecko) Chrome/41.0.2272.96 Mobile Safari/537.36 (compatible; Googlebot/2.1; +http://www.google.com/bot.html)"
207.46.13.214 - - [07/Feb/2019:06:42:22 -0500] "GET /AFGLC_Epiphany_Concert_2010.pdf HTTP/1.1" 200 3037001 "" "Mozilla/5.0 (compatible; bingbot/2.0; +http://www.bing.com/bingbot.htm)"
216.244.66.234 - - [07/Feb/2019:06:46:20 -0500] "GET /robots.txt HTTP/1.1" 410 371 "" "Mozilla/5.0 (compatible; DotBot/1.1; http://www.opensiteexplorer.org/dotbot, help@moz.com)"
216.244.66.234 - - [07/Feb/2019:06:46:20 -0500] "GET /robots.txt HTTP/1.1" 410 375 "" "Mozilla/5.0 (compatible; DotBot/1.1; http://www.opensiteexplorer.org/dotbot, help@moz.com)"
66.249.64.186 - - [07/Feb/2019:06:47:46 -0500] "GET /robots.txt HTTP/1.1" 410 375 "" "Mozilla/5.0 (compatible; Googlebot/2.1; +http://www.google.com/bot.html)"
66.249.64.186 - - [07/Feb/2019:06:47:46 -0500] "GET /favicon.ico HTTP/1.1" 410 376 "" "Mozilla/5.0 (Linux; Android 6.0.1; Nexus 5X Build/MMB29P) AppleWebKit/537.36 (KHTML, like Gecko) Chrome/41.0.2272.96 Mobile Safari/537.36 (compatible; Googlebot/2.1; +http://www.google.com/bot.html)"
148.251.237.246 - - [07/Feb/2019:06:51:50 -0500] "GET /pages/foru/AFGLC_Greek_Forum_2013.pdf HTTP/1.1" 200 6759342 "" "Mozilla/5.0 (Windows NT 6.1; Win64; x64; rv:57.0) Gecko/20100101 Firefox/57.0"
95.216.96.170 - - [07/Feb/2019:07:06:26 -0500] "GET /robots.txt HTTP/1.1" 410 371 "" "Mozilla/5.0 (compatible; SEOkicks; +https://www.seokicks.de/robot.html)"
95.216.96.170 - - [07/Feb/2019:07:06:26 -0500] "GET /robots.txt HTTP/1.1" 410 375 "" "Mozilla/5.0 (compatible; SEOkicks; +https://www.seokicks.de/robot.html)"
95.216.96.170 - - [07/Feb/2019:07:06:27 -0500] "GET / HTTP/1.1" 200 4956 "" "Mozilla/5.0 (compatible; SEOkicks; +https://www.seokicks.de/robot.html)"
95.216.96.170 - - [07/Feb/2019:07:06:27 -0500] "GET / HTTP/1.1" 200 4960 "" "Mozilla/5.0 (compatible; SEOkicks; +https://www.seokicks.de/robot.html)"
95.216.96.170 - - [07/Feb/2019:07:06:34 -0500] "GET /_vti_cnf/ HTTP/1.1" 200 299 "http://afglc.org/" "Mozilla/5.0 (compatible; SEOkicks; +https://www.seokicks.de/robot.html)"
95.216.96.170 - - [07/Feb/2019:07:06:34 -0500] "GET /_vti_cnf/ HTTP/1.1" 200 299 "http://www.afglc.org/" "Mozilla/5.0 (compatible; SEOkicks; +https://www.seokicks.de/robot.html)"
95.216.96.170 - - [07/Feb/2019:07:06:35 -0500] "GET /_vti_pvt/ HTTP/1.1" 200 1443 "http://afglc.org/" "Mozilla/5.0 (compatible; SEOkicks; +https://www.seokicks.de/robot.html)"
95.216.96.170 - - [07/Feb/2019:07:06:35 -0500] "GET /_vti_pvt/ HTTP/1.1" 200 1447 "http://www.afglc.org/" "Mozilla/5.0 (compatible; SEOkicks; +https://www.seokicks.de/robot.html)"
95.216.96.170 - - [07/Feb/2019:07:06:36 -0500] "GET /_vti_script/ HTTP/1.1" 200 287 "http://afglc.org/" "Mozilla/5.0 (compatible; SEOkicks; +https://www.seokicks.de/robot.html)"
95.216.96.170 - - [07/Feb/2019:07:06:36 -0500] "GET /_vti_script/ HTTP/1.1" 200 291 "http://www.afglc.org/" "Mozilla/5.0 (compatible; SEOkicks; +https://www.seokicks.de/robot.html)"
95.216.96.170 - - [07/Feb/2019:07:06:37 -0500] "GET /_vti_txt/ HTTP/1.1" 200 285 "http://www.afglc.org/" "Mozilla/5.0 (compatible; SEOkicks; +https://www.seokicks.de/robot.html)"
95.216.96.170 - - [07/Feb/2019:07:06:37 -0500] "GET /_vti_txt/ HTTP/1.1" 200 281 "http://afglc.org/" "Mozilla/5.0 (compatible; SEOkicks; +https://www.seokicks.de/robot.html)"
95.216.96.170 - - [07/Feb/2019:07:06:39 -0500] "GET /aspnet_client/ HTTP/1.1" 403 218 "http://afglc.org/" "Mozilla/5.0 (compatible; SEOkicks; +https://www.seokicks.de/robot.html)"
95.216.96.170 - - [07/Feb/2019:07:06:39 -0500] "GET /aspnet_client/ HTTP/1.1" 403 218 "http://www.afglc.org/" "Mozilla/5.0 (compatible; SEOkicks; +https://www.seokicks.de/robot.html)"
95.216.96.170 - - [07/Feb/2019:07:06:40 -0500] "GET /aus.html HTTP/1.1" 200 94132 "http://www.afglc.org/" "Mozilla/5.0 (compatible; SEOkicks; +https://www.seokicks.de/robot.html)"
95.216.96.170 - - [07/Feb/2019:07:06:40 -0500] "GET /aus.html HTTP/1.1" 200 94132 "http://afglc.org/" "Mozilla/5.0 (compatible; SEOkicks; +https://www.seokicks.de/robot.html)"
95.216.96.170 - - [07/Feb/2019:07:06:42 -0500] "GET /css/ HTTP/1.1" 200 319 "http://www.afglc.org/" "Mozilla/5.0 (compatible; SEOkicks; +https://www.seokicks.de/robot.html)"
95.216.96.170 - - [07/Feb/2019:07:06:42 -0500] "GET /css/ HTTP/1.1" 200 315 "http://afglc.org/" "Mozilla/5.0 (compatible; SEOkicks; +https://www.seokicks.de/robot.html)"
216.244.66.234 - - [07/Feb/2019:07:34:28 -0500] "GET /robots.txt HTTP/1.1" 410 371 "" "Mozilla/5.0 (compatible; DotBot/1.1; http://www.opensiteexplorer.org/dotbot, help@moz.com)"
46.119.122.127 - - [07/Feb/2019:08:12:51 -0500] "GET /php.root/ HTTP/1.1" 200 285 "https://medbrowse.info/" "Mozilla/4.0 (compatible; MSIE 6.0; Windows NT 5.1; SV1; FunWebProducts; .NET CLR 1.1.4322; PeoplePal 6.2)"
46.119.122.127 - - [07/Feb/2019:08:12:51 -0500] "GET /php.root/ HTTP/1.1" 200 285 "https://medbrowse.info/" "Mozilla/4.0 (compatible; MSIE 6.0; Windows NT 5.1; SV1; FunWebProducts; .NET CLR 1.1.4322; PeoplePal 6.2)"
46.119.122.127 - - [07/Feb/2019:08:12:52 -0500] "GET /php.root/ HTTP/1.1" 200 285 "https://medbrowse.info/" "Mozilla/4.0 (compatible; MSIE 6.0; Windows NT 5.1; SV1; FunWebProducts; .NET CLR 1.1.4322; PeoplePal 6.2)"
216.244.66.234 - - [07/Feb/2019:08:22:09 -0500] "GET /robots.txt HTTP/1.1" 410 371 "" "Mozilla/5.0 (compatible; DotBot/1.1; http://www.opensiteexplorer.org/dotbot, help@moz.com)"
40.77.167.132 - - [07/Feb/2019:08:55:55 -0500] "GET / HTTP/1.1" 200 4960 "" "Mozilla/5.0 (compatible; bingbot/2.0; +http://www.bing.com/bingbot.htm)"
167.114.209.38 - - [07/Feb/2019:08:58:26 -0500] "GET / HTTP/1.1" 200 4960 "" "Mozilla/5.0 (compatible; Dataprovider.com)"
167.114.209.38 - - [07/Feb/2019:08:58:27 -0500] "GET /robots.txt HTTP/1.1" 410 375 "" "Mozilla/5.0 (compatible; Dataprovider.com)"
167.114.209.38 - - [07/Feb/2019:08:58:28 -0500] "GET /sitemap.xml HTTP/1.1" 404 279 "" "Mozilla/5.0 (compatible; Dataprovider.com)"
167.114.209.38 - - [07/Feb/2019:08:58:28 -0500] "GET / HTTP/1.1" 200 4960 "" "Mozilla/5.0 (compatible; Dataprovider.com)"
167.114.209.38 - - [07/Feb/2019:08:58:31 -0500] "GET /newsite/ HTTP/1.1" 200 3715 "" "Mozilla/5.0 (compatible; Dataprovider.com)"
167.114.209.38 - - [07/Feb/2019:08:58:32 -0500] "GET /_vti_script/ HTTP/1.1" 200 291 "" "Mozilla/5.0 (compatible; Dataprovider.com)"
167.114.209.38 - - [07/Feb/2019:08:58:33 -0500] "GET /js/ HTTP/1.1" 200 435 "" "Mozilla/5.0 (compatible; Dataprovider.com)"
167.114.209.38 - - [07/Feb/2019:08:58:34 -0500] "GET /ny/ HTTP/1.1" 200 9678 "" "Mozilla/5.0 (compatible; Dataprovider.com)"
167.114.209.38 - - [07/Feb/2019:08:58:35 -0500] "GET /ny/?q=contact-us HTTP/1.1" 200 9639 "" "Mozilla/5.0 (compatible; Dataprovider.com)"
167.114.209.38 - - [07/Feb/2019:08:58:36 -0500] "GET /ny/?q=links HTTP/1.1" 200 9079 "" "Mozilla/5.0 (compatible; Dataprovider.com)"
167.114.209.38 - - [07/Feb/2019:08:58:37 -0500] "GET /ny/?q=leadership HTTP/1.1" 200 9472 "" "Mozilla/5.0 (compatible; Dataprovider.com)"
167.114.209.38 - - [07/Feb/2019:08:58:38 -0500] "GET /ny/?q=support HTTP/1.1" 200 9915 "" "Mozilla/5.0 (compatible; Dataprovider.com)"
167.114.209.38 - - [07/Feb/2019:08:58:39 -0500] "GET /_vti_txt/ HTTP/1.1" 200 285 "" "Mozilla/5.0 (compatible; Dataprovider.com)"
167.114.209.38 - - [07/Feb/2019:08:58:40 -0500] "GET /images/ HTTP/1.1" 200 1911 "" "Mozilla/5.0 (compatible; Dataprovider.com)"
167.114.209.38 - - [07/Feb/2019:08:58:41 -0500] "GET /php.root/ HTTP/1.1" 200 285 "" "Mozilla/5.0 (compatible; Dataprovider.com)"
167.114.209.38 - - [07/Feb/2019:08:58:42 -0500] "GET /oldwebsite2/ HTTP/1.1" 200 3637 "" "Mozilla/5.0 (compatible; Dataprovider.com)"
167.114.209.38 - - [07/Feb/2019:08:58:43 -0500] "GET /logs/ HTTP/1.1" 200 1283 "" "Mozilla/5.0 (compatible; Dataprovider.com)"
167.114.209.38 - - [07/Feb/2019:08:58:44 -0500] "GET /img/ HTTP/1.1" 200 1103 "" "Mozilla/5.0 (compatible; Dataprovider.com)"
167.114.209.38 - - [07/Feb/2019:08:58:45 -0500] "GET /ads.txt HTTP/1.1" 404 275 "" "Mozilla/5.0 (compatible; Dataprovider.com)"
167.114.209.38 - - [07/Feb/2019:08:58:45 -0500] "GET / HTTP/1.1" 200 4960 "" "Mozilla/5.0 (Linux; Android 5.1.1; SM-G925F Build/LMY47X) AppleWebKit/537.36 (KHTML, like Gecko) Chrome/45.0.2454.94 Mobile Safari/537.36"
173.249.56.211 - - [07/Feb/2019:09:03:50 -0500] "GET / HTTP/1.1" 200 4960 "" "Mozilla/5.0 (Windows NT 10.0; WOW64) AppleWebKit/537.36 (KHTML, like Gecko) Chrome/71.0.3578.98 Safari/537.36"
216.244.66.234 - - [07/Feb/2019:09:09:35 -0500] "GET /robots.txt HTTP/1.1" 410 371 "" "Mozilla/5.0 (compatible; DotBot/1.1; http://www.opensiteexplorer.org/dotbot, help@moz.com)"
207.46.13.214 - - [07/Feb/2019:09:20:59 -0500] "GET /?page=committee HTTP/1.1" 200 4956 "" "Mozilla/5.0 (compatible; bingbot/2.0; +http://www.bing.com/bingbot.htm)"
40.77.167.132 - - [07/Feb/2019:09:21:04 -0500] "GET /robots.txt HTTP/1.1" 410 371 "" "Mozilla/5.0 (compatible; bingbot/2.0; +http://www.bing.com/bingbot.htm)"
2.51.38.37 - - [07/Feb/2019:09:29:53 -0500] "GET /pages/leadership/governance_HQ.asp HTTP/1.1" 200 4066 "https://www.google.com/" "Mozilla/5.0 (Windows NT 10.0; Win64; x64) AppleWebKit/537.36 (KHTML, like Gecko) Chrome/71.0.3578.98 Safari/537.36"
2.51.38.37 - - [07/Feb/2019:09:29:53 -0500] "GET /favicon.ico HTTP/1.1" 410 376 "http://www.afglc.org/pages/leadership/governance_HQ.asp" "Mozilla/5.0 (Windows NT 10.0; Win64; x64) AppleWebKit/537.36 (KHTML, like Gecko) Chrome/71.0.3578.98 Safari/537.36"
2.51.38.37 - - [07/Feb/2019:09:30:29 -0500] "GET /pages/news/Newsletters/AFGLC_IFGLC_Spring_Summer_Newsletter_2010.pdf HTTP/1.1" 200 969233 "https://www.google.com/" "Mozilla/5.0 (Windows NT 10.0; Win64; x64) AppleWebKit/537.36 (KHTML, like Gecko) Chrome/71.0.3578.98 Safari/537.36"
178.255.215.91 - - [07/Feb/2019:09:53:08 -0500] "GET /robots.txt HTTP/1.1" 410 375 "" "Mozilla/5.0 (compatible; Exabot/3.0; +http://www.exabot.com/go/robot)"
178.255.215.91 - - [07/Feb/2019:09:53:09 -0500] "GET / HTTP/1.1" 200 4960 "" "Mozilla/5.0 (compatible; Exabot/3.0; +http://www.exabot.com/go/robot)"
216.244.66.234 - - [07/Feb/2019:09:56:59 -0500] "GET /robots.txt HTTP/1.1" 410 375 "" "Mozilla/5.0 (compatible; DotBot/1.1; http://www.opensiteexplorer.org/dotbot, help@moz.com)"
180.76.15.5 - - [07/Feb/2019:10:00:38 -0500] "GET /pages/foru/AFGLC_Forum_2010/Charalambakis_Greek_Language_AFGLC_Forum_2010.pdf HTTP/1.1" 200 207929 "" "Mozilla/5.0 (compatible; Baiduspider/2.0; +http://www.baidu.com/search/spider.html)"
93.158.161.22 - - [07/Feb/2019:10:32:34 -0500] "GET /robots.txt HTTP/1.1" 410 375 "" "Mozilla/5.0 (compatible; YandexBot/3.0; +http://yandex.com/bots)"
93.158.161.22 - - [07/Feb/2019:10:32:37 -0500] "GET /_vti_pvt/services.cnf HTTP/1.1" 200 3 "" "Mozilla/5.0 (compatible; YandexBot/3.0; +http://yandex.com/bots)"
180.76.15.153 - - [07/Feb/2019:10:35:48 -0500] "GET /pages/foru/AFGLC_Greek_Forum_2000.pdf HTTP/1.1" 200 350731 "" "Mozilla/5.0 (compatible; Baiduspider/2.0; +http://www.baidu.com/search/spider.html)"
216.244.66.234 - - [07/Feb/2019:10:44:24 -0500] "GET /robots.txt HTTP/1.1" 410 371 "" "Mozilla/5.0 (compatible; DotBot/1.1; http://www.opensiteexplorer.org/dotbot, help@moz.com)"
216.244.66.234 - - [07/Feb/2019:10:44:24 -0500] "GET /robots.txt HTTP/1.1" 410 375 "" "Mozilla/5.0 (compatible; DotBot/1.1; http://www.opensiteexplorer.org/dotbot, help@moz.com)"
66.249.64.191 - - [07/Feb/2019:11:05:37 -0500] "GET /ny/misc/ HTTP/1.1" 403 283 "" "Mozilla/5.0 (Linux; Android 6.0.1; Nexus 5X Build/MMB29P) AppleWebKit/537.36 (KHTML, like Gecko) Chrome/41.0.2272.96 Mobile Safari/537.36 (compatible; Googlebot/2.1; +http://www.google.com/bot.html)"
123.126.113.122 - - [07/Feb/2019:11:13:54 -0500] "GET /robots.txt HTTP/1.1" 410 375 "" "Sogou web spider/4.0(+http://www.sogou.com/docs/help/webmasters.htm#07)"
123.126.113.122 - - [07/Feb/2019:11:14:11 -0500] "GET / HTTP/1.1" 200 4960 "" "Sogou web spider/4.0(+http://www.sogou.com/docs/help/webmasters.htm#07)"
66.249.64.162 - - [07/Feb/2019:11:28:22 -0500] "GET /logs/ex20190119.log HTTP/1.1" 404 283 "" "Mozilla/5.0 (Linux; Android 6.0.1; Nexus 5X Build/MMB29P) AppleWebKit/537.36 (KHTML, like Gecko) Chrome/41.0.2272.96 Mobile Safari/537.36 (compatible; Googlebot/2.1; +http://www.google.com/bot.html)"
216.244.66.234 - - [07/Feb/2019:11:31:46 -0500] "GET /robots.txt HTTP/1.1" 410 375 "" "Mozilla/5.0 (compatible; DotBot/1.1; http://www.opensiteexplorer.org/dotbot, help@moz.com)"
66.249.64.189 - - [07/Feb/2019:11:43:32 -0500] "GET /ny/sites/ HTTP/1.1" 403 284 "" "Mozilla/5.0 (Linux; Android 6.0.1; Nexus 5X Build/MMB29P) AppleWebKit/537.36 (KHTML, like Gecko) Chrome/41.0.2272.96 Mobile Safari/537.36 (compatible; Googlebot/2.1; +http://www.google.com/bot.html)"
180.76.15.32 - - [07/Feb/2019:11:53:36 -0500] "GET / HTTP/1.1" 200 4956 "" "Mozilla/5.0 (compatible; Baiduspider/2.0; +http://www.baidu.com/search/spider.html)"
40.77.167.132 - - [07/Feb/2019:11:58:29 -0500] "GET /index.asp?page=centers HTTP/1.1" 200 3016 "" "Mozilla/5.0 (compatible; bingbot/2.0; +http://www.bing.com/bingbot.htm)"
34.244.124.24 - - [07/Feb/2019:12:02:23 -0500] "GET /robots.txt HTTP/1.0" 410 375 "http://www.afglc.org/" "Mozilla/5.0 (Macintosh; Intel Mac OS X 10_11_2) AppleWebKit/537.36 (KHTML, like Gecko) Chrome/48.0.2564.116 Safari/537.36"
66.249.64.189 - - [07/Feb/2019:12:06:17 -0500] "GET /ny/modules/ HTTP/1.1" 403 286 "" "Mozilla/5.0 (Linux; Android 6.0.1; Nexus 5X Build/MMB29P) AppleWebKit/537.36 (KHTML, like Gecko) Chrome/41.0.2272.96 Mobile Safari/537.36 (compatible; Googlebot/2.1; +http://www.google.com/bot.html)"
66.249.64.191 - - [07/Feb/2019:12:13:52 -0500] "GET /newsite/js/ HTTP/1.1" 200 293 "" "Mozilla/5.0 (Linux; Android 6.0.1; Nexus 5X Build/MMB29P) AppleWebKit/537.36 (KHTML, like Gecko) Chrome/41.0.2272.96 Mobile Safari/537.36 (compatible; Googlebot/2.1; +http://www.google.com/bot.html)"
216.244.66.234 - - [07/Feb/2019:12:19:55 -0500] "GET /robots.txt HTTP/1.1" 410 371 "" "Mozilla/5.0 (compatible; DotBot/1.1; http://www.opensiteexplorer.org/dotbot, help@moz.com)"
94.23.216.164 - - [07/Feb/2019:12:23:11 -0500] "GET / HTTP/1.1" 200 4956 "" "Mozilla/5.0 (Windows NT 10.0; Win64; x64) AppleWebKit/537.36 (KHTML, like Gecko) Chrome/66.0.3359.139 Safari/537.36"
94.23.216.164 - - [07/Feb/2019:12:23:11 -0500] "GET /js/ HTTP/1.1" 200 431 "" "Mozilla/5.0 (Windows NT 10.0; Win64; x64) AppleWebKit/537.36 (KHTML, like Gecko) Chrome/66.0.3359.139 Safari/537.36"
94.23.216.164 - - [07/Feb/2019:12:23:11 -0500] "GET /ny/ HTTP/1.1" 200 9678 "" "Mozilla/5.0 (Windows NT 10.0; Win64; x64) AppleWebKit/537.36 (KHTML, like Gecko) Chrome/66.0.3359.139 Safari/537.36"
94.23.216.164 - - [07/Feb/2019:12:23:12 -0500] "GET /img/ HTTP/1.1" 200 1099 "" "Mozilla/5.0 (Windows NT 10.0; Win64; x64) AppleWebKit/537.36 (KHTML, like Gecko) Chrome/66.0.3359.139 Safari/537.36"
94.23.216.164 - - [07/Feb/2019:12:23:13 -0500] "GET /logs/ HTTP/1.1" 200 1279 "" "Mozilla/5.0 (Windows NT 10.0; Win64; x64) AppleWebKit/537.36 (KHTML, like Gecko) Chrome/66.0.3359.139 Safari/537.36"
94.23.216.164 - - [07/Feb/2019:12:23:13 -0500] "GET /pages/ HTTP/1.1" 200 1145 "" "Mozilla/5.0 (Windows NT 10.0; Win64; x64) AppleWebKit/537.36 (KHTML, like Gecko) Chrome/66.0.3359.139 Safari/537.36"
94.23.216.164 - - [07/Feb/2019:12:23:13 -0500] "GET /images/ HTTP/1.1" 200 1907 "" "Mozilla/5.0 (Windows NT 10.0; Win64; x64) AppleWebKit/537.36 (KHTML, like Gecko) Chrome/66.0.3359.139 Safari/537.36"
94.23.216.164 - - [07/Feb/2019:12:23:13 -0500] "GET /aus.html HTTP/1.1" 200 94132 "" "Mozilla/5.0 (Windows NT 10.0; Win64; x64) AppleWebKit/537.36 (KHTML, like Gecko) Chrome/66.0.3359.139 Safari/537.36"
94.23.216.164 - - [07/Feb/2019:12:23:14 -0500] "GET /newsite/ HTTP/1.1" 200 3715 "" "Mozilla/5.0 (Windows NT 10.0; Win64; x64) AppleWebKit/537.36 (KHTML, like Gecko) Chrome/66.0.3359.139 Safari/537.36"
94.23.216.164 - - [07/Feb/2019:12:23:14 -0500] "GET /_vti_cnf/ HTTP/1.1" 200 299 "" "Mozilla/5.0 (Windows NT 10.0; Win64; x64) AppleWebKit/537.36 (KHTML, like Gecko) Chrome/66.0.3359.139 Safari/537.36"
94.23.216.164 - - [07/Feb/2019:12:23:14 -0500] "GET /_vti_pvt/ HTTP/1.1" 200 1443 "" "Mozilla/5.0 (Windows NT 10.0; Win64; x64) AppleWebKit/537.36 (KHTML, like Gecko) Chrome/66.0.3359.139 Safari/537.36"
94.23.216.164 - - [07/Feb/2019:12:23:14 -0500] "GET /_vti_txt/ HTTP/1.1" 200 281 "" "Mozilla/5.0 (Windows NT 10.0; Win64; x64) AppleWebKit/537.36 (KHTML, like Gecko) Chrome/66.0.3359.139 Safari/537.36"
94.23.216.164 - - [07/Feb/2019:12:23:14 -0500] "GET /index.asp HTTP/1.1" 200 20885 "" "Mozilla/5.0 (Windows NT 10.0; Win64; x64) AppleWebKit/537.36 (KHTML, like Gecko) Chrome/66.0.3359.139 Safari/537.36"
94.23.216.164 - - [07/Feb/2019:12:23:15 -0500] "GET /php.root/ HTTP/1.1" 200 281 "" "Mozilla/5.0 (Windows NT 10.0; Win64; x64) AppleWebKit/537.36 (KHTML, like Gecko) Chrome/66.0.3359.139 Safari/537.36"
94.23.216.164 - - [07/Feb/2019:12:23:15 -0500] "GET /_vti_script/ HTTP/1.1" 200 287 "" "Mozilla/5.0 (Windows NT 10.0; Win64; x64) AppleWebKit/537.36 (KHTML, like Gecko) Chrome/66.0.3359.139 Safari/537.36"
94.23.216.164 - - [07/Feb/2019:12:23:15 -0500] "GET /oldwebsite2/ HTTP/1.1" 200 3637 "" "Mozilla/5.0 (Windows NT 10.0; Win64; x64) AppleWebKit/537.36 (KHTML, like Gecko) Chrome/66.0.3359.139 Safari/537.36"
94.23.216.164 - - [07/Feb/2019:12:23:15 -0500] "GET /aspnet_client/ HTTP/1.1" 403 218 "" "Mozilla/5.0 (Windows NT 10.0; Win64; x64) AppleWebKit/537.36 (KHTML, like Gecko) Chrome/66.0.3359.139 Safari/537.36"
94.23.216.164 - - [07/Feb/2019:12:23:15 -0500] "GET /PRES_MSG_EL_6_28_08.doc HTTP/1.1" 200 215040 "" "Mozilla/5.0 (Windows NT 10.0; Win64; x64) AppleWebKit/537.36 (KHTML, like Gecko) Chrome/66.0.3359.139 Safari/537.36"
94.23.216.164 - - [07/Feb/2019:12:23:16 -0500] "GET /Zappeon_001_2008_athens.JPG HTTP/1.1" 200 2144872 "" "Mozilla/5.0 (Windows NT 10.0; Win64; x64) AppleWebKit/537.36 (KHTML, like Gecko) Chrome/66.0.3359.139 Safari/537.36"
94.23.216.164 - - [07/Feb/2019:12:23:21 -0500] "GET /Zappeon_002_2008_athens.JPG HTTP/1.1" 200 11029 "" "Mozilla/5.0 (Windows NT 10.0; Win64; x64) AppleWebKit/537.36 (KHTML, like Gecko) Chrome/66.0.3359.139 Safari/537.36"
94.23.216.164 - - [07/Feb/2019:12:23:21 -0500] "GET /Hnaraki_Green_Rhymes_Nida.mp3 HTTP/1.1" 200 5780670 "" "Mozilla/5.0 (Windows NT 10.0; Win64; x64) AppleWebKit/537.36 (KHTML, like Gecko) Chrome/66.0.3359.139 Safari/537.36"
94.23.216.164 - - [07/Feb/2019:12:23:28 -0500] "GET /Hnaraki_Green_Rhymes_Eleni.mp3 HTTP/1.1" 200 1692901 "" "Mozilla/5.0 (Windows NT 10.0; Win64; x64) AppleWebKit/537.36 (KHTML, like Gecko) Chrome/66.0.3359.139 Safari/537.36"
66.249.64.162 - - [07/Feb/2019:12:36:37 -0500] "GET /newsite/img/ HTTP/1.1" 200 331 "" "Mozilla/5.0 (Linux; Android 6.0.1; Nexus 5X Build/MMB29P) AppleWebKit/537.36 (KHTML, like Gecko) Chrome/41.0.2272.96 Mobile Safari/537.36 (compatible; Googlebot/2.1; +http://www.google.com/bot.html)"
66.249.64.162 - - [07/Feb/2019:12:44:12 -0500] "GET /newsite/css/ HTTP/1.1" 200 295 "" "Mozilla/5.0 (Linux; Android 6.0.1; Nexus 5X Build/MMB29P) AppleWebKit/537.36 (KHTML, like Gecko) Chrome/41.0.2272.96 Mobile Safari/537.36 (compatible; Googlebot/2.1; +http://www.google.com/bot.html)"
216.244.66.234 - - [07/Feb/2019:13:07:16 -0500] "GET /robots.txt HTTP/1.1" 410 371 "" "Mozilla/5.0 (compatible; DotBot/1.1; http://www.opensiteexplorer.org/dotbot, help@moz.com)"
123.126.113.152 - - [07/Feb/2019:13:19:16 -0500] "GET /robots.txt HTTP/1.1" 410 375 "" "Sogou web spider/4.0(+http://www.sogou.com/docs/help/webmasters.htm#07)"
123.126.113.152 - - [07/Feb/2019:13:19:16 -0500] "GET / HTTP/1.1" 200 4956 "" "Sogou web spider/4.0(+http://www.sogou.com/docs/help/webmasters.htm#07)"
123.126.113.152 - - [07/Feb/2019:13:19:26 -0500] "GET / HTTP/1.1" 200 4960 "" "Sogou web spider/4.0(+http://www.sogou.com/docs/help/webmasters.htm#07)"
100.43.85.105 - - [07/Feb/2019:13:22:58 -0500] "GET /_vti_pvt/doctodep.btr HTTP/1.1" 200 5616 "" "Mozilla/5.0 (compatible; YandexBot/3.0; +http://yandex.com/bots)"
46.118.122.207 - - [07/Feb/2019:13:28:59 -0500] "GET /php.root/ HTTP/1.1" 200 285 "http://dobrivikna.com.ua/" "Mozilla/4.0 (compatible; MSIE 6.0; Windows NT 5.0)"
46.118.122.207 - - [07/Feb/2019:13:29:00 -0500] "GET /php.root/ HTTP/1.1" 200 285 "http://dobrivikna.com.ua/" "Mozilla/4.0 (compatible; MSIE 6.0; Windows NT 5.0)"
46.118.122.207 - - [07/Feb/2019:13:29:01 -0500] "GET /php.root/ HTTP/1.1" 200 285 "http://dobrivikna.com.ua/" "Mozilla/4.0 (compatible; MSIE 6.0; Windows NT 5.0)"
100.43.81.124 - - [07/Feb/2019:13:31:54 -0500] "GET /img/border-radius.htc HTTP/1.1" 200 4885 "" "Mozilla/5.0 (compatible; YandexBot/3.0; +http://yandex.com/bots)"
37.9.87.149 - - [07/Feb/2019:13:35:49 -0500] "GET /robots.txt HTTP/1.1" 410 371 "" "Mozilla/5.0 (compatible; YandexBot/3.0; +http://yandex.com/bots)"
93.158.161.156 - - [07/Feb/2019:13:35:53 -0500] "GET /favicon.ico HTTP/1.1" 410 372 "" "Mozilla/5.0 (compatible; YandexBot/3.0; +http://yandex.com/bots)"
93.158.161.165 - - [07/Feb/2019:13:36:45 -0500] "GET /_vti_pvt/botinfs.cnf HTTP/1.1" 200 146 "" "Mozilla/5.0 (compatible; YandexBot/3.0; +http://yandex.com/bots)"
93.158.161.120 - - [07/Feb/2019:13:53:17 -0500] "GET /robots.txt HTTP/1.1" 410 375 "" "Mozilla/5.0 (compatible; YandexBot/3.0; +http://yandex.com/bots)"
93.158.161.96 - - [07/Feb/2019:13:53:21 -0500] "GET /_vti_pvt/writeto.cnf HTTP/1.1" 200 25 "" "Mozilla/5.0 (compatible; YandexBot/3.0; +http://yandex.com/bots)"
93.158.161.156 - - [07/Feb/2019:13:54:32 -0500] "GET /_vti_pvt/service.cnf HTTP/1.1" 200 2013 "" "Mozilla/5.0 (compatible; YandexBot/3.0; +http://yandex.com/bots)"
216.244.66.234 - - [07/Feb/2019:13:54:48 -0500] "GET /robots.txt HTTP/1.1" 410 371 "" "Mozilla/5.0 (compatible; DotBot/1.1; http://www.opensiteexplorer.org/dotbot, help@moz.com)"
216.244.66.234 - - [07/Feb/2019:13:54:48 -0500] "GET /robots.txt HTTP/1.1" 410 375 "" "Mozilla/5.0 (compatible; DotBot/1.1; http://www.opensiteexplorer.org/dotbot, help@moz.com)"
178.154.246.128 - - [07/Feb/2019:13:57:07 -0500] "GET /_vti_pvt/_x_referrers.xml HTTP/1.1" 200 22524 "" "Mozilla/5.0 (compatible; YandexBot/3.0; +http://yandex.com/bots)"
37.9.87.164 - - [07/Feb/2019:14:16:12 -0500] "GET /logs/ex20181201.log HTTP/1.1" 404 287 "" "Mozilla/5.0 (compatible; YandexBot/3.0; +http://yandex.com/bots)"
88.198.36.62 - - [07/Feb/2019:14:32:37 -0500] "GET /pages/news/docs/clement_helen_pappas_professorship.pdf HTTP/1.1" 200 54740 "" "Mozilla/5.0 (Windows NT 6.1; Win64; x64; rv:57.0) Gecko/20100101 Firefox/57.0"
138.197.4.21 - - [07/Feb/2019:14:34:02 -0500] "GET / HTTP/1.1" 200 4960 "http://www.afglc.org" "Mozilla/5.0 (X11; Datanyze; Linux x86_64) AppleWebKit/537.36 (KHTML, like Gecko) Chrome/65.0.3325.181 Safari/537.36"
138.197.4.21 - - [07/Feb/2019:14:34:16 -0500] "GET /robots.txt HTTP/1.1" 410 375 "" "Mozilla/5.0 (Windows NT 6.1; WOW64) AppleWebKit/537.36 (KHTML, like Gecko) Chrome/34.0.1847.131 Safari/537.36"
138.197.4.21 - - [07/Feb/2019:14:34:34 -0500] "GET /_vti_cnf/ HTTP/1.1" 200 299 "http://www.afglc.org" "Mozilla/5.0 (X11; Datanyze; Linux x86_64) AppleWebKit/537.36 (KHTML, like Gecko) Chrome/65.0.3325.181 Safari/537.36"
138.197.4.21 - - [07/Feb/2019:14:34:34 -0500] "GET /_vti_txt/ HTTP/1.1" 200 285 "http://www.afglc.org" "Mozilla/5.0 (X11; Datanyze; Linux x86_64) AppleWebKit/537.36 (KHTML, like Gecko) Chrome/65.0.3325.181 Safari/537.36"
138.197.4.21 - - [07/Feb/2019:14:34:34 -0500] "GET /_vti_script/ HTTP/1.1" 200 291 "http://www.afglc.org" "Mozilla/5.0 (X11; Datanyze; Linux x86_64) AppleWebKit/537.36 (KHTML, like Gecko) Chrome/65.0.3325.181 Safari/537.36"
138.197.4.21 - - [07/Feb/2019:14:34:34 -0500] "GET /aspnet_client/ HTTP/1.1" 403 218 "http://www.afglc.org" "Mozilla/5.0 (X11; Datanyze; Linux x86_64) AppleWebKit/537.36 (KHTML, like Gecko) Chrome/65.0.3325.181 Safari/537.36"
138.197.4.21 - - [07/Feb/2019:14:34:34 -0500] "GET /_vti_pvt/ HTTP/1.1" 200 1447 "http://www.afglc.org" "Mozilla/5.0 (X11; Datanyze; Linux x86_64) AppleWebKit/537.36 (KHTML, like Gecko) Chrome/65.0.3325.181 Safari/537.36"
138.197.4.21 - - [07/Feb/2019:14:34:35 -0500] "GET /aus.html HTTP/1.1" 200 94132 "http://www.afglc.org" "Mozilla/5.0 (X11; Datanyze; Linux x86_64) AppleWebKit/537.36 (KHTML, like Gecko) Chrome/65.0.3325.181 Safari/537.36"
138.197.4.21 - - [07/Feb/2019:14:34:35 -0500] "GET /css/ HTTP/1.1" 200 319 "http://www.afglc.org" "Mozilla/5.0 (X11; Datanyze; Linux x86_64) AppleWebKit/537.36 (KHTML, like Gecko) Chrome/65.0.3325.181 Safari/537.36"
138.197.4.21 - - [07/Feb/2019:14:34:35 -0500] "GET /images/ HTTP/1.1" 200 1911 "http://www.afglc.org" "Mozilla/5.0 (X11; Datanyze; Linux x86_64) AppleWebKit/537.36 (KHTML, like Gecko) Chrome/65.0.3325.181 Safari/537.36"
138.197.4.21 - - [07/Feb/2019:14:34:35 -0500] "GET /index.asp HTTP/1.1" 200 7520 "http://www.afglc.org" "Mozilla/5.0 (X11; Datanyze; Linux x86_64) AppleWebKit/537.36 (KHTML, like Gecko) Chrome/65.0.3325.181 Safari/537.36"
138.197.4.21 - - [07/Feb/2019:14:34:35 -0500] "GET /img/ HTTP/1.1" 200 1103 "http://www.afglc.org" "Mozilla/5.0 (X11; Datanyze; Linux x86_64) AppleWebKit/537.36 (KHTML, like Gecko) Chrome/65.0.3325.181 Safari/537.36"
138.197.4.21 - - [07/Feb/2019:14:34:37 -0500] "GET /js/jquery/jquery.js HTTP/1.1" 404 287 "" "Mozilla/5.0 (X11; Datanyze; Linux x86_64) AppleWebKit/537.36 (KHTML, like Gecko) Chrome/65.0.3325.181 Safari/537.36"
138.197.4.21 - - [07/Feb/2019:14:34:37 -0500] "GET /js/jquery.themepunch.revolution.min.js HTTP/1.1" 404 306 "" "Mozilla/5.0 (X11; Datanyze; Linux x86_64) AppleWebKit/537.36 (KHTML, like Gecko) Chrome/65.0.3325.181 Safari/537.36"
138.197.4.21 - - [07/Feb/2019:14:34:37 -0500] "GET /js/extensions/revolution.extension.video.min.js HTTP/1.1" 404 315 "" "Mozilla/5.0 (X11; Datanyze; Linux x86_64) AppleWebKit/537.36 (KHTML, like Gecko) Chrome/65.0.3325.181 Safari/537.36"
138.197.4.21 - - [07/Feb/2019:14:34:37 -0500] "GET /js/jquery-blockui/jquery.blockUI.min.js HTTP/1.1" 404 307 "" "Mozilla/5.0 (X11; Datanyze; Linux x86_64) AppleWebKit/537.36 (KHTML, like Gecko) Chrome/65.0.3325.181 Safari/537.36"
138.197.4.21 - - [07/Feb/2019:14:34:37 -0500] "GET /js/extensions/revolution.extension.kenburn.min.js HTTP/1.1" 404 317 "" "Mozilla/5.0 (X11; Datanyze; Linux x86_64) AppleWebKit/537.36 (KHTML, like Gecko) Chrome/65.0.3325.181 Safari/537.36"
138.197.4.21 - - [07/Feb/2019:14:34:37 -0500] "GET /js/extensions/revolution.extension.carousel.min.js HTTP/1.1" 404 318 "" "Mozilla/5.0 (X11; Datanyze; Linux x86_64) AppleWebKit/537.36 (KHTML, like Gecko) Chrome/65.0.3325.181 Safari/537.36"
138.197.4.21 - - [07/Feb/2019:14:34:37 -0500] "GET /js/extensions/revolution.extension.navigation.min.js HTTP/1.1" 404 320 "" "Mozilla/5.0 (X11; Datanyze; Linux x86_64) AppleWebKit/537.36 (KHTML, like Gecko) Chrome/65.0.3325.181 Safari/537.36"
138.197.4.21 - - [07/Feb/2019:14:34:37 -0500] "GET /js/contact-form.js HTTP/1.1" 404 286 "" "Mozilla/5.0 (X11; Datanyze; Linux x86_64) AppleWebKit/537.36 (KHTML, like Gecko) Chrome/65.0.3325.181 Safari/537.36"
138.197.4.21 - - [07/Feb/2019:14:34:37 -0500] "GET /js/controller.js HTTP/1.1" 404 284 "" "Mozilla/5.0 (X11; Datanyze; Linux x86_64) AppleWebKit/537.36 (KHTML, like Gecko) Chrome/65.0.3325.181 Safari/537.36"
138.197.4.21 - - [07/Feb/2019:14:34:37 -0500] "GET /js/extensions/revolution.extension.layeranimation.min.js HTTP/1.1" 404 324 "" "Mozilla/5.0 (X11; Datanyze; Linux x86_64) AppleWebKit/537.36 (KHTML, like Gecko) Chrome/65.0.3325.181 Safari/537.36"
138.197.4.21 - - [07/Feb/2019:14:34:37 -0500] "GET /js/jquery.themepunch.tools.min.js HTTP/1.1" 404 301 "" "Mozilla/5.0 (X11; Datanyze; Linux x86_64) AppleWebKit/537.36 (KHTML, like Gecko) Chrome/65.0.3325.181 Safari/537.36"
138.197.4.21 - - [07/Feb/2019:14:34:37 -0500] "GET /js/extensions/revolution.extension.slideanims.min.js HTTP/1.1" 404 320 "" "Mozilla/5.0 (X11; Datanyze; Linux x86_64) AppleWebKit/537.36 (KHTML, like Gecko) Chrome/65.0.3325.181 Safari/537.36"
138.197.4.21 - - [07/Feb/2019:14:34:37 -0500] "GET /js/frontend/woocommerce.min.js HTTP/1.1" 404 298 "" "Mozilla/5.0 (X11; Datanyze; Linux x86_64) AppleWebKit/537.36 (KHTML, like Gecko) Chrome/65.0.3325.181 Safari/537.36"
138.197.4.21 - - [07/Feb/2019:14:34:37 -0500] "GET /js/jquery.shuffle.js HTTP/1.1" 404 288 "" "Mozilla/5.0 (X11; Datanyze; Linux x86_64) AppleWebKit/537.36 (KHTML, like Gecko) Chrome/65.0.3325.181 Safari/537.36"
138.197.4.21 - - [07/Feb/2019:14:34:37 -0500] "GET /js/extensions/revolution.extension.actions.min.js HTTP/1.1" 404 317 "" "Mozilla/5.0 (X11; Datanyze; Linux x86_64) AppleWebKit/537.36 (KHTML, like Gecko) Chrome/65.0.3325.181 Safari/537.36"
138.197.4.21 - - [07/Feb/2019:14:34:37 -0500] "GET /js/extensions/revolution.extension.parallax.min.js HTTP/1.1" 404 318 "" "Mozilla/5.0 (X11; Datanyze; Linux x86_64) AppleWebKit/537.36 (KHTML, like Gecko) Chrome/65.0.3325.181 Safari/537.36"
138.197.4.21 - - [07/Feb/2019:14:34:37 -0500] "GET /js/extensions/revolution.extension.migration.min.js HTTP/1.1" 404 319 "" "Mozilla/5.0 (X11; Datanyze; Linux x86_64) AppleWebKit/537.36 (KHTML, like Gecko) Chrome/65.0.3325.181 Safari/537.36"
138.197.4.21 - - [07/Feb/2019:14:34:37 -0500] "GET /js/modernizr.js HTTP/1.1" 404 283 "" "Mozilla/5.0 (X11; Datanyze; Linux x86_64) AppleWebKit/537.36 (KHTML, like Gecko) Chrome/65.0.3325.181 Safari/537.36"
138.197.4.21 - - [07/Feb/2019:14:34:37 -0500] "GET /js/jquery/jquery-migrate.min.js? HTTP/1.1" 404 299 "" "Mozilla/5.0 (X11; Datanyze; Linux x86_64) AppleWebKit/537.36 (KHTML, like Gecko) Chrome/65.0.3325.181 Safari/537.36"
138.197.4.21 - - [07/Feb/2019:14:34:37 -0500] "GET /css/settings.css HTTP/1.1" 404 284 "" "Mozilla/5.0 (X11; Datanyze; Linux x86_64) AppleWebKit/537.36 (KHTML, like Gecko) Chrome/65.0.3325.181 Safari/537.36"
138.197.4.21 - - [07/Feb/2019:14:34:37 -0500] "GET /js/ HTTP/1.1" 200 435 "http://www.afglc.org" "Mozilla/5.0 (X11; Datanyze; Linux x86_64) AppleWebKit/537.36 (KHTML, like Gecko) Chrome/65.0.3325.181 Safari/537.36"
138.197.4.21 - - [07/Feb/2019:14:34:37 -0500] "GET /newsite/ HTTP/1.1" 200 3715 "http://www.afglc.org" "Mozilla/5.0 (X11; Datanyze; Linux x86_64) AppleWebKit/537.36 (KHTML, like Gecko) Chrome/65.0.3325.181 Safari/537.36"
138.197.4.21 - - [07/Feb/2019:14:34:37 -0500] "GET /oldwebsite2/ HTTP/1.1" 200 3637 "http://www.afglc.org" "Mozilla/5.0 (X11; Datanyze; Linux x86_64) AppleWebKit/537.36 (KHTML, like Gecko) Chrome/65.0.3325.181 Safari/537.36"
138.197.4.21 - - [07/Feb/2019:14:34:37 -0500] "GET /logs/ HTTP/1.1" 200 1283 "http://www.afglc.org" "Mozilla/5.0 (X11; Datanyze; Linux x86_64) AppleWebKit/537.36 (KHTML, like Gecko) Chrome/65.0.3325.181 Safari/537.36"
138.197.4.21 - - [07/Feb/2019:14:34:37 -0500] "GET /php.root/ HTTP/1.1" 200 285 "http://www.afglc.org" "Mozilla/5.0 (X11; Datanyze; Linux x86_64) AppleWebKit/537.36 (KHTML, like Gecko) Chrome/65.0.3325.181 Safari/537.36"
138.197.4.21 - - [07/Feb/2019:14:34:37 -0500] "GET /pages/ HTTP/1.1" 200 1149 "http://www.afglc.org" "Mozilla/5.0 (X11; Datanyze; Linux x86_64) AppleWebKit/537.36 (KHTML, like Gecko) Chrome/65.0.3325.181 Safari/537.36"
138.197.4.21 - - [07/Feb/2019:14:34:37 -0500] "GET /ny/ HTTP/1.1" 200 9678 "http://www.afglc.org" "Mozilla/5.0 (X11; Datanyze; Linux x86_64) AppleWebKit/537.36 (KHTML, like Gecko) Chrome/65.0.3325.181 Safari/537.36"
138.197.4.21 - - [07/Feb/2019:14:34:34 -0500] "GET /governor_christ_message_2010.mpg HTTP/1.1" 200 59621376 "http://www.afglc.org" "Mozilla/5.0 (X11; Datanyze; Linux x86_64) AppleWebKit/537.36 (KHTML, like Gecko) Chrome/65.0.3325.181 Safari/537.36"
66.249.64.162 - - [07/Feb/2019:14:45:32 -0500] "GET /oldwebsite2/css/ HTTP/1.1" 200 393 "" "Mozilla/5.0 (Linux; Android 6.0.1; Nexus 5X Build/MMB29P) AppleWebKit/537.36 (KHTML, like Gecko) Chrome/41.0.2272.96 Mobile Safari/537.36 (compatible; Googlebot/2.1; +http://www.google.com/bot.html)"
46.119.114.4 - - [07/Feb/2019:14:53:10 -0500] "GET /php.root/ HTTP/1.1" 200 285 "http://gelstate.ru/" "Mozilla/1.22 (compatible; MSIE 2.0; Windows 95)"
46.119.114.4 - - [07/Feb/2019:14:53:11 -0500] "GET /php.root/ HTTP/1.1" 200 285 "http://gelstate.ru/" "Mozilla/1.22 (compatible; MSIE 2.0; Windows 95)"
46.119.114.4 - - [07/Feb/2019:14:53:11 -0500] "GET /php.root/ HTTP/1.1" 200 285 "http://gelstate.ru/" "Mozilla/1.22 (compatible; MSIE 2.0; Windows 95)"
66.249.64.184 - - [07/Feb/2019:14:54:37 -0500] "GET /pages/foru/AFGLC_Forum_2010/Charalambakis_Greek_Language_AFGLC_Forum_2010.pdf HTTP/1.1" 200 207929 "" "Googlebot/2.1 (+http://www.google.com/bot.html)"
216.244.66.234 - - [07/Feb/2019:15:18:25 -0500] "GET /robots.txt HTTP/1.1" 410 371 "" "Mozilla/5.0 (compatible; DotBot/1.1; http://www.opensiteexplorer.org/dotbot, help@moz.com)"
216.244.66.234 - - [07/Feb/2019:15:18:25 -0500] "GET /robots.txt HTTP/1.1" 410 375 "" "Mozilla/5.0 (compatible; DotBot/1.1; http://www.opensiteexplorer.org/dotbot, help@moz.com)"
180.76.15.139 - - [07/Feb/2019:15:27:01 -0500] "GET / HTTP/1.1" 200 4960 "" "Mozilla/5.0 (compatible; Baiduspider/2.0; +http://www.baidu.com/search/spider.html)"
