106.11.154.42 - - [07/Feb/2019:15:32:38 -0500] "GET /img/ HTTP/1.1" 200 1103 "" "Mozilla/5.0 (Windows NT 6.1; Win64; x64) AppleWebKit/537.36 (KHTML, like Gecko) Chrome/69.0.3497.81 YisouSpider/5.0 Safari/537.36"
46.118.122.207 - - [07/Feb/2019:15:39:31 -0500] "GET /php.root/ HTTP/1.1" 200 285 "https://mydirtystuff.com/" "Mozilla/1.22 (compatible; MSIE 2.0d; Windows NT)"
46.118.122.207 - - [07/Feb/2019:15:39:32 -0500] "GET /php.root/ HTTP/1.1" 200 285 "https://mydirtystuff.com/" "Mozilla/1.22 (compatible; MSIE 2.0d; Windows NT)"
46.118.122.207 - - [07/Feb/2019:15:39:32 -0500] "GET /php.root/ HTTP/1.1" 200 285 "https://mydirtystuff.com/" "Mozilla/1.22 (compatible; MSIE 2.0d; Windows NT)"
142.4.218.156 - - [07/Feb/2019:15:59:08 -0500] "GET / HTTP/1.1" 200 4960 "" "Mozilla/5.0 (compatible; Dataprovider.com)"
142.4.218.156 - - [07/Feb/2019:15:59:09 -0500] "GET /robots.txt HTTP/1.1" 410 375 "" "Mozilla/5.0 (compatible; Dataprovider.com)"
142.4.218.156 - - [07/Feb/2019:15:59:09 -0500] "GET /sitemap.xml HTTP/1.1" 404 279 "" "Mozilla/5.0 (compatible; Dataprovider.com)"
142.4.218.156 - - [07/Feb/2019:15:59:09 -0500] "GET / HTTP/1.1" 200 4960 "" "Mozilla/5.0 (compatible; Dataprovider.com)"
142.4.218.156 - - [07/Feb/2019:15:59:10 -0500] "GET /newsite/ HTTP/1.1" 200 3715 "" "Mozilla/5.0 (compatible; Dataprovider.com)"
142.4.218.156 - - [07/Feb/2019:15:59:11 -0500] "GET /_vti_script/ HTTP/1.1" 200 291 "" "Mozilla/5.0 (compatible; Dataprovider.com)"
142.4.218.156 - - [07/Feb/2019:15:59:12 -0500] "GET /js/ HTTP/1.1" 200 435 "" "Mozilla/5.0 (compatible; Dataprovider.com)"
142.4.218.156 - - [07/Feb/2019:15:59:13 -0500] "GET /ny/ HTTP/1.1" 200 9678 "" "Mozilla/5.0 (compatible; Dataprovider.com)"
142.4.218.156 - - [07/Feb/2019:15:59:14 -0500] "GET /ny/?q=contact-us HTTP/1.1" 200 9639 "" "Mozilla/5.0 (compatible; Dataprovider.com)"
142.4.218.156 - - [07/Feb/2019:15:59:15 -0500] "GET /ny/?q=links HTTP/1.1" 200 9079 "" "Mozilla/5.0 (compatible; Dataprovider.com)"
142.4.218.156 - - [07/Feb/2019:15:59:16 -0500] "GET /ny/?q=leadership HTTP/1.1" 200 9472 "" "Mozilla/5.0 (compatible; Dataprovider.com)"
142.4.218.156 - - [07/Feb/2019:15:59:17 -0500] "GET /ny/?q=support HTTP/1.1" 200 9915 "" "Mozilla/5.0 (compatible; Dataprovider.com)"
142.4.218.156 - - [07/Feb/2019:15:59:18 -0500] "GET /_vti_txt/ HTTP/1.1" 200 285 "" "Mozilla/5.0 (compatible; Dataprovider.com)"
46.119.122.127 - - [07/Feb/2019:15:59:19 -0500] "GET /php.root/ HTTP/1.1" 200 285 "https://supermama.top/" "Mozilla/4.0 (compatible; MSIE 6.0; Windows NT 5.1; .NET CLR 1.1.4322; FDM)"
142.4.218.156 - - [07/Feb/2019:15:59:19 -0500] "GET /images/ HTTP/1.1" 200 1911 "" "Mozilla/5.0 (compatible; Dataprovider.com)"
46.119.122.127 - - [07/Feb/2019:15:59:20 -0500] "GET /php.root/ HTTP/1.1" 200 285 "https://supermama.top/" "Mozilla/4.0 (compatible; MSIE 6.0; Windows NT 5.1; .NET CLR 1.1.4322; FDM)"
142.4.218.156 - - [07/Feb/2019:15:59:20 -0500] "GET /php.root/ HTTP/1.1" 200 285 "" "Mozilla/5.0 (compatible; Dataprovider.com)"
46.119.122.127 - - [07/Feb/2019:15:59:21 -0500] "GET /php.root/ HTTP/1.1" 200 285 "https://supermama.top/" "Mozilla/4.0 (compatible; MSIE 6.0; Windows NT 5.1; .NET CLR 1.1.4322; FDM)"
142.4.218.156 - - [07/Feb/2019:15:59:21 -0500] "GET /oldwebsite2/ HTTP/1.1" 200 3637 "" "Mozilla/5.0 (compatible; Dataprovider.com)"
142.4.218.156 - - [07/Feb/2019:15:59:22 -0500] "GET /logs/ HTTP/1.1" 200 1283 "" "Mozilla/5.0 (compatible; Dataprovider.com)"
142.4.218.156 - - [07/Feb/2019:15:59:23 -0500] "GET /img/ HTTP/1.1" 200 1103 "" "Mozilla/5.0 (compatible; Dataprovider.com)"
142.4.218.156 - - [07/Feb/2019:15:59:24 -0500] "GET /ads.txt HTTP/1.1" 404 275 "" "Mozilla/5.0 (compatible; Dataprovider.com)"
142.4.218.156 - - [07/Feb/2019:15:59:25 -0500] "GET / HTTP/1.1" 200 4960 "" "Mozilla/5.0 (Linux; Android 5.1.1; SM-G925F Build/LMY47X) AppleWebKit/537.36 (KHTML, like Gecko) Chrome/45.0.2454.94 Mobile Safari/537.36"
216.244.66.234 - - [07/Feb/2019:16:06:06 -0500] "GET /robots.txt HTTP/1.1" 410 371 "" "Mozilla/5.0 (compatible; DotBot/1.1; http://www.opensiteexplorer.org/dotbot, help@moz.com)"
216.244.66.234 - - [07/Feb/2019:16:06:06 -0500] "GET /robots.txt HTTP/1.1" 410 375 "" "Mozilla/5.0 (compatible; DotBot/1.1; http://www.opensiteexplorer.org/dotbot, help@moz.com)"
110.170.149.19 - - [07/Feb/2019:16:08:34 -0500] "GET /logs/W2K3WEB1/ex180104.log HTTP/1.1" 200 67683 "http://buspar10.com" "Mozilla/5.0 (Windows NT 10.0; Win64; x64) AppleWebKit/537.36 (KHTML, like Gecko) Chrome/70.0.3538.77 Safari/537.36"
66.249.64.162 - - [07/Feb/2019:16:08:57 -0500] "GET /robots.txt HTTP/1.1" 410 371 "" "Mozilla/5.0 (compatible; Googlebot/2.1; +http://www.google.com/bot.html)"
66.249.64.191 - - [07/Feb/2019:16:08:57 -0500] "GET /oldwebsite2/pages/ HTTP/1.1" 200 1099 "" "Mozilla/5.0 (Linux; Android 6.0.1; Nexus 5X Build/MMB29P) AppleWebKit/537.36 (KHTML, like Gecko) Chrome/41.0.2272.96 Mobile Safari/537.36 (compatible; Googlebot/2.1; +http://www.google.com/bot.html)"
78.168.216.5 - - [07/Feb/2019:16:21:41 -0500] "GET /favicon.ico HTTP/1.1" 410 376 "http://www.afglc.org/Future_of_Hellenic_Paedia_P_Yiannos.pdf" "Mozilla/5.0 (Windows NT 10.0; Win64; x64) AppleWebKit/537.36 (KHTML, like Gecko) Chrome/71.0.3578.98 Safari/537.36"
78.168.216.5 - - [07/Feb/2019:16:21:41 -0500] "GET /Future_of_Hellenic_Paedia_P_Yiannos.pdf HTTP/1.1" 200 847639 "https://www.google.com/" "Mozilla/5.0 (Windows NT 10.0; Win64; x64) AppleWebKit/537.36 (KHTML, like Gecko) Chrome/71.0.3578.98 Safari/537.36"
204.89.74.141 - - [07/Feb/2019:16:25:51 -0500] "GET /pages/leadership/structure.jpg HTTP/1.1" 200 102049 "" "Mozilla/5.0 (Windows NT 10.0; WOW64; Trident/7.0; rv:11.0) like Gecko"
204.89.74.141 - - [07/Feb/2019:16:25:58 -0500] "GET /pages/leadership/structure.jpg HTTP/1.1" 200 102049 "" "Mozilla/5.0 (Windows NT 10.0; WOW64; Trident/7.0; rv:11.0) like Gecko"
204.89.74.141 - - [07/Feb/2019:16:26:21 -0500] "GET /pages/leadership/structure.jpg HTTP/1.1" 200 102049 "" "Mozilla/5.0 (Windows NT 10.0; WOW64; Trident/7.0; rv:11.0) like Gecko"
204.89.74.141 - - [07/Feb/2019:16:26:29 -0500] "GET /pages/leadership/structure.jpg HTTP/1.1" 200 102049 "" "Mozilla/5.0 (Windows NT 10.0; WOW64; Trident/7.0; rv:11.0) like Gecko"
66.249.64.162 - - [07/Feb/2019:16:39:17 -0500] "GET /oldwebsite2/images/ HTTP/1.1" 200 1901 "" "Mozilla/5.0 (Linux; Android 6.0.1; Nexus 5X Build/MMB29P) AppleWebKit/537.36 (KHTML, like Gecko) Chrome/41.0.2272.96 Mobile Safari/537.36 (compatible; Googlebot/2.1; +http://www.google.com/bot.html)"
216.244.66.234 - - [07/Feb/2019:16:52:47 -0500] "GET /robots.txt HTTP/1.1" 410 371 "" "Mozilla/5.0 (compatible; DotBot/1.1; http://www.opensiteexplorer.org/dotbot, help@moz.com)"
34.73.229.160 - - [07/Feb/2019:17:03:55 -0500] "GET /robots.txt HTTP/1.0" 410 375 "" "ZoominfoBot (zoominfobot at zoominfo dot com)"
34.73.229.160 - - [07/Feb/2019:17:03:55 -0500] "GET / HTTP/1.0" 200 4960 "" "ZoominfoBot (zoominfobot at zoominfo dot com)"
207.180.168.32 - - [07/Feb/2019:17:18:48 -0500] "GET /pages/news/docs/clement_helen_pappas_professorship.pdf HTTP/1.1" 200 54740 "https://www.google.com/" "Mozilla/5.0 (Macintosh; Intel Mac OS X 10_14_2) AppleWebKit/537.36 (KHTML, like Gecko) Chrome/71.0.3578.98 Safari/537.36"
207.180.168.32 - - [07/Feb/2019:17:18:49 -0500] "GET /favicon.ico HTTP/1.1" 410 376 "http://www.afglc.org/pages/news/docs/clement_helen_pappas_professorship.pdf" "Mozilla/5.0 (Macintosh; Intel Mac OS X 10_14_2) AppleWebKit/537.36 (KHTML, like Gecko) Chrome/71.0.3578.98 Safari/537.36"
34.73.229.160 - - [07/Feb/2019:17:20:51 -0500] "GET /robots.txt HTTP/1.0" 410 371 "" "ZoominfoBot (zoominfobot at zoominfo dot com)"
34.73.229.160 - - [07/Feb/2019:17:20:51 -0500] "GET / HTTP/1.0" 200 4956 "" "ZoominfoBot (zoominfobot at zoominfo dot com)"
211.28.150.217 - - [07/Feb/2019:17:23:47 -0500] "GET /Hnaraki_Green_Rhymes1_AFGLC_Forum_2010.pdf HTTP/1.1" 200 119514 "" "Mozilla/5.0 (iPhone; CPU iPhone OS 12_1_2 like Mac OS X) AppleWebKit/605.1.15 (KHTML, like Gecko) Version/12.0 Mobile/15E148 Safari/604.1"
211.28.150.217 - - [07/Feb/2019:17:23:49 -0500] "GET /apple-touch-icon-120x120-precomposed.png HTTP/1.1" 404 308 "" "MobileSafari/604.1 CFNetwork/976 Darwin/18.2.0"
211.28.150.217 - - [07/Feb/2019:17:23:49 -0500] "GET /apple-touch-icon-120x120.png HTTP/1.1" 404 296 "" "MobileSafari/604.1 CFNetwork/976 Darwin/18.2.0"
211.28.150.217 - - [07/Feb/2019:17:23:49 -0500] "GET /apple-touch-icon-precomposed.png HTTP/1.1" 404 300 "" "MobileSafari/604.1 CFNetwork/976 Darwin/18.2.0"
211.28.150.217 - - [07/Feb/2019:17:23:50 -0500] "GET /apple-touch-icon.png HTTP/1.1" 404 288 "" "MobileSafari/604.1 CFNetwork/976 Darwin/18.2.0"
211.28.150.217 - - [07/Feb/2019:17:23:50 -0500] "GET /favicon.ico HTTP/1.1" 410 376 "" "MobileSafari/604.1 CFNetwork/976 Darwin/18.2.0"
211.28.150.217 - - [07/Feb/2019:17:23:50 -0500] "GET /apple-touch-icon-120x120-precomposed.png HTTP/1.1" 404 308 "" "MobileSafari/604.1 CFNetwork/976 Darwin/18.2.0"
211.28.150.217 - - [07/Feb/2019:17:23:50 -0500] "GET /apple-touch-icon-120x120.png HTTP/1.1" 404 296 "" "MobileSafari/604.1 CFNetwork/976 Darwin/18.2.0"
211.28.150.217 - - [07/Feb/2019:17:23:51 -0500] "GET /apple-touch-icon-precomposed.png HTTP/1.1" 404 300 "" "MobileSafari/604.1 CFNetwork/976 Darwin/18.2.0"
211.28.150.217 - - [07/Feb/2019:17:23:51 -0500] "GET /apple-touch-icon.png HTTP/1.1" 404 288 "" "MobileSafari/604.1 CFNetwork/976 Darwin/18.2.0"
211.28.150.217 - - [07/Feb/2019:17:23:51 -0500] "GET /favicon.ico HTTP/1.1" 410 376 "" "MobileSafari/604.1 CFNetwork/976 Darwin/18.2.0"
216.244.66.234 - - [07/Feb/2019:17:39:24 -0500] "GET /robots.txt HTTP/1.1" 410 375 "" "Mozilla/5.0 (compatible; DotBot/1.1; http://www.opensiteexplorer.org/dotbot, help@moz.com)"
216.244.66.234 - - [07/Feb/2019:17:39:24 -0500] "GET /robots.txt HTTP/1.1" 410 371 "" "Mozilla/5.0 (compatible; DotBot/1.1; http://www.opensiteexplorer.org/dotbot, help@moz.com)"
77.75.76.163 - - [07/Feb/2019:17:39:48 -0500] "GET /robots.txt HTTP/1.1" 410 375 "" "Mozilla/5.0 (compatible; SeznamBot/3.2; +http://napoveda.seznam.cz/en/seznambot-intro/)"
77.75.76.163 - - [07/Feb/2019:17:39:49 -0500] "GET /Hnaraki_Green_Rhymes1_AFGLC_Forum_2010.pdf HTTP/1.1" 304 - "" "Mozilla/5.0 (compatible; SeznamBot/3.2; +http://napoveda.seznam.cz/en/seznambot-intro/)"
180.76.15.139 - - [07/Feb/2019:18:05:48 -0500] "GET /pages/foru/AFGLC_Forum_2010/Charalambakis_Greek_Language_AFGLC_Forum_2010.pdf HTTP/1.1" 200 207929 "" "Mozilla/5.0 (compatible; Baiduspider/2.0; +http://www.baidu.com/search/spider.html)"
207.46.13.119 - - [07/Feb/2019:18:17:47 -0500] "GET /pages/foru/AFGLC_Greek_Forum_2003.pdf HTTP/1.1" 200 907888 "" "Mozilla/5.0 (compatible; bingbot/2.0; +http://www.bing.com/bingbot.htm)"
74.101.162.186 - - [07/Feb/2019:18:22:22 -0500] "GET / HTTP/1.1" 200 4960 "" "Mozilla/5.0 (Macintosh; Intel Mac OS X 10_14_3) AppleWebKit/605.1.15 (KHTML, like Gecko)"
74.101.162.186 - - [07/Feb/2019:18:22:22 -0500] "GET /apple-touch-icon-precomposed.png HTTP/1.1" 404 300 "" "Safari/14606.4.5 CFNetwork/976 Darwin/18.2.0 (x86_64)"
74.101.162.186 - - [07/Feb/2019:18:22:22 -0500] "GET /apple-touch-icon.png HTTP/1.1" 404 288 "" "Safari/14606.4.5 CFNetwork/976 Darwin/18.2.0 (x86_64)"
74.101.162.186 - - [07/Feb/2019:18:22:22 -0500] "GET /favicon.ico HTTP/1.1" 410 376 "" "Safari/14606.4.5 CFNetwork/976 Darwin/18.2.0 (x86_64)"
74.101.162.186 - - [07/Feb/2019:18:22:23 -0500] "GET /apple-touch-icon-precomposed.png HTTP/1.1" 404 300 "" "Safari/14606.4.5 CFNetwork/976 Darwin/18.2.0 (x86_64)"
74.101.162.186 - - [07/Feb/2019:18:22:23 -0500] "GET /apple-touch-icon.png HTTP/1.1" 404 288 "" "Safari/14606.4.5 CFNetwork/976 Darwin/18.2.0 (x86_64)"
74.101.162.186 - - [07/Feb/2019:18:22:23 -0500] "GET /favicon.ico HTTP/1.1" 410 376 "" "Safari/14606.4.5 CFNetwork/976 Darwin/18.2.0 (x86_64)"
74.101.162.186 - - [07/Feb/2019:18:22:23 -0500] "GET / HTTP/1.1" 200 4960 "" "Mozilla/5.0 (iPhone; CPU iPhone OS 11_3 like Mac OS X) AppleWebKit/605.1.15 (KHTML, like Gecko) Version/11.0 Mobile/15E148 Safari/604.1"
74.101.162.186 - - [07/Feb/2019:18:22:23 -0500] "GET /apple-touch-icon-precomposed.png HTTP/1.1" 404 300 "" "Safari/14606.4.5 CFNetwork/976 Darwin/18.2.0 (x86_64)"
74.101.162.186 - - [07/Feb/2019:18:22:23 -0500] "GET /apple-touch-icon.png HTTP/1.1" 404 288 "" "Safari/14606.4.5 CFNetwork/976 Darwin/18.2.0 (x86_64)"
74.101.162.186 - - [07/Feb/2019:18:22:23 -0500] "GET /favicon.ico HTTP/1.1" 410 376 "" "Safari/14606.4.5 CFNetwork/976 Darwin/18.2.0 (x86_64)"
74.101.162.186 - - [07/Feb/2019:18:22:23 -0500] "GET /apple-touch-icon-precomposed.png HTTP/1.1" 404 300 "" "Safari/14606.4.5 CFNetwork/976 Darwin/18.2.0 (x86_64)"
74.101.162.186 - - [07/Feb/2019:18:22:23 -0500] "GET /apple-touch-icon.png HTTP/1.1" 404 288 "" "Safari/14606.4.5 CFNetwork/976 Darwin/18.2.0 (x86_64)"
74.101.162.186 - - [07/Feb/2019:18:22:23 -0500] "GET /favicon.ico HTTP/1.1" 410 376 "" "Safari/14606.4.5 CFNetwork/976 Darwin/18.2.0 (x86_64)"
52.56.198.140 - - [07/Feb/2019:18:23:20 -0500] "GET /logs/ex20180901.log HTTP/1.0" 404 287 "http://buspar10.com" "Mozilla/5.0 (X11; Linux x86_64; rv:60.0) Gecko/20100101 Firefox/60.0"
46.44.53.105 - - [07/Feb/2019:18:24:18 -0500] "GET /logs/ex20181227.log HTTP/1.0" 404 287 "http://buspar10.com" "Mozilla/5.0 (Macintosh; Intel Mac OS X 10_14_1) AppleWebKit/537.36 (KHTML, like Gecko) Chrome/70.0.3538.77 Safari/537.36"
216.244.66.234 - - [07/Feb/2019:18:26:28 -0500] "GET /robots.txt HTTP/1.1" 410 371 "" "Mozilla/5.0 (compatible; DotBot/1.1; http://www.opensiteexplorer.org/dotbot, help@moz.com)"
141.8.143.184 - - [07/Feb/2019:18:29:05 -0500] "GET /robots.txt HTTP/1.1" 410 375 "" "Mozilla/5.0 (compatible; YandexBot/3.0; +http://yandex.com/bots)"
141.8.143.143 - - [07/Feb/2019:18:29:09 -0500] "GET /oldwebsite2/pages/cent/tri/rscnj_brochure_1.pdf HTTP/1.1" 200 1050162 "" "Mozilla/5.0 (compatible; YandexBot/3.0; +http://yandex.com/bots)"
35.237.4.180 - - [07/Feb/2019:18:45:36 -0500] "GET /robots.txt HTTP/1.0" 410 371 "" "ZoominfoBot (zoominfobot at zoominfo dot com)"
35.237.4.180 - - [07/Feb/2019:18:45:36 -0500] "GET /_vti_txt/ HTTP/1.0" 200 281 "" "ZoominfoBot (zoominfobot at zoominfo dot com)"
35.237.4.180 - - [07/Feb/2019:18:46:27 -0500] "GET /_vti_pvt/ HTTP/1.0" 200 1443 "" "ZoominfoBot (zoominfobot at zoominfo dot com)"
35.237.4.180 - - [07/Feb/2019:18:46:58 -0500] "GET /pages/ HTTP/1.0" 200 1145 "" "ZoominfoBot (zoominfobot at zoominfo dot com)"
35.237.4.180 - - [07/Feb/2019:18:48:46 -0500] "GET /img/ HTTP/1.0" 200 1099 "" "ZoominfoBot (zoominfobot at zoominfo dot com)"
35.237.4.180 - - [07/Feb/2019:18:48:52 -0500] "GET /aspnet_client/ HTTP/1.0" 403 218 "" "ZoominfoBot (zoominfobot at zoominfo dot com)"
35.237.4.180 - - [07/Feb/2019:18:49:30 -0500] "GET /js/ HTTP/1.0" 200 431 "" "ZoominfoBot (zoominfobot at zoominfo dot com)"
35.237.4.180 - - [07/Feb/2019:18:56:12 -0500] "GET /robots.txt HTTP/1.0" 410 375 "" "ZoominfoBot (zoominfobot at zoominfo dot com)"
35.237.4.180 - - [07/Feb/2019:18:56:12 -0500] "GET /ny/ HTTP/1.0" 200 9678 "" "ZoominfoBot (zoominfobot at zoominfo dot com)"
35.237.4.180 - - [07/Feb/2019:18:58:36 -0500] "GET /css/ HTTP/1.0" 200 315 "" "ZoominfoBot (zoominfobot at zoominfo dot com)"
46.118.122.207 - - [07/Feb/2019:19:02:16 -0500] "GET /php.root/ HTTP/1.1" 200 285 "https://skazki-rus.ru/" "Mozilla/4.0 (compatible; MSIE 6.0; Windows NT 5.0)"
46.118.122.207 - - [07/Feb/2019:19:02:17 -0500] "GET /php.root/ HTTP/1.1" 200 285 "https://skazki-rus.ru/" "Mozilla/4.0 (compatible; MSIE 6.0; Windows NT 5.0)"
46.118.122.207 - - [07/Feb/2019:19:02:17 -0500] "GET /php.root/ HTTP/1.1" 200 285 "https://skazki-rus.ru/" "Mozilla/4.0 (compatible; MSIE 6.0; Windows NT 5.0)"
35.237.4.180 - - [07/Feb/2019:19:05:43 -0500] "GET /newsite/ HTTP/1.0" 200 3715 "" "ZoominfoBot (zoominfobot at zoominfo dot com)"
52.53.239.120 - - [07/Feb/2019:19:05:58 -0500] "GET / HTTP/1.1" 200 4960 "" "Mozilla/5.0"
35.237.4.180 - - [07/Feb/2019:19:08:52 -0500] "GET /_vti_script/ HTTP/1.0" 200 287 "" "ZoominfoBot (zoominfobot at zoominfo dot com)"
35.237.4.180 - - [07/Feb/2019:19:10:47 -0500] "GET /oldwebsite2/ HTTP/1.0" 200 3637 "" "ZoominfoBot (zoominfobot at zoominfo dot com)"
216.244.66.234 - - [07/Feb/2019:19:13:29 -0500] "GET /robots.txt HTTP/1.1" 410 371 "" "Mozilla/5.0 (compatible; DotBot/1.1; http://www.opensiteexplorer.org/dotbot, help@moz.com)"
35.237.4.180 - - [07/Feb/2019:19:16:52 -0500] "GET /_vti_pvt/ HTTP/1.0" 200 1447 "" "ZoominfoBot (zoominfobot at zoominfo dot com)"
35.237.4.180 - - [07/Feb/2019:19:17:44 -0500] "GET /images/ HTTP/1.0" 200 1907 "" "ZoominfoBot (zoominfobot at zoominfo dot com)"
35.237.4.180 - - [07/Feb/2019:19:17:50 -0500] "GET /newsite/ HTTP/1.0" 200 3715 "" "ZoominfoBot (zoominfobot at zoominfo dot com)"
40.77.167.39 - - [07/Feb/2019:19:20:51 -0500] "GET /pages/foru/AFGLC_Forum_2010/Charalambakis_Greek_Language_AFGLC_Forum_2010.pdf&keyword=books-in-the-greek-language HTTP/1.1" 404 385 "" "Mozilla/5.0 (compatible; bingbot/2.0; +http://www.bing.com/bingbot.htm)"
35.237.4.180 - - [07/Feb/2019:19:20:57 -0500] "GET /_vti_txt/ HTTP/1.0" 200 285 "" "ZoominfoBot (zoominfobot at zoominfo dot com)"
148.251.75.46 - - [07/Feb/2019:19:22:51 -0500] "GET /AFGLC_Program_2014_v1.4.pdf HTTP/1.1" 200 2166453 "" "Mozilla/5.0 (Windows NT 10.0; Win64; x64) AppleWebKit/537.36 (KHTML, like Gecko) Chrome/63.0.3239.132 Safari/537.36 OPR/50.0.2762.58"
35.237.4.180 - - [07/Feb/2019:19:23:55 -0500] "GET /css/ HTTP/1.0" 200 319 "" "ZoominfoBot (zoominfobot at zoominfo dot com)"
35.237.4.180 - - [07/Feb/2019:19:25:35 -0500] "GET /_vti_script/ HTTP/1.0" 200 291 "" "ZoominfoBot (zoominfobot at zoominfo dot com)"
35.237.4.180 - - [07/Feb/2019:19:25:46 -0500] "GET /aspnet_client/ HTTP/1.0" 403 218 "" "ZoominfoBot (zoominfobot at zoominfo dot com)"
216.244.66.234 - - [07/Feb/2019:19:59:51 -0500] "GET /robots.txt HTTP/1.1" 410 375 "" "Mozilla/5.0 (compatible; DotBot/1.1; http://www.opensiteexplorer.org/dotbot, help@moz.com)"
216.244.66.234 - - [07/Feb/2019:19:59:51 -0500] "GET /robots.txt HTTP/1.1" 410 371 "" "Mozilla/5.0 (compatible; DotBot/1.1; http://www.opensiteexplorer.org/dotbot, help@moz.com)"
35.231.225.25 - - [07/Feb/2019:20:12:49 -0500] "GET / HTTP/1.1" 200 4956 "" "Mozilla/5.0 (X11; U; Linux i686) Gecko/20071127 Firefox/2.0.0.11"
172.58.173.158 - - [07/Feb/2019:20:32:06 -0500] "GET /?page=education HTTP/1.1" 200 4960 "" "Mozilla/5.0 (iPhone; CPU iPhone OS 12_1_2 like Mac OS X) AppleWebKit/605.1.15 (KHTML, like Gecko) Version/12.0 Mobile/15E148 Safari/604.1"
172.58.173.158 - - [07/Feb/2019:20:32:07 -0500] "GET /apple-touch-icon-120x120-precomposed.png HTTP/1.1" 404 308 "" "MobileSafari/604.1 CFNetwork/976 Darwin/18.2.0"
172.58.173.158 - - [07/Feb/2019:20:32:07 -0500] "GET /apple-touch-icon-120x120.png HTTP/1.1" 404 296 "" "MobileSafari/604.1 CFNetwork/976 Darwin/18.2.0"
172.58.173.158 - - [07/Feb/2019:20:32:07 -0500] "GET /apple-touch-icon-precomposed.png HTTP/1.1" 404 300 "" "MobileSafari/604.1 CFNetwork/976 Darwin/18.2.0"
172.58.173.158 - - [07/Feb/2019:20:32:07 -0500] "GET /apple-touch-icon.png HTTP/1.1" 404 288 "" "MobileSafari/604.1 CFNetwork/976 Darwin/18.2.0"
172.58.173.158 - - [07/Feb/2019:20:32:07 -0500] "GET /favicon.ico HTTP/1.1" 410 376 "" "MobileSafari/604.1 CFNetwork/976 Darwin/18.2.0"
172.58.173.158 - - [07/Feb/2019:20:32:07 -0500] "GET /apple-touch-icon-120x120-precomposed.png HTTP/1.1" 404 308 "" "MobileSafari/604.1 CFNetwork/976 Darwin/18.2.0"
172.58.173.158 - - [07/Feb/2019:20:32:07 -0500] "GET /apple-touch-icon-120x120.png HTTP/1.1" 404 296 "" "MobileSafari/604.1 CFNetwork/976 Darwin/18.2.0"
172.58.173.158 - - [07/Feb/2019:20:32:07 -0500] "GET /apple-touch-icon-precomposed.png HTTP/1.1" 404 300 "" "MobileSafari/604.1 CFNetwork/976 Darwin/18.2.0"
172.58.173.158 - - [07/Feb/2019:20:32:07 -0500] "GET /apple-touch-icon.png HTTP/1.1" 404 288 "" "MobileSafari/604.1 CFNetwork/976 Darwin/18.2.0"
172.58.173.158 - - [07/Feb/2019:20:32:07 -0500] "GET /favicon.ico HTTP/1.1" 410 376 "" "MobileSafari/604.1 CFNetwork/976 Darwin/18.2.0"
77.75.79.36 - - [07/Feb/2019:20:45:12 -0500] "GET /robots.txt HTTP/1.1" 410 375 "" "Mozilla/5.0 (compatible; SeznamBot/3.2; +http://napoveda.seznam.cz/en/seznambot-intro/)"
77.75.79.36 - - [07/Feb/2019:20:45:13 -0500] "GET /pages/foru/AFGLC_Greek_Forum_2004.pdf HTTP/1.1" 304 - "" "Mozilla/5.0 (compatible; SeznamBot/3.2; +http://napoveda.seznam.cz/en/seznambot-intro/)"
77.75.79.36 - - [07/Feb/2019:20:45:14 -0500] "GET /Greek_Forum_2001_Program_final.pdf HTTP/1.1" 304 - "" "Mozilla/5.0 (compatible; SeznamBot/3.2; +http://napoveda.seznam.cz/en/seznambot-intro/)"
77.75.79.36 - - [07/Feb/2019:20:45:14 -0500] "GET /logs/ex20181220.log HTTP/1.1" 404 287 "" "Mozilla/5.0 (compatible; SeznamBot/3.2; +http://napoveda.seznam.cz/en/seznambot-intro/)"
216.244.66.234 - - [07/Feb/2019:20:46:40 -0500] "GET /robots.txt HTTP/1.1" 410 375 "" "Mozilla/5.0 (compatible; DotBot/1.1; http://www.opensiteexplorer.org/dotbot, help@moz.com)"
216.244.66.234 - - [07/Feb/2019:20:46:40 -0500] "GET /robots.txt HTTP/1.1" 410 371 "" "Mozilla/5.0 (compatible; DotBot/1.1; http://www.opensiteexplorer.org/dotbot, help@moz.com)"
211.28.150.217 - - [07/Feb/2019:21:06:59 -0500] "GET /Hnaraki_Green_Rhymes1_AFGLC_Forum_2010.pdf HTTP/1.1" 200 119514 "" "Mozilla/5.0 (iPhone; CPU iPhone OS 12_1_2 like Mac OS X) AppleWebKit/605.1.15 (KHTML, like Gecko) Version/12.0 Mobile/15E148 Safari/604.1"
211.28.150.217 - - [07/Feb/2019:21:07:01 -0500] "GET /apple-touch-icon-120x120-precomposed.png HTTP/1.1" 404 308 "" "MobileSafari/604.1 CFNetwork/976 Darwin/18.2.0"
211.28.150.217 - - [07/Feb/2019:21:07:01 -0500] "GET /apple-touch-icon-120x120.png HTTP/1.1" 404 296 "" "MobileSafari/604.1 CFNetwork/976 Darwin/18.2.0"
211.28.150.217 - - [07/Feb/2019:21:07:01 -0500] "GET /apple-touch-icon-precomposed.png HTTP/1.1" 404 300 "" "MobileSafari/604.1 CFNetwork/976 Darwin/18.2.0"
211.28.150.217 - - [07/Feb/2019:21:07:01 -0500] "GET /apple-touch-icon.png HTTP/1.1" 404 288 "" "MobileSafari/604.1 CFNetwork/976 Darwin/18.2.0"
211.28.150.217 - - [07/Feb/2019:21:07:02 -0500] "GET /favicon.ico HTTP/1.1" 410 376 "" "MobileSafari/604.1 CFNetwork/976 Darwin/18.2.0"
211.28.150.217 - - [07/Feb/2019:21:07:02 -0500] "GET /apple-touch-icon-120x120-precomposed.png HTTP/1.1" 404 308 "" "MobileSafari/604.1 CFNetwork/976 Darwin/18.2.0"
211.28.150.217 - - [07/Feb/2019:21:07:02 -0500] "GET /apple-touch-icon-120x120.png HTTP/1.1" 404 296 "" "MobileSafari/604.1 CFNetwork/976 Darwin/18.2.0"
211.28.150.217 - - [07/Feb/2019:21:07:02 -0500] "GET /apple-touch-icon-precomposed.png HTTP/1.1" 404 300 "" "MobileSafari/604.1 CFNetwork/976 Darwin/18.2.0"
211.28.150.217 - - [07/Feb/2019:21:07:03 -0500] "GET /apple-touch-icon.png HTTP/1.1" 404 288 "" "MobileSafari/604.1 CFNetwork/976 Darwin/18.2.0"
211.28.150.217 - - [07/Feb/2019:21:07:03 -0500] "GET /favicon.ico HTTP/1.1" 410 376 "" "MobileSafari/604.1 CFNetwork/976 Darwin/18.2.0"
78.46.90.120 - - [07/Feb/2019:21:08:42 -0500] "GET /pages/news/Newsletters/AFGLC_IFGLC_Spring_Summer_Newsletter_2010.pdf HTTP/1.1" 200 969233 "" "Mozilla/5.0 (Macintosh; Intel Mac OS X 10.13; rv:58.0) Gecko/20100101 Firefox/58.0"
5.9.94.207 - - [07/Feb/2019:21:08:42 -0500] "GET /pages/news/Newsletters/AFGLC_IFGLC_Fall_Winter_Newsletter_2010.pdf HTTP/1.1" 200 601225 "" "Mozilla/5.0 (Windows NT 6.1; Win64; x64) AppleWebKit/537.36 (KHTML, like Gecko) Chrome/63.0.3239.84 Safari/537.36"
88.99.27.172 - - [07/Feb/2019:21:08:54 -0500] "GET /pages/news/Newsletters/AFGLC_IFGLC_Fall_Winter_Newsletter_2010.pdf HTTP/1.1" 200 601225 "" "Mozilla/5.0 (Macintosh; Intel Mac OS X 10_12_6) AppleWebKit/604.5.6 (KHTML, like Gecko) Version/11.0.3 Safari/604.5.6"
148.251.237.246 - - [07/Feb/2019:21:08:55 -0500] "GET /pages/news/Newsletters/AFGLC_IFGLC_Spring_Summer_Newsletter_2010.pdf HTTP/1.1" 200 969233 "" "Mozilla/5.0 (Macintosh; Intel Mac OS X 10_8_2) AppleWebKit/536.26.17 (KHTML, like Gecko) Version/6.0.2 Safari/536.26.17"
144.76.162.206 - - [07/Feb/2019:21:09:05 -0500] "GET /pages/news/Newsletters/AFGLC_IFGLC_Fall_Winter_Newsletter_2010.pdf HTTP/1.1" 200 601225 "" "Mozilla/5.0 (Macintosh; Intel Mac OS X 10_8_2) AppleWebKit/536.26.17 (KHTML, like Gecko) Version/6.0.2 Safari/536.26.17"
88.198.43.207 - - [07/Feb/2019:21:09:05 -0500] "GET /pages/news/Newsletters/AFGLC_IFGLC_Spring_Summer_Newsletter_2010.pdf HTTP/1.1" 200 969233 "" "Mozilla/5.0 (Windows NT 6.1; Win64; x64; rv:57.0) Gecko/20100101 Firefox/57.0"
77.75.78.160 - - [07/Feb/2019:21:18:24 -0500] "GET /robots.txt HTTP/1.1" 410 375 "" "Mozilla/5.0 (compatible; SeznamBot/3.2; +http://napoveda.seznam.cz/en/seznambot-intro/)"
77.75.78.160 - - [07/Feb/2019:21:18:25 -0500] "GET /img/menu/contact.jpg HTTP/1.1" 200 9620 "" "Mozilla/5.0 (compatible; SeznamBot/3.2; +http://napoveda.seznam.cz/en/seznambot-intro/)"
207.46.13.119 - - [07/Feb/2019:21:24:41 -0500] "GET /pages/news/docs/chris_tsokos_hnds.pdf HTTP/1.1" 200 121744 "" "Mozilla/5.0 (compatible; bingbot/2.0; +http://www.bing.com/bingbot.htm)"
40.77.167.148 - - [07/Feb/2019:21:25:12 -0500] "GET /robots.txt HTTP/1.1" 410 375 "" "Mozilla/5.0 (compatible; bingbot/2.0; +http://www.bing.com/bingbot.htm)"
216.244.66.234 - - [07/Feb/2019:21:33:42 -0500] "GET /robots.txt HTTP/1.1" 410 371 "" "Mozilla/5.0 (compatible; DotBot/1.1; http://www.opensiteexplorer.org/dotbot, help@moz.com)"
216.244.66.234 - - [07/Feb/2019:21:33:42 -0500] "GET /robots.txt HTTP/1.1" 410 375 "" "Mozilla/5.0 (compatible; DotBot/1.1; http://www.opensiteexplorer.org/dotbot, help@moz.com)"
66.249.64.186 - - [07/Feb/2019:21:36:40 -0500] "GET /robots.txt HTTP/1.1" 410 375 "" "Mozilla/5.0 (compatible; Googlebot/2.1; +http://www.google.com/bot.html)"
66.249.64.186 - - [07/Feb/2019:21:36:40 -0500] "GET /oldwebsite2/pages/cent/interna/ath_final.doc HTTP/1.1" 200 1039872 "" "Mozilla/5.0 (Linux; Android 6.0.1; Nexus 5X Build/MMB29P) AppleWebKit/537.36 (KHTML, like Gecko) Chrome/41.0.2272.96 Mobile Safari/537.36 (compatible; Googlebot/2.1; +http://www.google.com/bot.html)"
40.77.167.148 - - [07/Feb/2019:21:40:18 -0500] "GET / HTTP/1.1" 200 4960 "" "Mozilla/5.0 (compatible; bingbot/2.0; +http://www.bing.com/bingbot.htm)"
199.58.86.211 - - [07/Feb/2019:22:20:08 -0500] "GET /robots.txt HTTP/1.1" 410 375 "" "Mozilla/5.0 (compatible; MJ12bot/v1.4.8; http://mj12bot.com/)"
199.58.86.211 - - [07/Feb/2019:22:20:11 -0500] "GET / HTTP/1.1" 200 4960 "" "Mozilla/5.0 (compatible; MJ12bot/v1.4.8; http://mj12bot.com/)"
216.244.66.234 - - [07/Feb/2019:22:20:24 -0500] "GET /robots.txt HTTP/1.1" 410 371 "" "Mozilla/5.0 (compatible; DotBot/1.1; http://www.opensiteexplorer.org/dotbot, help@moz.com)"
216.244.66.234 - - [07/Feb/2019:22:20:24 -0500] "GET /robots.txt HTTP/1.1" 410 375 "" "Mozilla/5.0 (compatible; DotBot/1.1; http://www.opensiteexplorer.org/dotbot, help@moz.com)"
46.229.168.150 - - [07/Feb/2019:22:22:18 -0500] "GET /robots.txt HTTP/1.1" 410 375 "" "Mozilla/5.0 (compatible; SemrushBot/3~bl; +http://www.semrush.com/bot.html)"
46.229.168.147 - - [07/Feb/2019:22:22:18 -0500] "GET /_vti_pvt/deptodoc.btr HTTP/1.1" 200 324 "" "Mozilla/5.0 (compatible; SemrushBot/3~bl; +http://www.semrush.com/bot.html)"
77.75.78.160 - - [07/Feb/2019:22:44:37 -0500] "GET /robots.txt HTTP/1.1" 410 375 "" "Mozilla/5.0 (compatible; SeznamBot/3.2; +http://napoveda.seznam.cz/en/seznambot-intro/)"
77.75.78.160 - - [07/Feb/2019:22:44:38 -0500] "GET /pages/foru/ HTTP/1.1" 200 1261 "" "Mozilla/5.0 (compatible; SeznamBot/3.2; +http://napoveda.seznam.cz/en/seznambot-intro/)"
54.165.119.2 - - [07/Feb/2019:22:53:26 -0500] "GET /pages/leadership/governance_hq.asp HTTP/1.0" 200 15138 "" "React/alpha"
216.244.66.234 - - [07/Feb/2019:22:57:16 -0500] "GET /?page=links HTTP/1.1" 200 4960 "" "Mozilla/5.0 (compatible; DotBot/1.1; http://www.opensiteexplorer.org/dotbot, help@moz.com)"
216.244.66.234 - - [07/Feb/2019:23:06:58 -0500] "GET /robots.txt HTTP/1.1" 410 375 "" "Mozilla/5.0 (compatible; DotBot/1.1; http://www.opensiteexplorer.org/dotbot, help@moz.com)"
216.244.66.234 - - [07/Feb/2019:23:06:58 -0500] "GET /robots.txt HTTP/1.1" 410 371 "" "Mozilla/5.0 (compatible; DotBot/1.1; http://www.opensiteexplorer.org/dotbot, help@moz.com)"
77.75.79.54 - - [07/Feb/2019:23:28:37 -0500] "GET /robots.txt HTTP/1.1" 410 375 "" "Mozilla/5.0 (compatible; SeznamBot/3.2; +http://napoveda.seznam.cz/en/seznambot-intro/)"
77.75.79.54 - - [07/Feb/2019:23:28:38 -0500] "GET /logs/ex20181221.log HTTP/1.1" 404 287 "" "Mozilla/5.0 (compatible; SeznamBot/3.2; +http://napoveda.seznam.cz/en/seznambot-intro/)"
207.178.216.49 - - [07/Feb/2019:23:32:21 -0500] "HEAD / HTTP/1.1" 200 - "" "OU Campus (Link Check)"
207.178.216.49 - - [07/Feb/2019:23:37:20 -0500] "HEAD /ny/ HTTP/1.1" 200 - "" "OU Campus (Link Check)"
216.244.66.234 - - [07/Feb/2019:23:53:47 -0500] "GET /robots.txt HTTP/1.1" 410 371 "" "Mozilla/5.0 (compatible; DotBot/1.1; http://www.opensiteexplorer.org/dotbot, help@moz.com)"
216.244.66.234 - - [07/Feb/2019:23:53:48 -0500] "GET /robots.txt HTTP/1.1" 410 375 "" "Mozilla/5.0 (compatible; DotBot/1.1; http://www.opensiteexplorer.org/dotbot, help@moz.com)"