34.73.251.133 - - [31/Jan/2019:15:19:56 -0500] "GET /js/ HTTP/1.0" 200 435 "" "ZoominfoBot (zoominfobot at zoominfo dot com)"
34.73.251.133 - - [31/Jan/2019:15:21:36 -0500] "GET /ny/ HTTP/1.0" 200 9678 "" "ZoominfoBot (zoominfobot at zoominfo dot com)"
34.73.251.133 - - [31/Jan/2019:15:29:01 -0500] "GET /aus.html HTTP/1.0" 200 94132 "" "ZoominfoBot (zoominfobot at zoominfo dot com)"
216.244.66.234 - - [31/Jan/2019:15:33:43 -0500] "GET /pages/wafglc/wbody.asp HTTP/1.1" 200 3699 "" "Mozilla/5.0 (compatible; DotBot/1.1; http://www.opensiteexplorer.org/dotbot, help@moz.com)"
66.249.66.25 - - [31/Jan/2019:15:33:49 -0500] "GET /css/site.css HTTP/1.1" 404 280 "http://www.afglc.org/pages/leadership/tsokos.asp" "Mozilla/5.0 AppleWebKit/537.36 (KHTML, like Gecko; compatible; Googlebot/2.1; +http://www.google.com/bot.html) Safari/537.36"
34.73.251.133 - - [31/Jan/2019:15:38:07 -0500] "GET /img/ HTTP/1.0" 200 1103 "" "ZoominfoBot (zoominfobot at zoominfo dot com)"
34.73.251.133 - - [31/Jan/2019:15:42:21 -0500] "GET /php.root/ HTTP/1.0" 200 285 "" "ZoominfoBot (zoominfobot at zoominfo dot com)"
216.244.66.234 - - [31/Jan/2019:15:46:57 -0500] "GET /robots.txt HTTP/1.1" 410 375 "" "Mozilla/5.0 (compatible; DotBot/1.1; http://www.opensiteexplorer.org/dotbot, help@moz.com)"
216.244.66.234 - - [31/Jan/2019:15:46:57 -0500] "GET /robots.txt HTTP/1.1" 410 371 "" "Mozilla/5.0 (compatible; DotBot/1.1; http://www.opensiteexplorer.org/dotbot, help@moz.com)"
34.73.251.133 - - [31/Jan/2019:15:55:12 -0500] "GET /_vti_pvt/ HTTP/1.0" 200 1447 "" "ZoominfoBot (zoominfobot at zoominfo dot com)"
34.73.251.133 - - [31/Jan/2019:15:56:51 -0500] "GET /newsite/ HTTP/1.0" 200 3715 "" "ZoominfoBot (zoominfobot at zoominfo dot com)"
180.76.15.151 - - [31/Jan/2019:16:00:15 -0500] "GET /pages/foru/AFGLC_Forum_2010/Charalambakis_Greek_Language_AFGLC_Forum_2010.pdf HTTP/1.1" 200 207929 "" "Mozilla/5.0 (compatible; Baiduspider/2.0; +http://www.baidu.com/search/spider.html)"
34.73.251.133 - - [31/Jan/2019:16:02:01 -0500] "GET /_vti_txt/ HTTP/1.0" 200 285 "" "ZoominfoBot (zoominfobot at zoominfo dot com)"
34.73.251.133 - - [31/Jan/2019:16:06:59 -0500] "GET /css/ HTTP/1.0" 200 319 "" "ZoominfoBot (zoominfobot at zoominfo dot com)"
34.73.251.133 - - [31/Jan/2019:16:07:57 -0500] "GET /index.asp HTTP/1.0" 200 20885 "" "ZoominfoBot (zoominfobot at zoominfo dot com)"
34.73.251.133 - - [31/Jan/2019:16:09:41 -0500] "GET /_vti_script/ HTTP/1.0" 200 291 "" "ZoominfoBot (zoominfobot at zoominfo dot com)"
46.119.122.127 - - [31/Jan/2019:16:09:49 -0500] "GET /php.root/ HTTP/1.1" 200 285 "http://gidonline.one/" "Mozilla/4.0 (compatible; MSIE 6.0; Windows NT 5.2; Win64; AMD64)"
46.119.122.127 - - [31/Jan/2019:16:09:50 -0500] "GET /php.root/ HTTP/1.1" 200 285 "http://gidonline.one/" "Mozilla/4.0 (compatible; MSIE 6.0; Windows NT 5.2; Win64; AMD64)"
46.119.122.127 - - [31/Jan/2019:16:09:50 -0500] "GET /php.root/ HTTP/1.1" 200 285 "http://gidonline.one/" "Mozilla/4.0 (compatible; MSIE 6.0; Windows NT 5.2; Win64; AMD64)"
34.73.251.133 - - [31/Jan/2019:16:10:07 -0500] "GET /aspnet_client/ HTTP/1.0" 403 218 "" "ZoominfoBot (zoominfobot at zoominfo dot com)"
34.73.251.133 - - [31/Jan/2019:16:10:11 -0500] "GET /robots.txt HTTP/1.0" 410 371 "" "ZoominfoBot (zoominfobot at zoominfo dot com)"
34.73.251.133 - - [31/Jan/2019:16:10:11 -0500] "GET / HTTP/1.0" 200 4956 "" "ZoominfoBot (zoominfobot at zoominfo dot com)"
34.73.251.133 - - [31/Jan/2019:16:14:54 -0500] "GET /images/ HTTP/1.0" 200 1911 "" "ZoominfoBot (zoominfobot at zoominfo dot com)"
157.55.39.200 - - [31/Jan/2019:16:18:44 -0500] "GET /Hnaraki_Green_Rhymes2_AFGLC_Forum_2010.pdf HTTP/1.1" 200 9753673 "" "Mozilla/5.0 (compatible; bingbot/2.0; +http://www.bing.com/bingbot.htm)"
216.244.66.234 - - [31/Jan/2019:16:22:25 -0500] "GET /pages/cent/karakas.asp HTTP/1.1" 200 2099 "" "Mozilla/5.0 (compatible; DotBot/1.1; http://www.opensiteexplorer.org/dotbot, help@moz.com)"
216.244.66.234 - - [31/Jan/2019:16:34:05 -0500] "GET /robots.txt HTTP/1.1" 410 375 "" "Mozilla/5.0 (compatible; DotBot/1.1; http://www.opensiteexplorer.org/dotbot, help@moz.com)"
66.249.66.27 - - [31/Jan/2019:16:57:33 -0500] "GET /_vti_cnf/ HTTP/1.1" 200 299 "" "Mozilla/5.0 (Linux; Android 6.0.1; Nexus 5X Build/MMB29P) AppleWebKit/537.36 (KHTML, like Gecko) Chrome/41.0.2272.96 Mobile Safari/537.36 (compatible; Googlebot/2.1; +http://www.google.com/bot.html)"
172.58.173.213 - - [31/Jan/2019:16:57:52 -0500] "GET /?page=education HTTP/1.1" 200 4960 "" "Mozilla/5.0 (iPhone; CPU iPhone OS 12_1_2 like Mac OS X) AppleWebKit/605.1.15 (KHTML, like Gecko) Version/12.0 Mobile/15E148 Safari/604.1"
172.58.173.213 - - [31/Jan/2019:16:57:52 -0500] "GET /apple-touch-icon-120x120-precomposed.png HTTP/1.1" 404 308 "" "MobileSafari/604.1 CFNetwork/976 Darwin/18.2.0"
172.58.173.213 - - [31/Jan/2019:16:57:52 -0500] "GET /apple-touch-icon-120x120.png HTTP/1.1" 404 296 "" "MobileSafari/604.1 CFNetwork/976 Darwin/18.2.0"
172.58.173.213 - - [31/Jan/2019:16:57:53 -0500] "GET /apple-touch-icon-precomposed.png HTTP/1.1" 404 300 "" "MobileSafari/604.1 CFNetwork/976 Darwin/18.2.0"
172.58.173.213 - - [31/Jan/2019:16:57:53 -0500] "GET /apple-touch-icon.png HTTP/1.1" 404 288 "" "MobileSafari/604.1 CFNetwork/976 Darwin/18.2.0"
172.58.173.213 - - [31/Jan/2019:16:57:53 -0500] "GET /favicon.ico HTTP/1.1" 410 376 "" "MobileSafari/604.1 CFNetwork/976 Darwin/18.2.0"
172.58.173.213 - - [31/Jan/2019:16:57:53 -0500] "GET /apple-touch-icon-120x120-precomposed.png HTTP/1.1" 404 308 "" "MobileSafari/604.1 CFNetwork/976 Darwin/18.2.0"
172.58.173.213 - - [31/Jan/2019:16:57:54 -0500] "GET /apple-touch-icon-120x120.png HTTP/1.1" 404 296 "" "MobileSafari/604.1 CFNetwork/976 Darwin/18.2.0"
172.58.173.213 - - [31/Jan/2019:16:57:54 -0500] "GET /apple-touch-icon-precomposed.png HTTP/1.1" 404 300 "" "MobileSafari/604.1 CFNetwork/976 Darwin/18.2.0"
172.58.173.213 - - [31/Jan/2019:16:57:54 -0500] "GET /apple-touch-icon.png HTTP/1.1" 404 288 "" "MobileSafari/604.1 CFNetwork/976 Darwin/18.2.0"
172.58.173.213 - - [31/Jan/2019:16:57:55 -0500] "GET /favicon.ico HTTP/1.1" 410 376 "" "MobileSafari/604.1 CFNetwork/976 Darwin/18.2.0"
18.130.190.243 - - [31/Jan/2019:17:18:44 -0500] "GET / HTTP/1.1" 200 4956 "" "AHC/2.1"
216.244.66.234 - - [31/Jan/2019:17:21:20 -0500] "GET /robots.txt HTTP/1.1" 410 371 "" "Mozilla/5.0 (compatible; DotBot/1.1; http://www.opensiteexplorer.org/dotbot, help@moz.com)"
216.244.66.234 - - [31/Jan/2019:17:21:20 -0500] "GET /robots.txt HTTP/1.1" 410 375 "" "Mozilla/5.0 (compatible; DotBot/1.1; http://www.opensiteexplorer.org/dotbot, help@moz.com)"
77.75.79.54 - - [31/Jan/2019:17:24:05 -0500] "GET /robots.txt HTTP/1.1" 410 375 "" "Mozilla/5.0 (compatible; SeznamBot/3.2; +http://napoveda.seznam.cz/en/seznambot-intro/)"
77.75.79.54 - - [31/Jan/2019:17:24:06 -0500] "GET /oldwebsite2/del.asp HTTP/1.1" 200 3529 "" "Mozilla/5.0 (compatible; SeznamBot/3.2; +http://napoveda.seznam.cz/en/seznambot-intro/)"
35.227.56.236 - - [31/Jan/2019:17:34:19 -0500] "GET /robots.txt HTTP/1.0" 410 375 "" "ZoominfoBot (zoominfobot at zoominfo dot com)"
35.227.56.236 - - [31/Jan/2019:17:34:19 -0500] "GET / HTTP/1.0" 200 4960 "" "ZoominfoBot (zoominfobot at zoominfo dot com)"
178.137.83.11 - - [31/Jan/2019:17:44:46 -0500] "GET /php.root/ HTTP/1.1" 200 285 "https://www.123movies.love/" "Mozilla/4.0 (compatible; MSIE 6.0; Windows NT 5.1; ru) Opera 8.01"
178.137.83.11 - - [31/Jan/2019:17:44:46 -0500] "GET /php.root/ HTTP/1.1" 200 285 "https://www.123movies.love/" "Mozilla/4.0 (compatible; MSIE 6.0; Windows NT 5.1; ru) Opera 8.01"
178.137.83.11 - - [31/Jan/2019:17:44:47 -0500] "GET /php.root/ HTTP/1.1" 200 285 "https://www.123movies.love/" "Mozilla/4.0 (compatible; MSIE 6.0; Windows NT 5.1; ru) Opera 8.01"
216.244.66.234 - - [31/Jan/2019:17:48:59 -0500] "GET /logs/W2K3WEB3/ex180912.log HTTP/1.1" 404 294 "" "Mozilla/5.0 (compatible; DotBot/1.1; http://www.opensiteexplorer.org/dotbot, help@moz.com)"
216.244.66.234 - - [31/Jan/2019:17:49:01 -0500] "GET /pages/foru/afglc_forum_2010/felos_repatriation_afglc_forum_2010.pdf HTTP/1.1" 200 3896439 "" "Mozilla/5.0 (compatible; DotBot/1.1; http://www.opensiteexplorer.org/dotbot, help@moz.com)"
142.93.65.26 - - [31/Jan/2019:17:59:10 -0500] "GET / HTTP/1.1" 200 4960 "" "Mozilla/5.0 (X11; Datanyze; Linux x86_64) AppleWebKit/537.36 (KHTML, like Gecko) Chrome/65.0.3325.181 Safari/537.36"
47.92.101.198 - - [31/Jan/2019:18:04:15 -0500] "GET /cms/wp-admin/ HTTP/1.1" 404 281 "" ""
46.118.124.60 - - [31/Jan/2019:18:04:58 -0500] "GET /php.root/ HTTP/1.1" 200 285 "https://vezdevoz.com.ua/" "Mozilla/4.0 (compatible; MSIE 6.0; Windows NT 5.1; SV1)"
46.118.124.60 - - [31/Jan/2019:18:04:59 -0500] "GET /php.root/ HTTP/1.1" 200 285 "https://vezdevoz.com.ua/" "Mozilla/4.0 (compatible; MSIE 6.0; Windows NT 5.1; SV1)"
46.118.124.60 - - [31/Jan/2019:18:04:59 -0500] "GET /php.root/ HTTP/1.1" 200 285 "https://vezdevoz.com.ua/" "Mozilla/4.0 (compatible; MSIE 6.0; Windows NT 5.1; SV1)"
216.244.66.234 - - [31/Jan/2019:18:08:38 -0500] "GET /robots.txt HTTP/1.1" 410 371 "" "Mozilla/5.0 (compatible; DotBot/1.1; http://www.opensiteexplorer.org/dotbot, help@moz.com)"
93.158.161.22 - - [31/Jan/2019:18:11:57 -0500] "GET /robots.txt HTTP/1.1" 410 375 "" "Mozilla/5.0 (compatible; YandexBot/3.0; +http://yandex.com/bots)"
93.158.161.22 - - [31/Jan/2019:18:12:01 -0500] "GET /img/border.psd HTTP/1.1" 200 47088 "" "Mozilla/5.0 (compatible; YandexBot/3.0; +http://yandex.com/bots)"
110.54.139.24 - - [31/Jan/2019:18:23:57 -0500] "GET /pages/leadership/structure.jpg HTTP/1.1" 200 102049 "https://www.google.com/" "Mozilla/5.0 (Linux; Android 6.0.1; vivo 1606 Build/MMB29M; wv) AppleWebKit/537.36 (KHTML, like Gecko) Version/4.0 Chrome/66.0.3359.158 Mobile Safari/537.36 GSA/8.22.11.21.arm"
208.118.126.250 - - [31/Jan/2019:18:42:20 -0500] "GET / HTTP/1.1" 200 4960 "" "Mozilla/5.0 (Macintosh; Intel Mac OS X 10_14_3) AppleWebKit/605.1.15 (KHTML, like Gecko)"
208.118.126.250 - - [31/Jan/2019:18:42:22 -0500] "GET /apple-touch-icon-precomposed.png HTTP/1.1" 404 300 "" "Safari/14606.4.5 CFNetwork/976 Darwin/18.2.0 (x86_64)"
208.118.126.250 - - [31/Jan/2019:18:42:22 -0500] "GET /apple-touch-icon.png HTTP/1.1" 404 288 "" "Safari/14606.4.5 CFNetwork/976 Darwin/18.2.0 (x86_64)"
208.118.126.250 - - [31/Jan/2019:18:42:22 -0500] "GET /favicon.ico HTTP/1.1" 410 376 "" "Safari/14606.4.5 CFNetwork/976 Darwin/18.2.0 (x86_64)"
208.118.126.250 - - [31/Jan/2019:18:42:22 -0500] "GET /apple-touch-icon-precomposed.png HTTP/1.1" 404 300 "" "Safari/14606.4.5 CFNetwork/976 Darwin/18.2.0 (x86_64)"
208.118.126.250 - - [31/Jan/2019:18:42:22 -0500] "GET /apple-touch-icon.png HTTP/1.1" 404 288 "" "Safari/14606.4.5 CFNetwork/976 Darwin/18.2.0 (x86_64)"
208.118.126.250 - - [31/Jan/2019:18:42:22 -0500] "GET /favicon.ico HTTP/1.1" 410 376 "" "Safari/14606.4.5 CFNetwork/976 Darwin/18.2.0 (x86_64)"
208.118.126.250 - - [31/Jan/2019:18:42:22 -0500] "GET / HTTP/1.1" 200 4960 "" "Mozilla/5.0 (iPhone; CPU iPhone OS 11_3 like Mac OS X) AppleWebKit/605.1.15 (KHTML, like Gecko) Version/11.0 Mobile/15E148 Safari/604.1"
208.118.126.250 - - [31/Jan/2019:18:42:23 -0500] "GET /apple-touch-icon-precomposed.png HTTP/1.1" 404 300 "" "Safari/14606.4.5 CFNetwork/976 Darwin/18.2.0 (x86_64)"
208.118.126.250 - - [31/Jan/2019:18:42:23 -0500] "GET /apple-touch-icon.png HTTP/1.1" 404 288 "" "Safari/14606.4.5 CFNetwork/976 Darwin/18.2.0 (x86_64)"
208.118.126.250 - - [31/Jan/2019:18:42:23 -0500] "GET /favicon.ico HTTP/1.1" 410 376 "" "Safari/14606.4.5 CFNetwork/976 Darwin/18.2.0 (x86_64)"
208.118.126.250 - - [31/Jan/2019:18:42:23 -0500] "GET /apple-touch-icon-precomposed.png HTTP/1.1" 404 300 "" "Safari/14606.4.5 CFNetwork/976 Darwin/18.2.0 (x86_64)"
208.118.126.250 - - [31/Jan/2019:18:42:23 -0500] "GET /apple-touch-icon.png HTTP/1.1" 404 288 "" "Safari/14606.4.5 CFNetwork/976 Darwin/18.2.0 (x86_64)"
208.118.126.250 - - [31/Jan/2019:18:42:23 -0500] "GET /favicon.ico HTTP/1.1" 410 376 "" "Safari/14606.4.5 CFNetwork/976 Darwin/18.2.0 (x86_64)"
40.77.167.18 - - [31/Jan/2019:18:50:19 -0500] "GET /prog_forum_2005.pdf HTTP/1.1" 200 303387 "" "Mozilla/5.0 (compatible; bingbot/2.0; +http://www.bing.com/bingbot.htm)"
216.244.66.234 - - [31/Jan/2019:18:55:54 -0500] "GET /robots.txt HTTP/1.1" 410 375 "" "Mozilla/5.0 (compatible; DotBot/1.1; http://www.opensiteexplorer.org/dotbot, help@moz.com)"
216.244.66.234 - - [31/Jan/2019:18:55:54 -0500] "GET /robots.txt HTTP/1.1" 410 371 "" "Mozilla/5.0 (compatible; DotBot/1.1; http://www.opensiteexplorer.org/dotbot, help@moz.com)"
46.229.168.140 - - [31/Jan/2019:19:03:59 -0500] "GET /robots.txt HTTP/1.1" 410 375 "" "Mozilla/5.0 (compatible; SemrushBot/3~bl; +http://www.semrush.com/bot.html)"
46.229.168.143 - - [31/Jan/2019:19:04:00 -0500] "GET /ny/?q=home HTTP/1.1" 200 9678 "" "Mozilla/5.0 (compatible; SemrushBot/3~bl; +http://www.semrush.com/bot.html)"
46.229.168.147 - - [31/Jan/2019:19:04:01 -0500] "GET /sitemap.xml HTTP/1.1" 404 279 "" "Mozilla/5.0 (compatible; SemrushBot/3~bl; +http://www.semrush.com/bot.html)"
77.75.78.171 - - [31/Jan/2019:19:14:00 -0500] "GET /robots.txt HTTP/1.1" 410 375 "" "Mozilla/5.0 (compatible; SeznamBot/3.2; +http://napoveda.seznam.cz/en/seznambot-intro/)"
77.75.78.171 - - [31/Jan/2019:19:14:01 -0500] "GET /oldwebsite2/aando.asp HTTP/1.1" 200 3432 "" "Mozilla/5.0 (compatible; SeznamBot/3.2; +http://napoveda.seznam.cz/en/seznambot-intro/)"
66.249.66.26 - - [31/Jan/2019:19:19:14 -0500] "GET /robots.txt HTTP/1.1" 410 375 "" "Mozilla/5.0 (compatible; Googlebot/2.1; +http://www.google.com/bot.html)"
66.249.66.25 - - [31/Jan/2019:19:19:14 -0500] "GET /ny/modules/user/user.css?i HTTP/1.1" 200 1127 "http://www.afglc.org/ny/?q=support" "Mozilla/5.0 AppleWebKit/537.36 (KHTML, like Gecko; compatible; Googlebot/2.1; +http://www.google.com/bot.html) Safari/537.36"
66.249.66.25 - - [31/Jan/2019:19:19:14 -0500] "GET /ny/sites/all/themes/afglcny/html-elements.css?i HTTP/1.1" 200 6167 "http://www.afglc.org/ny/?q=support" "Mozilla/5.0 AppleWebKit/537.36 (KHTML, like Gecko; compatible; Googlebot/2.1; +http://www.google.com/bot.html) Safari/537.36"
66.249.66.26 - - [31/Jan/2019:19:19:15 -0500] "GET /ny/sites/all/modules/cck/modules/fieldgroup/fieldgroup.css?i HTTP/1.1" 200 166 "http://www.afglc.org/ny/?q=support" "Mozilla/5.0 AppleWebKit/537.36 (KHTML, like Gecko; compatible; Googlebot/2.1; +http://www.google.com/bot.html) Safari/537.36"
34.73.210.113 - - [31/Jan/2019:19:19:19 -0500] "GET /robots.txt HTTP/1.0" 410 375 "" "ZoominfoBot (zoominfobot at zoominfo dot com)"
34.73.210.113 - - [31/Jan/2019:19:19:19 -0500] "GET / HTTP/1.0" 200 4960 "" "ZoominfoBot (zoominfobot at zoominfo dot com)"
34.73.210.113 - - [31/Jan/2019:19:33:09 -0500] "GET /robots.txt HTTP/1.0" 410 371 "" "ZoominfoBot (zoominfobot at zoominfo dot com)"
34.73.210.113 - - [31/Jan/2019:19:33:09 -0500] "GET / HTTP/1.0" 200 4956 "" "ZoominfoBot (zoominfobot at zoominfo dot com)"
216.244.66.234 - - [31/Jan/2019:19:43:11 -0500] "GET /robots.txt HTTP/1.1" 410 371 "" "Mozilla/5.0 (compatible; DotBot/1.1; http://www.opensiteexplorer.org/dotbot, help@moz.com)"
216.244.66.234 - - [31/Jan/2019:19:43:11 -0500] "GET /robots.txt HTTP/1.1" 410 375 "" "Mozilla/5.0 (compatible; DotBot/1.1; http://www.opensiteexplorer.org/dotbot, help@moz.com)"
104.140.103.76 - - [31/Jan/2019:19:53:55 -0500] "GET /logs/ex20181110.log HTTP/1.0" 404 287 "" "Mozilla/5.0 (Windows NT 6.1; Win64; x64) AppleWebKit/537.36 (KHTML, like Gecko) Chrome/62.0.3202.94 Safari/537.36"
104.140.103.76 - - [31/Jan/2019:19:53:55 -0500] "GET /logs/ex20181110.log HTTP/1.0" 404 287 "" "Mozilla/5.0 (Windows NT 6.1; Win64; x64) AppleWebKit/537.36 (KHTML, like Gecko) Chrome/62.0.3202.94 Safari/537.36"
46.118.124.60 - - [31/Jan/2019:19:55:55 -0500] "GET /php.root/ HTTP/1.1" 200 285 "https://javlibrary.cc/" "Mozilla/4.0 (compatible; MSIE 6.0; Windows NT 5.1; SV1; FunWebProducts; MRA 4.6 (build 01425); .NET CLR 1.1.4322; .NET CLR 2.0.50727)"
46.118.124.60 - - [31/Jan/2019:19:55:56 -0500] "GET /php.root/ HTTP/1.1" 200 285 "https://javlibrary.cc/" "Mozilla/4.0 (compatible; MSIE 6.0; Windows NT 5.1; SV1; FunWebProducts; MRA 4.6 (build 01425); .NET CLR 1.1.4322; .NET CLR 2.0.50727)"
46.118.124.60 - - [31/Jan/2019:19:55:56 -0500] "GET /php.root/ HTTP/1.1" 200 285 "https://javlibrary.cc/" "Mozilla/4.0 (compatible; MSIE 6.0; Windows NT 5.1; SV1; FunWebProducts; MRA 4.6 (build 01425); .NET CLR 1.1.4322; .NET CLR 2.0.50727)"
77.75.76.172 - - [31/Jan/2019:20:24:20 -0500] "GET /robots.txt HTTP/1.1" 410 375 "" "Mozilla/5.0 (compatible; SeznamBot/3.2; +http://napoveda.seznam.cz/en/seznambot-intro/)"
77.75.76.172 - - [31/Jan/2019:20:24:21 -0500] "GET /oldwebsite2/ifglc.asp HTTP/1.1" 200 2919 "" "Mozilla/5.0 (compatible; SeznamBot/3.2; +http://napoveda.seznam.cz/en/seznambot-intro/)"
207.46.13.5 - - [31/Jan/2019:20:29:49 -0500] "GET /pages/leadership/balis.jpg HTTP/1.1" 200 12147 "" "Mozilla/5.0 (compatible; bingbot/2.0; +http://www.bing.com/bingbot.htm)"
216.244.66.234 - - [31/Jan/2019:20:30:35 -0500] "GET /robots.txt HTTP/1.1" 410 371 "" "Mozilla/5.0 (compatible; DotBot/1.1; http://www.opensiteexplorer.org/dotbot, help@moz.com)"
216.244.66.234 - - [31/Jan/2019:20:30:35 -0500] "GET /robots.txt HTTP/1.1" 410 375 "" "Mozilla/5.0 (compatible; DotBot/1.1; http://www.opensiteexplorer.org/dotbot, help@moz.com)"
66.249.66.27 - - [31/Jan/2019:20:44:05 -0500] "GET /PROGRAM_PGS.pdf HTTP/1.1" 404 283 "" "Mozilla/5.0 (Linux; Android 6.0.1; Nexus 5X Build/MMB29P) AppleWebKit/537.36 (KHTML, like Gecko) Chrome/41.0.2272.96 Mobile Safari/537.36 (compatible; Googlebot/2.1; +http://www.google.com/bot.html)"
66.249.66.26 - - [31/Jan/2019:20:45:48 -0500] "GET /AthensFinal.doc HTTP/1.1" 404 283 "" "Mozilla/5.0 (Linux; Android 6.0.1; Nexus 5X Build/MMB29P) AppleWebKit/537.36 (KHTML, like Gecko) Chrome/41.0.2272.96 Mobile Safari/537.36 (compatible; Googlebot/2.1; +http://www.google.com/bot.html)"
141.8.143.174 - - [31/Jan/2019:20:46:31 -0500] "GET /_vti_pvt/services.cnf HTTP/1.1" 200 3 "" "Mozilla/5.0 (compatible; YandexBot/3.0; +http://yandex.com/bots)"
207.46.13.7 - - [31/Jan/2019:20:49:15 -0500] "GET /aus.html HTTP/1.1" 200 94132 "" "Mozilla/5.0 (compatible; bingbot/2.0; +http://www.bing.com/bingbot.htm)"
172.58.173.213 - - [31/Jan/2019:20:51:40 -0500] "GET /?page=education HTTP/1.1" 200 4960 "" "Mozilla/5.0 (iPhone; CPU iPhone OS 12_1_2 like Mac OS X) AppleWebKit/605.1.15 (KHTML, like Gecko) Version/12.0 Mobile/15E148 Safari/604.1"
172.58.173.213 - - [31/Jan/2019:20:51:40 -0500] "GET /apple-touch-icon-120x120-precomposed.png HTTP/1.1" 404 308 "" "MobileSafari/604.1 CFNetwork/976 Darwin/18.2.0"
172.58.173.213 - - [31/Jan/2019:20:51:40 -0500] "GET /apple-touch-icon-120x120.png HTTP/1.1" 404 296 "" "MobileSafari/604.1 CFNetwork/976 Darwin/18.2.0"
172.58.173.213 - - [31/Jan/2019:20:51:40 -0500] "GET /apple-touch-icon-precomposed.png HTTP/1.1" 404 300 "" "MobileSafari/604.1 CFNetwork/976 Darwin/18.2.0"
172.58.173.213 - - [31/Jan/2019:20:51:40 -0500] "GET /apple-touch-icon.png HTTP/1.1" 404 288 "" "MobileSafari/604.1 CFNetwork/976 Darwin/18.2.0"
172.58.173.213 - - [31/Jan/2019:20:51:40 -0500] "GET /favicon.ico HTTP/1.1" 410 376 "" "MobileSafari/604.1 CFNetwork/976 Darwin/18.2.0"
172.58.173.213 - - [31/Jan/2019:20:51:41 -0500] "GET /apple-touch-icon-120x120-precomposed.png HTTP/1.1" 404 308 "" "MobileSafari/604.1 CFNetwork/976 Darwin/18.2.0"
172.58.173.213 - - [31/Jan/2019:20:51:41 -0500] "GET /apple-touch-icon-120x120.png HTTP/1.1" 404 296 "" "MobileSafari/604.1 CFNetwork/976 Darwin/18.2.0"
172.58.173.213 - - [31/Jan/2019:20:51:41 -0500] "GET /apple-touch-icon-precomposed.png HTTP/1.1" 404 300 "" "MobileSafari/604.1 CFNetwork/976 Darwin/18.2.0"
172.58.173.213 - - [31/Jan/2019:20:51:41 -0500] "GET /apple-touch-icon.png HTTP/1.1" 404 288 "" "MobileSafari/604.1 CFNetwork/976 Darwin/18.2.0"
172.58.173.213 - - [31/Jan/2019:20:51:41 -0500] "GET /favicon.ico HTTP/1.1" 410 376 "" "MobileSafari/604.1 CFNetwork/976 Darwin/18.2.0"
178.137.83.11 - - [31/Jan/2019:20:52:00 -0500] "GET /php.root/ HTTP/1.1" 200 285 "http://su1ufa.ru/" "Mozilla/4.0 (compatible; MSIE 6.0; Windows NT 5.1; SV1; FunWebProducts; MRA 4.6 (build 01425); .NET CLR 1.1.4322; .NET CLR 2.0.50727)"
178.137.83.11 - - [31/Jan/2019:20:52:00 -0500] "GET /php.root/ HTTP/1.1" 200 285 "http://gelstate.ru/" "Mozilla/4.0 (compatible; MSIE 6.0; Windows NT 5.1; SV1; .NET CLR 1.1.4322)"
178.137.83.11 - - [31/Jan/2019:20:52:01 -0500] "GET /php.root/ HTTP/1.1" 200 285 "http://su1ufa.ru/" "Mozilla/4.0 (compatible; MSIE 6.0; Windows NT 5.1; SV1; FunWebProducts; MRA 4.6 (build 01425); .NET CLR 1.1.4322; .NET CLR 2.0.50727)"
178.137.83.11 - - [31/Jan/2019:20:52:01 -0500] "GET /php.root/ HTTP/1.1" 200 285 "http://gelstate.ru/" "Mozilla/4.0 (compatible; MSIE 6.0; Windows NT 5.1; SV1; .NET CLR 1.1.4322)"
178.137.83.11 - - [31/Jan/2019:20:52:02 -0500] "GET /php.root/ HTTP/1.1" 200 285 "http://su1ufa.ru/" "Mozilla/4.0 (compatible; MSIE 6.0; Windows NT 5.1; SV1; FunWebProducts; MRA 4.6 (build 01425); .NET CLR 1.1.4322; .NET CLR 2.0.50727)"
178.137.83.11 - - [31/Jan/2019:20:52:02 -0500] "GET /php.root/ HTTP/1.1" 200 285 "http://gelstate.ru/" "Mozilla/4.0 (compatible; MSIE 6.0; Windows NT 5.1; SV1; .NET CLR 1.1.4322)"
178.154.246.128 - - [31/Jan/2019:20:52:47 -0500] "GET /_vti_pvt/service.lck HTTP/1.1" 200 - "" "Mozilla/5.0 (compatible; YandexBot/3.0; +http://yandex.com/bots)"
106.11.154.231 - - [31/Jan/2019:21:18:09 -0500] "GET /robots.txt HTTP/1.1" 410 371 "" "YisouSpider"
106.11.152.47 - - [31/Jan/2019:21:18:10 -0500] "GET /images/ HTTP/1.1" 200 1907 "" "Mozilla/5.0 (Windows NT 6.1; Win64; x64) AppleWebKit/537.36 (KHTML, like Gecko) Chrome/69.0.3497.81 YisouSpider/5.0 Safari/537.36"
106.11.154.231 - - [31/Jan/2019:21:18:10 -0500] "GET /robots.txt HTTP/1.1" 410 371 "" "YisouSpider"
182.101.49.88 - - [31/Jan/2019:21:18:18 -0500] "GET /robots.txt HTTP/1.1" 410 371 "" "Mozilla/5.0 (Windows NT 10.0; WOW64) AppleWebKit/537.36 (KHTML like Gecko) Chrome/46.0.2472.0 Safari/537.36"
180.116.183.133 - - [31/Jan/2019:21:18:20 -0500] "GET /robots.txt HTTP/1.1" 410 371 "" "Mozilla/5.0 (Windows NT 6.2) AppleWebKit/537.36 (KHTML like Gecko) Chrome/50.0.2661.102 Safari/537.36"
216.244.66.234 - - [31/Jan/2019:21:18:33 -0500] "GET /robots.txt HTTP/1.1" 410 371 "" "Mozilla/5.0 (compatible; DotBot/1.1; http://www.opensiteexplorer.org/dotbot, help@moz.com)"
66.249.66.25 - - [31/Jan/2019:21:25:52 -0500] "GET /favicon.ico HTTP/1.1" 410 376 "" "Googlebot-Image/1.0"
180.76.15.20 - - [31/Jan/2019:21:26:40 -0500] "GET /pages/cent/georgiou.asp HTTP/1.1" 200 1790 "" "Mozilla/5.0 (compatible; Baiduspider/2.0; +http://www.baidu.com/search/spider.html)"
77.75.78.166 - - [31/Jan/2019:21:33:32 -0500] "GET /robots.txt HTTP/1.1" 410 375 "" "Mozilla/5.0 (compatible; SeznamBot/3.2; +http://napoveda.seznam.cz/en/seznambot-intro/)"
77.75.78.166 - - [31/Jan/2019:21:33:33 -0500] "GET /img/menu/ HTTP/1.1" 200 879 "" "Mozilla/5.0 (compatible; SeznamBot/3.2; +http://napoveda.seznam.cz/en/seznambot-intro/)"
141.8.143.174 - - [31/Jan/2019:21:40:20 -0500] "GET /robots.txt HTTP/1.1" 410 375 "" "Mozilla/5.0 (compatible; YandexBot/3.0; +http://yandex.com/bots)"
141.8.143.174 - - [31/Jan/2019:21:40:24 -0500] "GET /pages/news/Newsletters/AFGLC_IFGLC_Winter_Newsletter_2010.pdf HTTP/1.1" 200 601225 "" "Mozilla/5.0 (compatible; YandexBot/3.0; +http://yandex.com/bots)"
40.77.167.57 - - [31/Jan/2019:21:50:31 -0500] "GET /css/default-style.css HTTP/1.1" 404 289 "" "Mozilla/5.0 (compatible; bingbot/2.0; +http://www.bing.com/bingbot.htm)"
40.77.167.57 - - [31/Jan/2019:21:50:31 -0500] "GET /js/controller.js HTTP/1.1" 404 284 "" "Mozilla/5.0 (compatible; bingbot/2.0; +http://www.bing.com/bingbot.htm)"
40.77.167.57 - - [31/Jan/2019:21:50:31 -0500] "GET /js/extensions/revolution.extension.actions.min.js HTTP/1.1" 404 317 "" "Mozilla/5.0 (compatible; bingbot/2.0; +http://www.bing.com/bingbot.htm)"
40.77.167.57 - - [31/Jan/2019:21:50:31 -0500] "GET /js/extensions/revolution.extension.migration.min.js HTTP/1.1" 404 319 "" "Mozilla/5.0 (compatible; bingbot/2.0; +http://www.bing.com/bingbot.htm)"
40.77.167.57 - - [31/Jan/2019:21:50:31 -0500] "GET /js/extensions/revolution.extension.carousel.min.js HTTP/1.1" 404 318 "" "Mozilla/5.0 (compatible; bingbot/2.0; +http://www.bing.com/bingbot.htm)"
40.77.167.57 - - [31/Jan/2019:21:50:31 -0500] "GET /js/modernizr.js HTTP/1.1" 404 283 "" "Mozilla/5.0 (compatible; bingbot/2.0; +http://www.bing.com/bingbot.htm)"
40.77.167.57 - - [31/Jan/2019:21:50:31 -0500] "GET /js/jquery/jquery-migrate.min.js? HTTP/1.1" 404 299 "" "Mozilla/5.0 (compatible; bingbot/2.0; +http://www.bing.com/bingbot.htm)"
40.77.167.57 - - [31/Jan/2019:21:50:31 -0500] "GET /js/jquery.themepunch.revolution.min.js HTTP/1.1" 404 306 "" "Mozilla/5.0 (compatible; bingbot/2.0; +http://www.bing.com/bingbot.htm)"
207.46.13.5 - - [31/Jan/2019:21:51:41 -0500] "GET /css/responsive.css HTTP/1.1" 404 286 "" "Mozilla/5.0 (compatible; bingbot/2.0; +http://www.bing.com/bingbot.htm)"
207.46.13.5 - - [31/Jan/2019:21:51:41 -0500] "GET /css/style.css HTTP/1.1" 200 3944 "" "Mozilla/5.0 (compatible; bingbot/2.0; +http://www.bing.com/bingbot.htm)"
207.46.13.5 - - [31/Jan/2019:21:51:41 -0500] "GET /js/extensions/revolution.extension.kenburn.min.js HTTP/1.1" 404 317 "" "Mozilla/5.0 (compatible; bingbot/2.0; +http://www.bing.com/bingbot.htm)"
207.46.13.5 - - [31/Jan/2019:21:51:41 -0500] "GET /js/extensions/revolution.extension.slideanims.min.js HTTP/1.1" 404 320 "" "Mozilla/5.0 (compatible; bingbot/2.0; +http://www.bing.com/bingbot.htm)"
207.46.13.5 - - [31/Jan/2019:21:51:41 -0500] "GET /js/jquery-blockui/jquery.blockUI.min.js HTTP/1.1" 404 307 "" "Mozilla/5.0 (compatible; bingbot/2.0; +http://www.bing.com/bingbot.htm)"
180.76.15.150 - - [31/Jan/2019:22:00:00 -0500] "GET /pages/foru/AFGLC_Forum_2010/First%20Draft%20NATIONAL%20STANDARDS%20FOR%20GREEK%20LANGUAGE%20LEARNING.pdf HTTP/1.1" 200 132356 "" "Mozilla/5.0 (compatible; Baiduspider/2.0; +http://www.baidu.com/search/spider.html)"
216.244.66.234 - - [31/Jan/2019:22:06:13 -0500] "GET /robots.txt HTTP/1.1" 410 375 "" "Mozilla/5.0 (compatible; DotBot/1.1; http://www.opensiteexplorer.org/dotbot, help@moz.com)"
216.244.66.234 - - [31/Jan/2019:22:06:13 -0500] "GET /robots.txt HTTP/1.1" 410 371 "" "Mozilla/5.0 (compatible; DotBot/1.1; http://www.opensiteexplorer.org/dotbot, help@moz.com)"
93.158.161.22 - - [31/Jan/2019:22:17:37 -0500] "GET /logs/W2K3WEB3/ex181219.log HTTP/1.1" 404 294 "" "Mozilla/5.0 (compatible; YandexBot/3.0; +http://yandex.com/bots)"
77.75.78.163 - - [31/Jan/2019:22:26:25 -0500] "GET /robots.txt HTTP/1.1" 410 375 "" "Mozilla/5.0 (compatible; SeznamBot/3.2; +http://napoveda.seznam.cz/en/seznambot-intro/)"
77.75.78.163 - - [31/Jan/2019:22:26:26 -0500] "GET /katerinakis_ppt_AFGLC_2010.pdf HTTP/1.1" 304 - "" "Mozilla/5.0 (compatible; SeznamBot/3.2; +http://napoveda.seznam.cz/en/seznambot-intro/)"
180.76.15.8 - - [31/Jan/2019:22:33:20 -0500] "GET /pages/leadership/balis.asp HTTP/1.1" 200 1325 "" "Mozilla/5.0 (compatible; Baiduspider/2.0; +http://www.baidu.com/search/spider.html)"
192.42.116.20 - - [31/Jan/2019:22:52:54 -0500] "GET /logs/ HTTP/1.1" 200 1283 "" "Mozilla/5.0 (compatible; Googlebot/2.1; +http://www.google.com/bot.html)"
216.244.66.234 - - [31/Jan/2019:22:53:52 -0500] "GET /robots.txt HTTP/1.1" 410 371 "" "Mozilla/5.0 (compatible; DotBot/1.1; http://www.opensiteexplorer.org/dotbot, help@moz.com)"
35.237.18.63 - - [31/Jan/2019:22:58:55 -0500] "GET /robots.txt HTTP/1.0" 410 375 "" "ZoominfoBot (zoominfobot at zoominfo dot com)"
35.237.18.63 - - [31/Jan/2019:22:58:55 -0500] "GET /js/ HTTP/1.0" 200 435 "" "ZoominfoBot (zoominfobot at zoominfo dot com)"
35.237.18.63 - - [31/Jan/2019:23:04:55 -0500] "GET /ny/ HTTP/1.0" 200 9678 "" "ZoominfoBot (zoominfobot at zoominfo dot com)"
35.237.18.63 - - [31/Jan/2019:23:15:53 -0500] "GET /aus.html HTTP/1.0" 200 94132 "" "ZoominfoBot (zoominfobot at zoominfo dot com)"
123.125.67.219 - - [31/Jan/2019:23:20:32 -0500] "GET /robots.txt HTTP/1.1" 410 371 "" "Mozilla/5.0 (Windows NT 10.0; WOW64) AppleWebKit/537.36 (KHTML, like Gecko) Chrome/45.0.2454.93 Safari/537.36"
220.181.108.177 - - [31/Jan/2019:23:21:50 -0500] "GET /pages/foru/AFGLC_Greek_Forum_2013.pdf HTTP/1.1" 200 6759342 "" "Mozilla/5.0 (compatible; Baiduspider/2.0; +http://www.baidu.com/search/spider.html)"
207.46.13.9 - - [31/Jan/2019:23:26:48 -0500] "GET /_vti_pvt/ HTTP/1.1" 200 1447 "" "Mozilla/5.0 (compatible; bingbot/2.0; +http://www.bing.com/bingbot.htm)"
35.237.18.63 - - [31/Jan/2019:23:28:40 -0500] "GET /img/ HTTP/1.0" 200 1103 "" "ZoominfoBot (zoominfobot at zoominfo dot com)"
61.160.236.119 - - [31/Jan/2019:23:29:14 -0500] "GET /wp-login.php HTTP/1.1" 404 276 "" "Mozilla/5.0 (Windows NT 6.1; WOW64) AppleWebKit/537.36 (KHTML, like Gecko) Chrome/58.0.3029.110 Safari/537.36 SE 2.X MetaSr 1.0"
35.237.18.63 - - [31/Jan/2019:23:34:10 -0500] "GET /php.root/ HTTP/1.0" 200 285 "" "ZoominfoBot (zoominfobot at zoominfo dot com)"
180.76.15.23 - - [31/Jan/2019:23:37:04 -0500] "GET /Katerinakis_Paper_AFGLC_2010.pdf HTTP/1.1" 200 799310 "" "Mozilla/5.0 (compatible; Baiduspider/2.0; +http://www.baidu.com/search/spider.html)"
216.244.66.234 - - [31/Jan/2019:23:41:43 -0500] "GET /robots.txt HTTP/1.1" 410 371 "" "Mozilla/5.0 (compatible; DotBot/1.1; http://www.opensiteexplorer.org/dotbot, help@moz.com)"
35.237.18.63 - - [31/Jan/2019:23:49:21 -0500] "GET /_vti_pvt/ HTTP/1.0" 200 1447 "" "ZoominfoBot (zoominfobot at zoominfo dot com)"
35.237.18.63 - - [31/Jan/2019:23:51:21 -0500] "GET /newsite/ HTTP/1.0" 200 3715 "" "ZoominfoBot (zoominfobot at zoominfo dot com)"
35.237.18.63 - - [31/Jan/2019:23:56:55 -0500] "GET /_vti_txt/ HTTP/1.0" 200 285 "" "ZoominfoBot (zoominfobot at zoominfo dot com)"