144.76.102.243 - - [31/Jan/2019:00:07:09 -0500] "GET /pages/news/Newsletters/AFGLC_IFGLC_Fall_Winter_Newsletter_2010.pdf HTTP/1.1" 200 601225 "" "Mozilla/5.0 (Windows NT 6.1; Win64; x64; rv:58.0) Gecko/20100101 Firefox/58.0"
78.46.156.169 - - [31/Jan/2019:00:07:09 -0500] "GET /pages/news/Newsletters/AFGLC_IFGLC_Spring_Summer_Newsletter_2011.pdf HTTP/1.1" 200 1386770 "" "Mozilla/5.0 (Windows NT 6.1; WOW64) AppleWebKit/537.36 (KHTML, like Gecko) Chrome/43.0.2357.134 Safari/537.36"
81.17.27.134 - - [31/Jan/2019:00:10:11 -0500] "GET /logs/ HTTP/1.1" 200 1229 "" "Mozilla/5.0 (compatible; Googlebot/2.1; +http://www.google.com/bot.html)"
207.46.13.150 - - [31/Jan/2019:00:11:55 -0500] "GET /Hnaraki_Green_Rhymes2_AFGLC_Forum_2010.pdf HTTP/1.1" 200 9753673 "" "Mozilla/5.0 (compatible; bingbot/2.0; +http://www.bing.com/bingbot.htm)"
216.244.66.234 - - [31/Jan/2019:00:14:38 -0500] "GET /robots.txt HTTP/1.1" 410 371 "" "Mozilla/5.0 (compatible; DotBot/1.1; http://www.opensiteexplorer.org/dotbot, help@moz.com)"
35.227.38.129 - - [31/Jan/2019:00:16:45 -0500] "GET /robots.txt HTTP/1.0" 410 371 "" "ZoominfoBot (zoominfobot at zoominfo dot com)"
35.227.38.129 - - [31/Jan/2019:00:16:45 -0500] "GET /index.asp HTTP/1.0" 200 20885 "" "ZoominfoBot (zoominfobot at zoominfo dot com)"
35.227.38.129 - - [31/Jan/2019:00:16:49 -0500] "GET /_vti_txt/ HTTP/1.0" 200 281 "" "ZoominfoBot (zoominfobot at zoominfo dot com)"
35.227.38.129 - - [31/Jan/2019:00:16:50 -0500] "GET /_vti_cnf/ HTTP/1.0" 200 299 "" "ZoominfoBot (zoominfobot at zoominfo dot com)"
35.227.38.129 - - [31/Jan/2019:00:16:52 -0500] "GET /_vti_pvt/ HTTP/1.0" 200 1443 "" "ZoominfoBot (zoominfobot at zoominfo dot com)"
35.227.38.129 - - [31/Jan/2019:00:16:54 -0500] "GET /pages/ HTTP/1.0" 200 1145 "" "ZoominfoBot (zoominfobot at zoominfo dot com)"
35.227.38.129 - - [31/Jan/2019:00:16:59 -0500] "GET /img/ HTTP/1.0" 200 1099 "" "ZoominfoBot (zoominfobot at zoominfo dot com)"
35.227.38.129 - - [31/Jan/2019:00:17:00 -0500] "GET /aspnet_client/ HTTP/1.0" 403 218 "" "ZoominfoBot (zoominfobot at zoominfo dot com)"
35.227.38.129 - - [31/Jan/2019:00:17:01 -0500] "GET /js/ HTTP/1.0" 200 431 "" "ZoominfoBot (zoominfobot at zoominfo dot com)"
108.59.8.80 - - [31/Jan/2019:00:19:52 -0500] "GET /robots.txt HTTP/1.1" 410 375 "" "Mozilla/5.0 (compatible; MJ12bot/v1.4.8; http://mj12bot.com/)"
108.59.8.80 - - [31/Jan/2019:00:19:59 -0500] "GET / HTTP/1.1" 200 4960 "" "Mozilla/5.0 (compatible; MJ12bot/v1.4.8; http://mj12bot.com/)"
35.227.38.129 - - [31/Jan/2019:00:22:46 -0500] "GET /robots.txt HTTP/1.0" 410 375 "" "ZoominfoBot (zoominfobot at zoominfo dot com)"
35.227.38.129 - - [31/Jan/2019:00:22:46 -0500] "GET / HTTP/1.0" 200 4960 "" "ZoominfoBot (zoominfobot at zoominfo dot com)"
35.227.38.129 - - [31/Jan/2019:00:23:42 -0500] "GET /PRES_MSG_EL_6_28_08.doc HTTP/1.0" 200 215040 "" "ZoominfoBot (zoominfobot at zoominfo dot com)"
35.227.38.129 - - [31/Jan/2019:00:24:48 -0500] "GET /css/ HTTP/1.0" 200 315 "" "ZoominfoBot (zoominfobot at zoominfo dot com)"
35.227.38.129 - - [31/Jan/2019:00:25:19 -0500] "GET /aus.html HTTP/1.0" 200 94132 "" "ZoominfoBot (zoominfobot at zoominfo dot com)"
207.46.13.70 - - [31/Jan/2019:00:28:42 -0500] "GET /?page=ichs HTTP/1.1" 200 4956 "" "Mozilla/5.0 (compatible; bingbot/2.0; +http://www.bing.com/bingbot.htm)"
35.227.38.129 - - [31/Jan/2019:00:30:27 -0500] "GET /logs/ HTTP/1.0" 200 1225 "" "ZoominfoBot (zoominfobot at zoominfo dot com)"
31.184.238.107 - - [31/Jan/2019:00:30:28 -0500] "GET / HTTP/1.0" 200 4960 "http://www.afglc.org/" "Mozilla/5.0 (Windows NT 10.0; Win64; x64) AppleWebKit/537.36 (KHTML, like Gecko) Chrome/65.0.3325.181 Safari/537.36"
31.184.238.107 - - [31/Jan/2019:00:30:28 -0500] "GET /Forum_2010_Announcement.pdf HTTP/1.0" 200 13997 "http://www.afglc.org/Forum_2010_Announcement.pdf" "Mozilla/5.0 (Windows NT 10.0; Win64; x64) AppleWebKit/537.36 (KHTML, like Gecko) Chrome/65.0.3325.181 Safari/537.36"
157.55.39.25 - - [31/Jan/2019:00:33:02 -0500] "GET /robots.txt HTTP/1.1" 410 371 "" "Mozilla/5.0 (compatible; bingbot/2.0; +http://www.bing.com/bingbot.htm)"
35.227.38.129 - - [31/Jan/2019:00:37:03 -0500] "GET /newsite/ HTTP/1.0" 200 3715 "" "ZoominfoBot (zoominfobot at zoominfo dot com)"
35.227.38.129 - - [31/Jan/2019:00:42:27 -0500] "GET /_vti_script/ HTTP/1.0" 200 287 "" "ZoominfoBot (zoominfobot at zoominfo dot com)"
35.227.38.129 - - [31/Jan/2019:00:45:56 -0500] "GET /oldwebsite2/ HTTP/1.0" 200 3637 "" "ZoominfoBot (zoominfobot at zoominfo dot com)"
35.227.38.129 - - [31/Jan/2019:00:57:21 -0500] "GET /images/ HTTP/1.0" 200 1907 "" "ZoominfoBot (zoominfobot at zoominfo dot com)"
216.244.66.234 - - [31/Jan/2019:01:01:23 -0500] "GET /robots.txt HTTP/1.1" 410 371 "" "Mozilla/5.0 (compatible; DotBot/1.1; http://www.opensiteexplorer.org/dotbot, help@moz.com)"
180.76.15.29 - - [31/Jan/2019:01:01:59 -0500] "GET /pages/foru/AFGLC_Forum_2010/Morgan_The_Origins_of_Philosophy_AFGLC_Forum_2010.pdf HTTP/1.1" 200 33771 "" "Mozilla/5.0 (compatible; Baiduspider/2.0; +http://www.baidu.com/search/spider.html)"
35.227.38.129 - - [31/Jan/2019:01:02:03 -0500] "GET /php.root/ HTTP/1.0" 200 281 "" "ZoominfoBot (zoominfobot at zoominfo dot com)"
35.227.38.129 - - [31/Jan/2019:01:02:27 -0500] "GET /ny/ HTTP/1.0" 200 9678 "" "ZoominfoBot (zoominfobot at zoominfo dot com)"
39.98.177.226 - - [31/Jan/2019:01:07:51 -0500] "GET /temp/wp-admin/ HTTP/1.1" 404 282 "" ""
157.55.39.77 - - [31/Jan/2019:01:26:51 -0500] "GET / HTTP/1.1" 200 4960 "" "Mozilla/5.0 (compatible; bingbot/2.0; +http://www.bing.com/bingbot.htm)"
5.102.173.71 - - [31/Jan/2019:01:27:49 -0500] "GET /robots.txt HTTP/1.1" 410 375 "" "Mozilla/5.0 (compatible; MojeekBot/0.6; +https://www.mojeek.com/bot.html)"
5.102.173.71 - - [31/Jan/2019:01:27:49 -0500] "GET /logs/ HTTP/1.1" 200 1229 "" "Mozilla/5.0 (compatible; MojeekBot/0.6; +https://www.mojeek.com/bot.html)"
216.244.66.234 - - [31/Jan/2019:01:48:06 -0500] "GET /robots.txt HTTP/1.1" 410 371 "" "Mozilla/5.0 (compatible; DotBot/1.1; http://www.opensiteexplorer.org/dotbot, help@moz.com)"
216.244.66.234 - - [31/Jan/2019:02:14:25 -0500] "GET /pages/foru/AFGLC_Greek_Forum_2003.pdf HTTP/1.1" 200 907888 "" "Mozilla/5.0 (compatible; DotBot/1.1; http://www.opensiteexplorer.org/dotbot, help@moz.com)"
157.55.39.26 - - [31/Jan/2019:02:15:45 -0500] "GET /robots.txt HTTP/1.1" 410 375 "" "Mozilla/5.0 (compatible; bingbot/2.0; +http://www.bing.com/bingbot.htm)"
185.220.100.252 - - [31/Jan/2019:02:20:42 -0500] "GET /logs/ex20190115.log HTTP/1.1" 200 67784 "" "Mozilla/5.0 (compatible; Googlebot/2.1; +http://www.google.com/bot.html)"
46.119.122.127 - - [31/Jan/2019:02:21:03 -0500] "GET /php.root/ HTTP/1.1" 200 285 "https://french-poetry.com/" "Mozilla/4.0 (compatible; MSIE 7.0b; Windows NT 6.0)"
46.119.122.127 - - [31/Jan/2019:02:21:04 -0500] "GET /php.root/ HTTP/1.1" 200 285 "https://french-poetry.com/" "Mozilla/4.0 (compatible; MSIE 7.0b; Windows NT 6.0)"
46.119.122.127 - - [31/Jan/2019:02:21:05 -0500] "GET /php.root/ HTTP/1.1" 200 285 "https://french-poetry.com/" "Mozilla/4.0 (compatible; MSIE 7.0b; Windows NT 6.0)"
51.15.34.214 - - [31/Jan/2019:02:21:18 -0500] "GET /logs/ex20190116.log HTTP/1.1" 200 63087 "" "Mozilla/5.0 (compatible; Googlebot/2.1; +http://www.google.com/bot.html)"
51.15.34.214 - - [31/Jan/2019:02:21:29 -0500] "GET /logs/ex20190117.log HTTP/1.1" 200 459522 "" "Mozilla/5.0 (compatible; Googlebot/2.1; +http://www.google.com/bot.html)"
185.220.100.252 - - [31/Jan/2019:02:21:33 -0500] "GET /logs/ex20190118.log HTTP/1.1" 200 85553 "" "Mozilla/5.0 (compatible; Googlebot/2.1; +http://www.google.com/bot.html)"
51.15.34.214 - - [31/Jan/2019:02:21:40 -0500] "GET /logs/ex20190119.log HTTP/1.1" 200 137756 "" "Mozilla/5.0 (compatible; Googlebot/2.1; +http://www.google.com/bot.html)"
51.15.34.214 - - [31/Jan/2019:02:21:47 -0500] "GET /logs/ex20190120.log HTTP/1.1" 200 60978 "" "Mozilla/5.0 (compatible; Googlebot/2.1; +http://www.google.com/bot.html)"
51.15.34.214 - - [31/Jan/2019:02:21:53 -0500] "GET /logs/ex20190121.log HTTP/1.1" 200 108808 "" "Mozilla/5.0 (compatible; Googlebot/2.1; +http://www.google.com/bot.html)"
51.15.34.214 - - [31/Jan/2019:02:21:59 -0500] "GET /logs/ex20190122.log HTTP/1.1" 200 160628 "" "Mozilla/5.0 (compatible; Googlebot/2.1; +http://www.google.com/bot.html)"
185.220.100.252 - - [31/Jan/2019:02:22:08 -0500] "GET /logs/ex20190123.log HTTP/1.1" 200 150241 "" "Mozilla/5.0 (compatible; Googlebot/2.1; +http://www.google.com/bot.html)"
51.15.34.214 - - [31/Jan/2019:02:22:16 -0500] "GET /logs/ex20190124.log HTTP/1.1" 200 116711 "" "Mozilla/5.0 (compatible; Googlebot/2.1; +http://www.google.com/bot.html)"
51.15.34.214 - - [31/Jan/2019:02:22:21 -0500] "GET /logs/ex20190125.log HTTP/1.1" 200 54436 "" "Mozilla/5.0 (compatible; Googlebot/2.1; +http://www.google.com/bot.html)"
51.15.34.214 - - [31/Jan/2019:02:22:27 -0500] "GET /logs/ex20190126.log HTTP/1.1" 200 73810 "" "Mozilla/5.0 (compatible; Googlebot/2.1; +http://www.google.com/bot.html)"
51.15.34.214 - - [31/Jan/2019:02:22:32 -0500] "GET /logs/ex20190127.log HTTP/1.1" 200 88703 "" "Mozilla/5.0 (compatible; Googlebot/2.1; +http://www.google.com/bot.html)"
51.15.34.214 - - [31/Jan/2019:02:22:41 -0500] "GET /logs/ex20190128.log HTTP/1.1" 200 51405 "" "Mozilla/5.0 (compatible; Googlebot/2.1; +http://www.google.com/bot.html)"
51.15.34.214 - - [31/Jan/2019:02:22:48 -0500] "GET /logs/ex20190129.log HTTP/1.1" 200 140563 "" "Mozilla/5.0 (compatible; Googlebot/2.1; +http://www.google.com/bot.html)"
51.15.34.214 - - [31/Jan/2019:02:22:55 -0500] "GET /logs/ex20190130.log HTTP/1.1" 200 54322 "" "Mozilla/5.0 (compatible; Googlebot/2.1; +http://www.google.com/bot.html)"
216.244.66.234 - - [31/Jan/2019:02:24:05 -0500] "GET /pages/menu/miz.asp HTTP/1.1" 404 1635 "" "Mozilla/5.0 (compatible; DotBot/1.1; http://www.opensiteexplorer.org/dotbot, help@moz.com)"
157.55.39.227 - - [31/Jan/2019:02:26:38 -0500] "GET /contact.html HTTP/1.1" 404 280 "" "Mozilla/5.0 (compatible; bingbot/2.0; +http://www.bing.com/bingbot.htm)"
66.249.66.223 - - [31/Jan/2019:02:29:07 -0500] "GET /BULLETIN_4_FEB_2008.pdf HTTP/1.1" 200 105722 "" "Mozilla/5.0 (Linux; Android 6.0.1; Nexus 5X Build/MMB29P) AppleWebKit/537.36 (KHTML, like Gecko) Chrome/41.0.2272.96 Mobile Safari/537.36 (compatible; Googlebot/2.1; +http://www.google.com/bot.html)"
216.244.66.234 - - [31/Jan/2019:02:34:46 -0500] "GET /robots.txt HTTP/1.1" 410 371 "" "Mozilla/5.0 (compatible; DotBot/1.1; http://www.opensiteexplorer.org/dotbot, help@moz.com)"
216.244.66.234 - - [31/Jan/2019:02:34:46 -0500] "GET /robots.txt HTTP/1.1" 410 375 "" "Mozilla/5.0 (compatible; DotBot/1.1; http://www.opensiteexplorer.org/dotbot, help@moz.com)"
66.249.66.24 - - [31/Jan/2019:03:01:55 -0500] "GET / HTTP/1.1" 200 4960 "" "Mozilla/5.0 (Linux; Android 6.0.1; Nexus 5X Build/MMB29P) AppleWebKit/537.36 (KHTML, like Gecko) Chrome/41.0.2272.96 Mobile Safari/537.36 (compatible; Googlebot/2.1; +http://www.google.com/bot.html)"
66.249.66.26 - - [31/Jan/2019:03:03:39 -0500] "GET / HTTP/1.1" 200 4960 "" "Mozilla/5.0 (Linux; Android 6.0.1; Nexus 5X Build/MMB29P) AppleWebKit/537.36 (KHTML, like Gecko) Chrome/41.0.2272.96 Mobile Safari/537.36 (compatible; Googlebot/2.1; +http://www.google.com/bot.html)"
213.239.211.142 - - [31/Jan/2019:03:05:03 -0500] "GET /?page=leadership HTTP/1.1" 200 4960 "" "Mozilla/5.0 (Windows NT 10.0; Win64; x64) AppleWebKit/537.36 (KHTML, like Gecko) Chrome/63.0.3239.132 Safari/537.36"
120.24.190.242 - - [31/Jan/2019:03:05:41 -0500] "GET /wp-login.php HTTP/1.1" 404 280 "" "Apache-HttpClient/4.5.2 (Java/1.8.0_181)"
120.24.190.242 - - [31/Jan/2019:03:05:41 -0500] "GET /?author=1 HTTP/1.1" 200 4960 "" "Apache-HttpClient/4.5.2 (Java/1.8.0_181)"
120.24.190.242 - - [31/Jan/2019:03:05:42 -0500] "GET /?author=2 HTTP/1.1" 200 4960 "" "Apache-HttpClient/4.5.2 (Java/1.8.0_181)"
120.24.190.242 - - [31/Jan/2019:03:05:42 -0500] "GET /?author=3 HTTP/1.1" 200 4960 "" "Apache-HttpClient/4.5.2 (Java/1.8.0_181)"
120.24.190.242 - - [31/Jan/2019:03:05:43 -0500] "GET /?author=4 HTTP/1.1" 200 4960 "" "Apache-HttpClient/4.5.2 (Java/1.8.0_181)"
120.24.190.242 - - [31/Jan/2019:03:05:43 -0500] "GET /?author=5 HTTP/1.1" 200 4960 "" "Apache-HttpClient/4.5.2 (Java/1.8.0_181)"
120.24.190.242 - - [31/Jan/2019:03:05:43 -0500] "GET /?author=6 HTTP/1.1" 200 4960 "" "Apache-HttpClient/4.5.2 (Java/1.8.0_181)"
120.24.190.242 - - [31/Jan/2019:03:05:44 -0500] "GET /?author=7 HTTP/1.1" 200 4960 "" "Apache-HttpClient/4.5.2 (Java/1.8.0_181)"
120.24.190.242 - - [31/Jan/2019:03:05:44 -0500] "GET /?author=8 HTTP/1.1" 200 4960 "" "Apache-HttpClient/4.5.2 (Java/1.8.0_181)"
120.24.190.242 - - [31/Jan/2019:03:05:45 -0500] "GET /?author=9 HTTP/1.1" 200 4960 "" "Apache-HttpClient/4.5.2 (Java/1.8.0_181)"
120.24.190.242 - - [31/Jan/2019:03:05:45 -0500] "GET /?author=10 HTTP/1.1" 200 4960 "" "Apache-HttpClient/4.5.2 (Java/1.8.0_181)"
120.24.190.242 - - [31/Jan/2019:03:05:45 -0500] "GET /?author=11 HTTP/1.1" 200 4960 "" "Apache-HttpClient/4.5.2 (Java/1.8.0_181)"
120.24.190.242 - - [31/Jan/2019:03:05:46 -0500] "GET /?author=12 HTTP/1.1" 200 4960 "" "Apache-HttpClient/4.5.2 (Java/1.8.0_181)"
120.24.190.242 - - [31/Jan/2019:03:05:46 -0500] "GET /?author=13 HTTP/1.1" 200 4960 "" "Apache-HttpClient/4.5.2 (Java/1.8.0_181)"
120.24.190.242 - - [31/Jan/2019:03:05:46 -0500] "GET /?author=14 HTTP/1.1" 200 4960 "" "Apache-HttpClient/4.5.2 (Java/1.8.0_181)"
120.24.190.242 - - [31/Jan/2019:03:05:47 -0500] "GET /?author=15 HTTP/1.1" 200 4960 "" "Apache-HttpClient/4.5.2 (Java/1.8.0_181)"
216.244.66.234 - - [31/Jan/2019:03:11:42 -0500] "GET /pages/cent/pyiannos.jpg HTTP/1.1" 200 6812 "" "Mozilla/5.0 (compatible; DotBot/1.1; http://www.opensiteexplorer.org/dotbot, help@moz.com)"
216.244.66.234 - - [31/Jan/2019:03:11:45 -0500] "GET /pages/lead/gov.asp HTTP/1.1" 200 11180 "" "Mozilla/5.0 (compatible; DotBot/1.1; http://www.opensiteexplorer.org/dotbot, help@moz.com)"
216.244.66.234 - - [31/Jan/2019:03:21:54 -0500] "GET /robots.txt HTTP/1.1" 410 371 "" "Mozilla/5.0 (compatible; DotBot/1.1; http://www.opensiteexplorer.org/dotbot, help@moz.com)"
46.229.168.137 - - [31/Jan/2019:03:28:40 -0500] "GET /robots.txt HTTP/1.1" 410 371 "" "Mozilla/5.0 (compatible; SemrushBot/3~bl; +http://www.semrush.com/bot.html)"
46.229.168.134 - - [31/Jan/2019:03:28:41 -0500] "GET /index.asp?page=galaarchive HTTP/1.1" 200 2144 "" "Mozilla/5.0 (compatible; SemrushBot/3~bl; +http://www.semrush.com/bot.html)"
180.76.15.148 - - [31/Jan/2019:03:31:24 -0500] "GET /pages/events/prog_2007_edu_forum.pdf HTTP/1.1" 200 836641 "" "Mozilla/5.0 (compatible; Baiduspider/2.0; +http://www.baidu.com/search/spider.html)"
34.73.153.68 - - [31/Jan/2019:03:32:17 -0500] "GET /robots.txt HTTP/1.0" 410 375 "" "ZoominfoBot (zoominfobot at zoominfo dot com)"
34.73.153.68 - - [31/Jan/2019:03:32:17 -0500] "GET / HTTP/1.0" 200 4960 "" "ZoominfoBot (zoominfobot at zoominfo dot com)"
34.73.153.68 - - [31/Jan/2019:03:46:05 -0500] "GET /robots.txt HTTP/1.0" 410 371 "" "ZoominfoBot (zoominfobot at zoominfo dot com)"
34.73.153.68 - - [31/Jan/2019:03:46:05 -0500] "GET / HTTP/1.0" 200 4956 "" "ZoominfoBot (zoominfobot at zoominfo dot com)"
46.229.168.129 - - [31/Jan/2019:03:58:36 -0500] "GET /aus.html HTTP/1.1" 200 94132 "" "Mozilla/5.0 (compatible; SemrushBot/3~bl; +http://www.semrush.com/bot.html)"
216.244.66.234 - - [31/Jan/2019:04:08:57 -0500] "GET /robots.txt HTTP/1.1" 410 371 "" "Mozilla/5.0 (compatible; DotBot/1.1; http://www.opensiteexplorer.org/dotbot, help@moz.com)"
216.244.66.234 - - [31/Jan/2019:04:08:57 -0500] "GET /robots.txt HTTP/1.1" 410 375 "" "Mozilla/5.0 (compatible; DotBot/1.1; http://www.opensiteexplorer.org/dotbot, help@moz.com)"
106.120.173.101 - - [31/Jan/2019:04:09:15 -0500] "GET /robots.txt HTTP/1.1" 410 371 "" "Sogou web spider/4.0(+http://www.sogou.com/docs/help/webmasters.htm#07)"
106.120.173.101 - - [31/Jan/2019:04:09:15 -0500] "GET / HTTP/1.1" 200 4956 "" "Sogou web spider/4.0(+http://www.sogou.com/docs/help/webmasters.htm#07)"
157.55.39.244 - - [31/Jan/2019:04:09:33 -0500] "GET /?page=contact HTTP/1.1" 200 4956 "" "Mozilla/5.0 (compatible; bingbot/2.0; +http://www.bing.com/bingbot.htm)"
157.55.39.244 - - [31/Jan/2019:04:09:38 -0500] "GET /robots.txt HTTP/1.1" 410 371 "" "Mozilla/5.0 (compatible; bingbot/2.0; +http://www.bing.com/bingbot.htm)"
178.137.83.11 - - [31/Jan/2019:04:33:21 -0500] "GET /php.root/ HTTP/1.1" 200 285 "http://xn----btbdvdh4aafrfciljm6k.xn--p1ai/" "Mozilla/4.0 (compatible; MSIE 6.0; Windows NT 5.1)"
178.137.83.11 - - [31/Jan/2019:04:33:22 -0500] "GET /php.root/ HTTP/1.1" 200 285 "http://xn----btbdvdh4aafrfciljm6k.xn--p1ai/" "Mozilla/4.0 (compatible; MSIE 6.0; Windows NT 5.1)"
178.137.83.11 - - [31/Jan/2019:04:33:23 -0500] "GET /php.root/ HTTP/1.1" 200 285 "http://xn----btbdvdh4aafrfciljm6k.xn--p1ai/" "Mozilla/4.0 (compatible; MSIE 6.0; Windows NT 5.1)"
46.119.122.127 - - [31/Jan/2019:04:35:59 -0500] "GET /php.root/ HTTP/1.1" 200 285 "http://narosty.com/" "Mozilla/4.0 (compatible; MSIE 5.0; Windows 2000) Opera 6.0 [en]"
46.119.122.127 - - [31/Jan/2019:04:36:00 -0500] "GET /php.root/ HTTP/1.1" 200 285 "http://narosty.com/" "Mozilla/4.0 (compatible; MSIE 5.0; Windows 2000) Opera 6.0 [en]"
46.119.122.127 - - [31/Jan/2019:04:36:01 -0500] "GET /php.root/ HTTP/1.1" 200 285 "http://narosty.com/" "Mozilla/4.0 (compatible; MSIE 5.0; Windows 2000) Opera 6.0 [en]"
180.76.15.33 - - [31/Jan/2019:04:50:42 -0500] "GET / HTTP/1.1" 200 4956 "" "Mozilla/5.0 (compatible; Baiduspider/2.0; +http://www.baidu.com/search/spider.html)"
207.46.13.197 - - [31/Jan/2019:04:53:10 -0500] "GET /katerinakis_ppt_AFGLC_2010.pdf HTTP/1.1" 200 1257047 "" "Mozilla/5.0 (compatible; bingbot/2.0; +http://www.bing.com/bingbot.htm)"
216.244.66.234 - - [31/Jan/2019:04:56:02 -0500] "GET /robots.txt HTTP/1.1" 410 375 "" "Mozilla/5.0 (compatible; DotBot/1.1; http://www.opensiteexplorer.org/dotbot, help@moz.com)"
216.244.66.234 - - [31/Jan/2019:04:56:02 -0500] "GET /robots.txt HTTP/1.1" 410 371 "" "Mozilla/5.0 (compatible; DotBot/1.1; http://www.opensiteexplorer.org/dotbot, help@moz.com)"
207.46.13.197 - - [31/Jan/2019:05:50:26 -0500] "GET /Hnaraki_Green_Rhymes2_AFGLC_Forum_2010.pdf HTTP/1.1" 200 9753673 "" "Mozilla/5.0 (compatible; bingbot/2.0; +http://www.bing.com/bingbot.htm)"
23.228.96.82 - - [31/Jan/2019:06:15:44 -0500] "GET /wp-content/plugins/fluid_forms/file-upload/server/php/index.php HTTP/1.1" 404 331 "http://www.afglc.org/wp-content/plugins/fluid_forms/file-upload/server/php/index.php" "Mozilla/5.0 (Windows NT 6.1; WOW64) AppleWebKit/537.36 (KHTML, like Gecko) Chrome/42.0.2311.152 Safari/537.36"
216.244.66.234 - - [31/Jan/2019:06:19:03 -0500] "GET /robots.txt HTTP/1.1" 410 371 "" "Mozilla/5.0 (compatible; DotBot/1.1; http://www.opensiteexplorer.org/dotbot, help@moz.com)"
3.82.230.23 - - [31/Jan/2019:06:21:17 -0500] "GET /robots.txt HTTP/1.1" 410 371 "" "PleskBot"
3.82.230.23 - - [31/Jan/2019:06:21:17 -0500] "GET / HTTP/1.1" 200 4956 "" "PleskBot"
66.249.66.27 - - [31/Jan/2019:06:43:23 -0500] "GET /robots.txt HTTP/1.1" 410 375 "" "Mozilla/5.0 (compatible; Googlebot/2.1; +http://www.google.com/bot.html)"
66.249.66.26 - - [31/Jan/2019:06:43:23 -0500] "GET /oldwebsite2/faq.asp HTTP/1.1" 200 4690 "" "Mozilla/5.0 (Linux; Android 6.0.1; Nexus 5X Build/MMB29P) AppleWebKit/537.36 (KHTML, like Gecko) Chrome/41.0.2272.96 Mobile Safari/537.36 (compatible; Googlebot/2.1; +http://www.google.com/bot.html)"
178.255.215.91 - - [31/Jan/2019:07:01:21 -0500] "GET /robots.txt HTTP/1.1" 410 375 "" "Mozilla/5.0 (compatible; Exabot/3.0; +http://www.exabot.com/go/robot)"
178.255.215.91 - - [31/Jan/2019:07:01:21 -0500] "GET / HTTP/1.1" 200 4960 "" "Mozilla/5.0 (compatible; Exabot/3.0; +http://www.exabot.com/go/robot)"
216.244.66.234 - - [31/Jan/2019:07:06:26 -0500] "GET /robots.txt HTTP/1.1" 410 371 "" "Mozilla/5.0 (compatible; DotBot/1.1; http://www.opensiteexplorer.org/dotbot, help@moz.com)"
216.244.66.234 - - [31/Jan/2019:07:06:26 -0500] "GET /robots.txt HTTP/1.1" 410 375 "" "Mozilla/5.0 (compatible; DotBot/1.1; http://www.opensiteexplorer.org/dotbot, help@moz.com)"
66.249.66.194 - - [31/Jan/2019:07:09:07 -0500] "GET /robots.txt HTTP/1.1" 410 371 "" "Mozilla/5.0 (compatible; Googlebot/2.1; +http://www.google.com/bot.html)"
66.249.66.223 - - [31/Jan/2019:07:09:08 -0500] "GET / HTTP/1.1" 200 4956 "" "Mozilla/5.0 (Linux; Android 6.0.1; Nexus 5X Build/MMB29P) AppleWebKit/537.36 (KHTML, like Gecko) Chrome/41.0.2272.96 Mobile Safari/537.36 (compatible; Googlebot/2.1; +http://www.google.com/bot.html)"
1.39.184.249 - - [31/Jan/2019:07:15:53 -0500] "GET /images/pyiannos.jpg HTTP/1.1" 200 6812 "" "Mozilla/5.0 (Windows NT 6.1; Win64; x64) AppleWebKit/537.36 (KHTML, like Gecko) Chrome/71.0.3578.98 Safari/537.36"
180.76.15.14 - - [31/Jan/2019:07:15:53 -0500] "GET /Hellenistic_Sepphoris_James_F_Strange_James_Keynote_AFGLC_Forum_2010.pdf HTTP/1.1" 200 188707 "" "Mozilla/5.0 (compatible; Baiduspider/2.0; +http://www.baidu.com/search/spider.html)"
37.205.61.206 - - [31/Jan/2019:07:22:36 -0500] "GET / HTTP/1.1" 200 4960 "" "Mozilla/5.0 (Macintosh; Intel Mac OS X 10_14_3) AppleWebKit/605.1.15 (KHTML, like Gecko)"
37.205.61.206 - - [31/Jan/2019:07:22:37 -0500] "GET /apple-touch-icon-precomposed.png HTTP/1.1" 404 300 "" "Safari/14606.4.5 CFNetwork/976 Darwin/18.2.0 (x86_64)"
37.205.61.206 - - [31/Jan/2019:07:22:37 -0500] "GET /apple-touch-icon.png HTTP/1.1" 404 288 "" "Safari/14606.4.5 CFNetwork/976 Darwin/18.2.0 (x86_64)"
37.205.61.206 - - [31/Jan/2019:07:22:37 -0500] "GET /favicon.ico HTTP/1.1" 410 376 "" "Safari/14606.4.5 CFNetwork/976 Darwin/18.2.0 (x86_64)"
37.205.61.206 - - [31/Jan/2019:07:22:37 -0500] "GET /apple-touch-icon-precomposed.png HTTP/1.1" 404 300 "" "Safari/14606.4.5 CFNetwork/976 Darwin/18.2.0 (x86_64)"
37.205.61.206 - - [31/Jan/2019:07:22:38 -0500] "GET /apple-touch-icon.png HTTP/1.1" 404 288 "" "Safari/14606.4.5 CFNetwork/976 Darwin/18.2.0 (x86_64)"
37.205.61.206 - - [31/Jan/2019:07:22:38 -0500] "GET /favicon.ico HTTP/1.1" 410 376 "" "Safari/14606.4.5 CFNetwork/976 Darwin/18.2.0 (x86_64)"
37.205.61.206 - - [31/Jan/2019:07:22:38 -0500] "GET / HTTP/1.1" 200 4960 "" "Mozilla/5.0 (iPhone; CPU iPhone OS 11_3 like Mac OS X) AppleWebKit/605.1.15 (KHTML, like Gecko) Version/11.0 Mobile/15E148 Safari/604.1"
37.205.61.206 - - [31/Jan/2019:07:22:38 -0500] "GET /apple-touch-icon-precomposed.png HTTP/1.1" 404 300 "" "Safari/14606.4.5 CFNetwork/976 Darwin/18.2.0 (x86_64)"
37.205.61.206 - - [31/Jan/2019:07:22:38 -0500] "GET /apple-touch-icon.png HTTP/1.1" 404 288 "" "Safari/14606.4.5 CFNetwork/976 Darwin/18.2.0 (x86_64)"
37.205.61.206 - - [31/Jan/2019:07:22:38 -0500] "GET /favicon.ico HTTP/1.1" 410 376 "" "Safari/14606.4.5 CFNetwork/976 Darwin/18.2.0 (x86_64)"
37.205.61.206 - - [31/Jan/2019:07:22:38 -0500] "GET /apple-touch-icon-precomposed.png HTTP/1.1" 404 300 "" "Safari/14606.4.5 CFNetwork/976 Darwin/18.2.0 (x86_64)"
37.205.61.206 - - [31/Jan/2019:07:22:38 -0500] "GET /apple-touch-icon.png HTTP/1.1" 404 288 "" "Safari/14606.4.5 CFNetwork/976 Darwin/18.2.0 (x86_64)"
37.205.61.206 - - [31/Jan/2019:07:22:38 -0500] "GET /favicon.ico HTTP/1.1" 410 376 "" "Safari/14606.4.5 CFNetwork/976 Darwin/18.2.0 (x86_64)"
35.229.45.207 - - [31/Jan/2019:07:37:44 -0500] "GET /robots.txt HTTP/1.0" 410 371 "" "ZoominfoBot (zoominfobot at zoominfo dot com)"
35.229.45.207 - - [31/Jan/2019:07:37:44 -0500] "GET /_vti_cnf/ HTTP/1.0" 200 299 "" "ZoominfoBot (zoominfobot at zoominfo dot com)"
35.229.45.207 - - [31/Jan/2019:07:37:47 -0500] "GET /pages/ HTTP/1.0" 200 1145 "" "ZoominfoBot (zoominfobot at zoominfo dot com)"
35.229.45.207 - - [31/Jan/2019:07:37:49 -0500] "GET /img/ HTTP/1.0" 200 1099 "" "ZoominfoBot (zoominfobot at zoominfo dot com)"
35.229.45.207 - - [31/Jan/2019:07:37:50 -0500] "GET /js/ HTTP/1.0" 200 431 "" "ZoominfoBot (zoominfobot at zoominfo dot com)"
207.46.13.197 - - [31/Jan/2019:07:39:57 -0500] "GET /?page=centers HTTP/1.1" 200 4956 "" "Mozilla/5.0 (compatible; bingbot/2.0; +http://www.bing.com/bingbot.htm)"
35.229.45.207 - - [31/Jan/2019:07:41:07 -0500] "GET /robots.txt HTTP/1.0" 410 375 "" "ZoominfoBot (zoominfobot at zoominfo dot com)"
35.229.45.207 - - [31/Jan/2019:07:41:07 -0500] "GET /pages/ HTTP/1.0" 200 1149 "" "ZoominfoBot (zoominfobot at zoominfo dot com)"
35.229.45.207 - - [31/Jan/2019:07:41:09 -0500] "GET /js/ HTTP/1.0" 200 435 "" "ZoominfoBot (zoominfobot at zoominfo dot com)"
216.244.66.234 - - [31/Jan/2019:07:43:06 -0500] "GET /pages/intro/ichs_pentagon.jpg HTTP/1.1" 200 42667 "" "Mozilla/5.0 (compatible; DotBot/1.1; http://www.opensiteexplorer.org/dotbot, help@moz.com)"
35.229.45.207 - - [31/Jan/2019:07:45:13 -0500] "GET /aus.html HTTP/1.0" 200 94132 "" "ZoominfoBot (zoominfobot at zoominfo dot com)"
216.244.66.234 - - [31/Jan/2019:07:52:56 -0500] "GET /robots.txt HTTP/1.1" 410 375 "" "Mozilla/5.0 (compatible; DotBot/1.1; http://www.opensiteexplorer.org/dotbot, help@moz.com)"
216.244.66.234 - - [31/Jan/2019:07:52:56 -0500] "GET /robots.txt HTTP/1.1" 410 371 "" "Mozilla/5.0 (compatible; DotBot/1.1; http://www.opensiteexplorer.org/dotbot, help@moz.com)"
35.229.45.207 - - [31/Jan/2019:07:54:22 -0500] "GET /newsite/ HTTP/1.0" 200 3715 "" "ZoominfoBot (zoominfobot at zoominfo dot com)"
35.229.45.207 - - [31/Jan/2019:07:56:38 -0500] "GET /PRES_MSG_EL_6_28_08.doc HTTP/1.0" 200 215040 "" "ZoominfoBot (zoominfobot at zoominfo dot com)"
35.229.45.207 - - [31/Jan/2019:07:58:49 -0500] "GET /php.root/ HTTP/1.0" 200 285 "" "ZoominfoBot (zoominfobot at zoominfo dot com)"
66.249.66.26 - - [31/Jan/2019:07:59:14 -0500] "GET /css/site.css HTTP/1.1" 404 280 "http://www.afglc.org/pages/cent/mistras.asp" "Mozilla/5.0 (Linux; Android 6.0.1; Nexus 5X Build/MMB29P) AppleWebKit/537.36 (KHTML, like Gecko) Chrome/41.0.2272.96 Mobile Safari/537.36 (compatible; Googlebot/2.1; +http://www.google.com/bot.html)"
35.229.45.207 - - [31/Jan/2019:08:09:00 -0500] "GET /_vti_pvt/ HTTP/1.0" 200 1447 "" "ZoominfoBot (zoominfobot at zoominfo dot com)"
35.229.45.207 - - [31/Jan/2019:08:10:12 -0500] "GET /images/ HTTP/1.0" 200 1907 "" "ZoominfoBot (zoominfobot at zoominfo dot com)"
35.229.45.207 - - [31/Jan/2019:08:10:21 -0500] "GET /newsite/ HTTP/1.0" 200 3715 "" "ZoominfoBot (zoominfobot at zoominfo dot com)"
35.229.45.207 - - [31/Jan/2019:08:13:50 -0500] "GET /php.root/ HTTP/1.0" 200 281 "" "ZoominfoBot (zoominfobot at zoominfo dot com)"
35.229.45.207 - - [31/Jan/2019:08:14:08 -0500] "GET /ny/ HTTP/1.0" 200 9678 "" "ZoominfoBot (zoominfobot at zoominfo dot com)"
89.31.57.5 - - [31/Jan/2019:08:17:25 -0500] "GET / HTTP/1.1" 200 4956 "http://burger-imperia.com/" "Mozilla/5.0 (Windows NT 6.1; WOW64) AppleWebKit/537.36 (KHTML, like Gecko) Chrome/41.0.2272.89 Safari/537.36"
35.229.45.207 - - [31/Jan/2019:08:19:08 -0500] "GET /index.asp HTTP/1.0" 200 20885 "" "ZoominfoBot (zoominfobot at zoominfo dot com)"
35.229.45.207 - - [31/Jan/2019:08:20:25 -0500] "GET /_vti_script/ HTTP/1.0" 200 291 "" "ZoominfoBot (zoominfobot at zoominfo dot com)"
216.244.66.234 - - [31/Jan/2019:08:40:01 -0500] "GET /robots.txt HTTP/1.1" 410 375 "" "Mozilla/5.0 (compatible; DotBot/1.1; http://www.opensiteexplorer.org/dotbot, help@moz.com)"
216.244.66.234 - - [31/Jan/2019:08:40:01 -0500] "GET /robots.txt HTTP/1.1" 410 371 "" "Mozilla/5.0 (compatible; DotBot/1.1; http://www.opensiteexplorer.org/dotbot, help@moz.com)"
75.101.232.23 - - [31/Jan/2019:08:45:13 -0500] "GET /index.asp HTTP/1.1" 200 7520 "" "Mozilla/5.0 (Windows NT 6.3; Win64; x64) AppleWebKit/537.36 (KHTML, like Gecko) Chrome/70.0.3538.77 Safari/537.36"
64.62.252.162 - - [31/Jan/2019:08:50:47 -0500] "GET /robots.txt HTTP/1.1" 410 375 "" "The Knowledge AI"
93.158.161.22 - - [31/Jan/2019:08:52:47 -0500] "GET /robots.txt HTTP/1.1" 410 375 "" "Mozilla/5.0 (compatible; YandexBot/3.0; +http://yandex.com/bots)"
93.158.161.22 - - [31/Jan/2019:08:52:51 -0500] "GET /_vti_pvt/uniqperm.cnf HTTP/1.1" 200 - "" "Mozilla/5.0 (compatible; YandexBot/3.0; +http://yandex.com/bots)"
180.76.15.29 - - [31/Jan/2019:08:54:21 -0500] "GET /AFGLC_Inaugural_Lecture_on_Faith_2010_Harakas.pdf HTTP/1.1" 200 100886 "" "Mozilla/5.0 (compatible; Baiduspider/2.0; +http://www.baidu.com/search/spider.html)"
141.8.143.174 - - [31/Jan/2019:09:06:19 -0500] "GET /_vti_pvt/services.cnf HTTP/1.1" 200 3 "" "Mozilla/5.0 (compatible; YandexBot/3.0; +http://yandex.com/bots)"
216.244.66.234 - - [31/Jan/2019:09:13:56 -0500] "GET /pages/lead/halkias.asp HTTP/1.1" 200 1539 "" "Mozilla/5.0 (compatible; DotBot/1.1; http://www.opensiteexplorer.org/dotbot, help@moz.com)"
178.255.215.91 - - [31/Jan/2019:09:14:20 -0500] "GET /robots.txt HTTP/1.1" 410 371 "" "Mozilla/5.0 (compatible; Exabot/3.0; +http://www.exabot.com/go/robot)"
178.255.215.91 - - [31/Jan/2019:09:14:21 -0500] "GET / HTTP/1.1" 200 4956 "" "Mozilla/5.0 (compatible; Exabot/3.0; +http://www.exabot.com/go/robot)"
157.55.39.244 - - [31/Jan/2019:09:22:25 -0500] "GET /prog_forum_2005.pdf HTTP/1.1" 200 303387 "" "Mozilla/5.0 (compatible; bingbot/2.0; +http://www.bing.com/bingbot.htm)"
100.27.1.141 - - [31/Jan/2019:09:26:23 -0500] "GET / HTTP/1.1" 200 4960 "" "Mozilla/5.0 (Windows NT 5.1; rv:33.0) Gecko/20100101 Firefox/33.0"
216.244.66.234 - - [31/Jan/2019:09:27:14 -0500] "GET /robots.txt HTTP/1.1" 410 375 "" "Mozilla/5.0 (compatible; DotBot/1.1; http://www.opensiteexplorer.org/dotbot, help@moz.com)"
216.244.66.234 - - [31/Jan/2019:09:27:14 -0500] "GET /robots.txt HTTP/1.1" 410 371 "" "Mozilla/5.0 (compatible; DotBot/1.1; http://www.opensiteexplorer.org/dotbot, help@moz.com)"
207.46.13.197 - - [31/Jan/2019:09:40:47 -0500] "GET /img/ HTTP/1.1" 200 1103 "" "Mozilla/5.0 (compatible; bingbot/2.0; +http://www.bing.com/bingbot.htm)"
216.244.66.234 - - [31/Jan/2019:10:14:10 -0500] "GET /robots.txt HTTP/1.1" 410 371 "" "Mozilla/5.0 (compatible; DotBot/1.1; http://www.opensiteexplorer.org/dotbot, help@moz.com)"
77.75.76.168 - - [31/Jan/2019:10:21:31 -0500] "GET /robots.txt HTTP/1.1" 410 375 "" "Mozilla/5.0 (compatible; SeznamBot/3.2; +http://napoveda.seznam.cz/en/seznambot-intro/)"
77.75.76.168 - - [31/Jan/2019:10:21:32 -0500] "GET /logs/ex20181119.log HTTP/1.1" 404 287 "" "Mozilla/5.0 (compatible; SeznamBot/3.2; +http://napoveda.seznam.cz/en/seznambot-intro/)"
64.62.252.162 - - [31/Jan/2019:10:34:16 -0500] "GET /robots.txt HTTP/1.1" 410 375 "" "The Knowledge AI"
64.62.252.162 - - [31/Jan/2019:10:34:16 -0500] "GET /_vti_cnf/ HTTP/1.1" 200 299 "" "The Knowledge AI"
64.62.252.162 - - [31/Jan/2019:10:34:16 -0500] "GET /_vti_pvt/ HTTP/1.1" 200 1447 "" "The Knowledge AI"
64.62.252.162 - - [31/Jan/2019:10:34:16 -0500] "GET /_vti_script/ HTTP/1.1" 200 291 "" "The Knowledge AI"
64.62.252.162 - - [31/Jan/2019:10:34:16 -0500] "GET /_vti_txt/ HTTP/1.1" 200 285 "" "The Knowledge AI"
64.62.252.162 - - [31/Jan/2019:10:34:16 -0500] "GET /aspnet_client/ HTTP/1.1" 403 218 "" "The Knowledge AI"
64.62.252.162 - - [31/Jan/2019:10:34:16 -0500] "GET /aus.html HTTP/1.1" 200 94132 "" "The Knowledge AI"
64.62.252.162 - - [31/Jan/2019:10:35:00 -0500] "GET /css/ HTTP/1.1" 200 319 "" "The Knowledge AI"
64.62.252.162 - - [31/Jan/2019:10:35:00 -0500] "GET /images/ HTTP/1.1" 200 1911 "" "The Knowledge AI"
64.62.252.162 - - [31/Jan/2019:10:35:00 -0500] "GET /img/ HTTP/1.1" 200 1103 "" "The Knowledge AI"
64.62.252.162 - - [31/Jan/2019:10:35:00 -0500] "GET /index.asp HTTP/1.1" 200 7520 "" "The Knowledge AI"
64.62.252.162 - - [31/Jan/2019:10:35:00 -0500] "GET /js/ HTTP/1.1" 200 435 "" "The Knowledge AI"
64.62.252.162 - - [31/Jan/2019:10:35:00 -0500] "GET /logs/ HTTP/1.1" 200 1283 "" "The Knowledge AI"
64.62.252.162 - - [31/Jan/2019:10:35:35 -0500] "GET /newsite/ HTTP/1.1" 200 3715 "" "The Knowledge AI"
64.62.252.162 - - [31/Jan/2019:10:35:35 -0500] "GET /ny/ HTTP/1.1" 200 9678 "" "The Knowledge AI"
64.62.252.162 - - [31/Jan/2019:10:36:16 -0500] "GET /oldwebsite2/ HTTP/1.1" 200 3637 "" "The Knowledge AI"
64.62.252.162 - - [31/Jan/2019:10:36:16 -0500] "GET /pages/ HTTP/1.1" 200 1149 "" "The Knowledge AI"
64.62.252.162 - - [31/Jan/2019:10:36:17 -0500] "GET /php.root/ HTTP/1.1" 200 285 "" "The Knowledge AI"
157.55.39.249 - - [31/Jan/2019:10:40:41 -0500] "GET /aando.asp HTTP/1.1" 404 1635 "" "Mozilla/5.0 (compatible; bingbot/2.0; +http://www.bing.com/bingbot.htm)"
157.55.39.249 - - [31/Jan/2019:10:40:41 -0500] "GET /?page=galaarchive HTTP/1.1" 200 4960 "" "Mozilla/5.0 (compatible; bingbot/2.0; +http://www.bing.com/bingbot.htm)"
157.55.39.249 - - [31/Jan/2019:10:40:41 -0500] "GET /contact.asp HTTP/1.1" 404 1635 "" "Mozilla/5.0 (compatible; bingbot/2.0; +http://www.bing.com/bingbot.htm)"
157.55.39.249 - - [31/Jan/2019:10:40:41 -0500] "GET /shop.html HTTP/1.1" 404 277 "" "Mozilla/5.0 (compatible; bingbot/2.0; +http://www.bing.com/bingbot.htm)"
157.55.39.249 - - [31/Jan/2019:10:40:41 -0500] "GET /ifglc.asp HTTP/1.1" 404 1635 "" "Mozilla/5.0 (compatible; bingbot/2.0; +http://www.bing.com/bingbot.htm)"
207.46.13.197 - - [31/Jan/2019:10:40:56 -0500] "GET /AthensFinal.doc HTTP/1.1" 404 283 "" "Mozilla/5.0 (compatible; bingbot/2.0; +http://www.bing.com/bingbot.htm)"
207.46.13.197 - - [31/Jan/2019:10:40:56 -0500] "GET /uevents.asp HTTP/1.1" 404 1635 "" "Mozilla/5.0 (compatible; bingbot/2.0; +http://www.bing.com/bingbot.htm)"
207.46.13.197 - - [31/Jan/2019:10:40:56 -0500] "GET /_vti_cnf/ HTTP/1.1" 200 299 "" "Mozilla/5.0 (compatible; bingbot/2.0; +http://www.bing.com/bingbot.htm)"
157.55.39.136 - - [31/Jan/2019:10:48:51 -0500] "GET /index.html HTTP/1.1" 404 278 "" "Mozilla/5.0 (compatible; bingbot/2.0; +http://www.bing.com/bingbot.htm)"
157.55.39.136 - - [31/Jan/2019:10:48:51 -0500] "GET /under_dev.asp HTTP/1.1" 404 1635 "" "Mozilla/5.0 (compatible; bingbot/2.0; +http://www.bing.com/bingbot.htm)"
157.55.39.136 - - [31/Jan/2019:10:48:51 -0500] "GET /contact.html HTTP/1.1" 404 280 "" "Mozilla/5.0 (compatible; bingbot/2.0; +http://www.bing.com/bingbot.htm)"
157.55.39.136 - - [31/Jan/2019:10:48:51 -0500] "GET /?page=links HTTP/1.1" 200 4960 "" "Mozilla/5.0 (compatible; bingbot/2.0; +http://www.bing.com/bingbot.htm)"
157.55.39.136 - - [31/Jan/2019:10:48:51 -0500] "GET / HTTP/1.1" 200 4960 "" "Mozilla/5.0 (compatible; bingbot/2.0; +http://www.bing.com/bingbot.htm)"
157.55.39.136 - - [31/Jan/2019:10:48:52 -0500] "GET /css/ HTTP/1.1" 200 319 "" "Mozilla/5.0 (compatible; bingbot/2.0; +http://www.bing.com/bingbot.htm)"
157.55.39.136 - - [31/Jan/2019:10:48:52 -0500] "GET /news.asp HTTP/1.1" 404 1635 "" "Mozilla/5.0 (compatible; bingbot/2.0; +http://www.bing.com/bingbot.htm)"
157.55.39.136 - - [31/Jan/2019:10:48:52 -0500] "GET /oldwebsite2/foru.asp HTTP/1.1" 200 6455 "" "Mozilla/5.0 (compatible; bingbot/2.0; +http://www.bing.com/bingbot.htm)"
46.229.168.151 - - [31/Jan/2019:10:51:07 -0500] "GET /robots.txt HTTP/1.1" 410 371 "" "Mozilla/5.0 (compatible; SemrushBot/3~bl; +http://www.semrush.com/bot.html)"
46.229.168.135 - - [31/Jan/2019:10:51:07 -0500] "GET /index.asp?page=books HTTP/1.1" 200 4669 "" "Mozilla/5.0 (compatible; SemrushBot/3~bl; +http://www.semrush.com/bot.html)"
216.244.66.234 - - [31/Jan/2019:11:02:21 -0500] "GET /robots.txt HTTP/1.1" 410 371 "" "Mozilla/5.0 (compatible; DotBot/1.1; http://www.opensiteexplorer.org/dotbot, help@moz.com)"
216.244.66.234 - - [31/Jan/2019:11:02:21 -0500] "GET /robots.txt HTTP/1.1" 410 375 "" "Mozilla/5.0 (compatible; DotBot/1.1; http://www.opensiteexplorer.org/dotbot, help@moz.com)"
123.126.113.149 - - [31/Jan/2019:11:23:18 -0500] "GET /robots.txt HTTP/1.1" 410 375 "" "Sogou web spider/4.0(+http://www.sogou.com/docs/help/webmasters.htm#07)"
123.126.113.149 - - [31/Jan/2019:11:23:19 -0500] "GET / HTTP/1.1" 200 4960 "" "Sogou web spider/4.0(+http://www.sogou.com/docs/help/webmasters.htm#07)"
180.76.15.18 - - [31/Jan/2019:11:24:08 -0500] "GET /pages/foru/AFGLC_Forum_2010/Charalambakis_Greek_Language_AFGLC_Forum_2010.pdf HTTP/1.1" 200 207929 "" "Mozilla/5.0 (compatible; Baiduspider/2.0; +http://www.baidu.com/search/spider.html)"
46.118.124.60 - - [31/Jan/2019:11:31:04 -0500] "GET /php.root/ HTTP/1.1" 200 285 "https://aitiman.ae/" "Mozilla/3.0 (x86 [en] Windows NT 5.1; Sun)"
46.118.124.60 - - [31/Jan/2019:11:31:05 -0500] "GET /php.root/ HTTP/1.1" 200 285 "https://aitiman.ae/" "Mozilla/3.0 (x86 [en] Windows NT 5.1; Sun)"
46.118.124.60 - - [31/Jan/2019:11:31:06 -0500] "GET /php.root/ HTTP/1.1" 200 285 "https://aitiman.ae/" "Mozilla/3.0 (x86 [en] Windows NT 5.1; Sun)"
34.200.228.53 - - [31/Jan/2019:11:36:46 -0500] "GET /index.asp HTTP/1.1" 200 7520 "" "Mozilla/5.0 (Windows NT 6.3; Win64; x64) AppleWebKit/537.36 (KHTML, like Gecko) Chrome/70.0.3538.77 Safari/537.36"
77.75.78.161 - - [31/Jan/2019:11:41:21 -0500] "GET /robots.txt HTTP/1.1" 410 375 "" "Mozilla/5.0 (compatible; SeznamBot/3.2; +http://napoveda.seznam.cz/en/seznambot-intro/)"
77.75.78.161 - - [31/Jan/2019:11:41:23 -0500] "GET /upload/14583290_259781504423824_5238610338651308032_nc95a.jpg? HTTP/1.1" 404 329 "" "Mozilla/5.0 (compatible; SeznamBot/3.2; +http://napoveda.seznam.cz/en/seznambot-intro/)"
207.46.13.197 - - [31/Jan/2019:11:41:43 -0500] "GET /Hnaraki_Green_Rhymes2_AFGLC_Forum_2010.pdf HTTP/1.1" 200 9753673 "" "Mozilla/5.0 (compatible; bingbot/2.0; +http://www.bing.com/bingbot.htm)"
216.244.66.234 - - [31/Jan/2019:11:49:57 -0500] "GET /robots.txt HTTP/1.1" 410 371 "" "Mozilla/5.0 (compatible; DotBot/1.1; http://www.opensiteexplorer.org/dotbot, help@moz.com)"
216.244.66.234 - - [31/Jan/2019:11:49:57 -0500] "GET /robots.txt HTTP/1.1" 410 375 "" "Mozilla/5.0 (compatible; DotBot/1.1; http://www.opensiteexplorer.org/dotbot, help@moz.com)"
98.169.25.235 - - [31/Jan/2019:11:50:49 -0500] "GET /favicon.ico HTTP/1.1" 410 376 "http://www.afglc.org/AFGLC_Newsletter_Summer_2009.pdf" "Mozilla/5.0 (Windows NT 10.0; Win64; x64) AppleWebKit/537.36 (KHTML, like Gecko) Chrome/71.0.3578.98 Safari/537.36"
98.169.25.235 - - [31/Jan/2019:11:50:48 -0500] "GET /AFGLC_Newsletter_Summer_2009.pdf HTTP/1.1" 200 2032785 "" "Mozilla/5.0 (Windows NT 10.0; Win64; x64) AppleWebKit/537.36 (KHTML, like Gecko) Chrome/71.0.3578.98 Safari/537.36"
180.76.15.150 - - [31/Jan/2019:11:57:28 -0500] "GET /pages/cent/interna/ath_final.doc HTTP/1.1" 200 1039872 "" "Mozilla/5.0 (compatible; Baiduspider/2.0; +http://www.baidu.com/search/spider.html)"
17.58.101.147 - - [31/Jan/2019:12:15:27 -0500] "GET /robots.txt HTTP/1.1" 410 371 "" "Mozilla/5.0 (Macintosh; Intel Mac OS X 10_10_1) AppleWebKit/600.2.5 (KHTML, like Gecko) Version/8.0.2 Safari/600.2.5 (Applebot/0.1; +http://www.apple.com/go/applebot)"
17.58.101.147 - - [31/Jan/2019:12:15:27 -0500] "GET /favicon.ico HTTP/1.1" 410 372 "" "Mozilla/5.0 (Macintosh; Intel Mac OS X 10_10_1) AppleWebKit/600.2.5 (KHTML, like Gecko) Version/8.0.2 Safari/600.2.5 (Applebot/0.1; +http://www.apple.com/go/applebot)"
66.249.66.26 - - [31/Jan/2019:12:25:07 -0500] "GET / HTTP/1.1" 200 4960 "" "Mozilla/5.0 (Linux; Android 6.0.1; Nexus 5X Build/MMB29P) AppleWebKit/537.36 (KHTML, like Gecko) Chrome/41.0.2272.96 Mobile Safari/537.36 (compatible; Googlebot/2.1; +http://www.google.com/bot.html)"
66.249.66.25 - - [31/Jan/2019:12:25:12 -0500] "GET /favicon.ico HTTP/1.1" 410 376 "" "Googlebot-Image/1.0"
180.76.15.162 - - [31/Jan/2019:12:30:48 -0500] "GET /pages/news/Newsletters/AFGLC_IFGLC_Fall_Winter_Newsletter_2010.pdf HTTP/1.1" 200 601225 "" "Mozilla/5.0 (compatible; Baiduspider/2.0; +http://www.baidu.com/search/spider.html)"
216.244.66.234 - - [31/Jan/2019:12:37:23 -0500] "GET /robots.txt HTTP/1.1" 410 371 "" "Mozilla/5.0 (compatible; DotBot/1.1; http://www.opensiteexplorer.org/dotbot, help@moz.com)"
66.249.66.223 - - [31/Jan/2019:12:39:07 -0500] "GET /pages/cent/ HTTP/1.1" 200 1757 "" "Mozilla/5.0 (Linux; Android 6.0.1; Nexus 5X Build/MMB29P) AppleWebKit/537.36 (KHTML, like Gecko) Chrome/41.0.2272.96 Mobile Safari/537.36 (compatible; Googlebot/2.1; +http://www.google.com/bot.html)"
157.55.39.43 - - [31/Jan/2019:12:53:52 -0500] "GET /robots.txt HTTP/1.1" 410 375 "" "Mozilla/5.0 (compatible; bingbot/2.0; +http://www.bing.com/bingbot.htm)"
157.55.39.43 - - [31/Jan/2019:12:57:54 -0500] "GET /robots.txt HTTP/1.1" 410 371 "" "Mozilla/5.0 (compatible; bingbot/2.0; +http://www.bing.com/bingbot.htm)"
3.94.181.21 - - [31/Jan/2019:13:24:17 -0500] "GET / HTTP/1.1" 200 4960 "" "Mozilla/5.0 (Windows NT 5.1; rv:33.0) Gecko/20100101 Firefox/33.0"
216.244.66.234 - - [31/Jan/2019:13:24:52 -0500] "GET /robots.txt HTTP/1.1" 410 371 "" "Mozilla/5.0 (compatible; DotBot/1.1; http://www.opensiteexplorer.org/dotbot, help@moz.com)"
18.204.20.20 - - [31/Jan/2019:13:50:48 -0500] "GET /index.asp HTTP/1.1" 200 7520 "" "Mozilla/5.0 (Windows NT 6.3; Win64; x64) AppleWebKit/537.36 (KHTML, like Gecko) Chrome/70.0.3538.77 Safari/537.36"
66.249.66.27 - - [31/Jan/2019:13:52:24 -0500] "GET /NY/modules/user/user.css?i HTTP/1.1" 200 1127 "http://www.afglc.org/NY/" "Mozilla/5.0 AppleWebKit/537.36 (KHTML, like Gecko; compatible; Googlebot/2.1; +http://www.google.com/bot.html) Safari/537.36"
66.249.66.25 - - [31/Jan/2019:13:52:24 -0500] "GET /NY/sites/all/themes/zen/zen/wireframes.css?i HTTP/1.1" 200 585 "http://www.afglc.org/NY/" "Mozilla/5.0 AppleWebKit/537.36 (KHTML, like Gecko; compatible; Googlebot/2.1; +http://www.google.com/bot.html) Safari/537.36"
66.249.66.25 - - [31/Jan/2019:13:52:24 -0500] "GET /NY/sites/all/modules/ckeditor/ckeditor.css?i HTTP/1.1" 200 714 "http://www.afglc.org/NY/" "Mozilla/5.0 AppleWebKit/537.36 (KHTML, like Gecko; compatible; Googlebot/2.1; +http://www.google.com/bot.html) Safari/537.36"
66.249.66.26 - - [31/Jan/2019:13:52:25 -0500] "GET /NY/sites/all/modules/cck/modules/fieldgroup/fieldgroup.css?i HTTP/1.1" 200 166 "http://www.afglc.org/NY/" "Mozilla/5.0 AppleWebKit/537.36 (KHTML, like Gecko; compatible; Googlebot/2.1; +http://www.google.com/bot.html) Safari/537.36"
66.249.66.27 - - [31/Jan/2019:13:52:25 -0500] "GET /NY/sites/all/themes/afglcny/Myriad_Pro_400-Myriad_Pro_600.font.js?i HTTP/1.1" 200 43371 "http://www.afglc.org/NY/" "Mozilla/5.0 AppleWebKit/537.36 (KHTML, like Gecko; compatible; Googlebot/2.1; +http://www.google.com/bot.html) Safari/537.36"
66.249.66.26 - - [31/Jan/2019:13:52:26 -0500] "GET /NY/modules/node/node.css?i HTTP/1.1" 200 740 "http://www.afglc.org/NY/" "Mozilla/5.0 AppleWebKit/537.36 (KHTML, like Gecko; compatible; Googlebot/2.1; +http://www.google.com/bot.html) Safari/537.36"
66.249.66.25 - - [31/Jan/2019:13:52:26 -0500] "GET /NY/sites/all/modules/lightbox2/css/lightbox.css?i HTTP/1.1" 200 4319 "http://www.afglc.org/NY/" "Mozilla/5.0 AppleWebKit/537.36 (KHTML, like Gecko; compatible; Googlebot/2.1; +http://www.google.com/bot.html) Safari/537.36"
66.249.66.26 - - [31/Jan/2019:13:52:27 -0500] "GET /NY/sites/all/themes/afglcny/html-elements.css?i HTTP/1.1" 200 6167 "http://www.afglc.org/NY/" "Mozilla/5.0 AppleWebKit/537.36 (KHTML, like Gecko; compatible; Googlebot/2.1; +http://www.google.com/bot.html) Safari/537.36"
66.249.66.27 - - [31/Jan/2019:13:52:27 -0500] "GET /NY/sites/all/modules/cck/theme/content-module.css?i HTTP/1.1" 200 2397 "http://www.afglc.org/NY/" "Mozilla/5.0 AppleWebKit/537.36 (KHTML, like Gecko; compatible; Googlebot/2.1; +http://www.google.com/bot.html) Safari/537.36"
66.249.66.25 - - [31/Jan/2019:13:52:28 -0500] "GET /NY/sites/all/themes/zen/zen/messages.css?i HTTP/1.1" 200 1255 "http://www.afglc.org/NY/" "Mozilla/5.0 AppleWebKit/537.36 (KHTML, like Gecko; compatible; Googlebot/2.1; +http://www.google.com/bot.html) Safari/537.36"
66.249.66.26 - - [31/Jan/2019:13:52:28 -0500] "GET /NY/sites/all/modules/cufon/js/cufon-drupal.js?i HTTP/1.1" 200 297 "http://www.afglc.org/NY/" "Mozilla/5.0 AppleWebKit/537.36 (KHTML, like Gecko; compatible; Googlebot/2.1; +http://www.google.com/bot.html) Safari/537.36"
66.249.66.26 - - [31/Jan/2019:13:52:29 -0500] "GET /NY/modules/system/system-menus.css?i HTTP/1.1" 200 935 "http://www.afglc.org/NY/" "Mozilla/5.0 AppleWebKit/537.36 (KHTML, like Gecko; compatible; Googlebot/2.1; +http://www.google.com/bot.html) Safari/537.36"
66.249.66.26 - - [31/Jan/2019:13:52:29 -0500] "GET /NY/sites/all/themes/zen/zen/block-editing.css?i HTTP/1.1" 200 483 "http://www.afglc.org/NY/" "Mozilla/5.0 AppleWebKit/537.36 (KHTML, like Gecko; compatible; Googlebot/2.1; +http://www.google.com/bot.html) Safari/537.36"
66.249.66.25 - - [31/Jan/2019:13:52:30 -0500] "GET /NY/misc/drupal.js?i HTTP/1.1" 200 9834 "http://www.afglc.org/NY/" "Mozilla/5.0 AppleWebKit/537.36 (KHTML, like Gecko; compatible; Googlebot/2.1; +http://www.google.com/bot.html) Safari/537.36"
66.249.66.25 - - [31/Jan/2019:13:52:30 -0500] "GET /NY/sites/all/modules/views/css/views.css?i HTTP/1.1" 200 1788 "http://www.afglc.org/NY/" "Mozilla/5.0 AppleWebKit/537.36 (KHTML, like Gecko; compatible; Googlebot/2.1; +http://www.google.com/bot.html) Safari/537.36"
66.249.66.25 - - [31/Jan/2019:13:52:31 -0500] "GET /NY/sites/all/themes/afglcny/layout.css?i HTTP/1.1" 200 809 "http://www.afglc.org/NY/" "Mozilla/5.0 AppleWebKit/537.36 (KHTML, like Gecko; compatible; Googlebot/2.1; +http://www.google.com/bot.html) Safari/537.36"
66.249.66.25 - - [31/Jan/2019:13:52:31 -0500] "GET /NY/modules/system/defaults.css?i HTTP/1.1" 200 732 "http://www.afglc.org/NY/" "Mozilla/5.0 AppleWebKit/537.36 (KHTML, like Gecko; compatible; Googlebot/2.1; +http://www.google.com/bot.html) Safari/537.36"
66.249.66.26 - - [31/Jan/2019:13:52:32 -0500] "GET /NY/sites/all/modules/filefield/filefield.css?i HTTP/1.1" 200 1986 "http://www.afglc.org/NY/" "Mozilla/5.0 AppleWebKit/537.36 (KHTML, like Gecko; compatible; Googlebot/2.1; +http://www.google.com/bot.html) Safari/537.36"
66.249.66.25 - - [31/Jan/2019:13:52:32 -0500] "GET /NY/sites/all/modules/lightbox2/js/lightbox.js?i HTTP/1.1" 200 41346 "http://www.afglc.org/NY/" "Mozilla/5.0 AppleWebKit/537.36 (KHTML, like Gecko; compatible; Googlebot/2.1; +http://www.google.com/bot.html) Safari/537.36"
66.249.66.25 - - [31/Jan/2019:13:52:33 -0500] "GET /NY/sites/all/modules/cufon/js/cufon-yui.js?i HTTP/1.1" 200 18257 "http://www.afglc.org/NY/" "Mozilla/5.0 AppleWebKit/537.36 (KHTML, like Gecko; compatible; Googlebot/2.1; +http://www.google.com/bot.html) Safari/537.36"
66.249.66.25 - - [31/Jan/2019:13:52:33 -0500] "GET /NY/sites/all/themes/afglcny/print.css?i HTTP/1.1" 200 1241 "http://www.afglc.org/NY/" "Mozilla/5.0 AppleWebKit/537.36 (KHTML, like Gecko; compatible; Googlebot/2.1; +http://www.google.com/bot.html) Safari/537.36"
66.249.66.25 - - [31/Jan/2019:13:52:34 -0500] "GET /NY/sites/all/themes/zen/zen/tabs.css?i HTTP/1.1" 200 2784 "http://www.afglc.org/NY/" "Mozilla/5.0 AppleWebKit/537.36 (KHTML, like Gecko; compatible; Googlebot/2.1; +http://www.google.com/bot.html) Safari/537.36"
35.190.165.141 - - [31/Jan/2019:13:54:22 -0500] "GET /robots.txt HTTP/1.0" 410 375 "" "ZoominfoBot (zoominfobot at zoominfo dot com)"
35.190.165.141 - - [31/Jan/2019:13:54:22 -0500] "GET / HTTP/1.0" 200 4960 "" "ZoominfoBot (zoominfobot at zoominfo dot com)"
66.249.66.221 - - [31/Jan/2019:14:04:23 -0500] "GET /oldwebsite2/css/site.css HTTP/1.1" 200 840 "http://afglc.org/oldwebsite2/part.asp" "Mozilla/5.0 AppleWebKit/537.36 (KHTML, like Gecko; compatible; Googlebot/2.1; +http://www.google.com/bot.html) Safari/537.36"
35.190.165.141 - - [31/Jan/2019:14:07:25 -0500] "GET /robots.txt HTTP/1.0" 410 371 "" "ZoominfoBot (zoominfobot at zoominfo dot com)"
216.244.66.234 - - [31/Jan/2019:14:12:29 -0500] "GET /robots.txt HTTP/1.1" 410 371 "" "Mozilla/5.0 (compatible; DotBot/1.1; http://www.opensiteexplorer.org/dotbot, help@moz.com)"
66.249.66.25 - - [31/Jan/2019:14:24:58 -0500] "GET /favicon.ico HTTP/1.1" 410 376 "" "Googlebot-Image/1.0"
23.228.96.82 - - [31/Jan/2019:14:30:12 -0500] "GET /wp-content/plugins/fluid_forms/file-upload/server/php/index.php HTTP/1.1" 404 327 "http://afglc.org/wp-content/plugins/fluid_forms/file-upload/server/php/index.php" "Mozilla/5.0 (Windows NT 6.1; WOW64) AppleWebKit/537.36 (KHTML, like Gecko) Chrome/42.0.2311.152 Safari/537.36"
141.8.143.174 - - [31/Jan/2019:14:37:30 -0500] "GET /robots.txt HTTP/1.1" 410 375 "" "Mozilla/5.0 (compatible; YandexBot/3.0; +http://yandex.com/bots)"
141.8.143.174 - - [31/Jan/2019:14:37:34 -0500] "GET / HTTP/1.1" 200 4960 "" "Mozilla/5.0 (compatible; YandexBot/3.0; +http://yandex.com/bots)"
141.8.143.174 - - [31/Jan/2019:14:37:47 -0500] "GET /robots.txt HTTP/1.1" 410 371 "" "Mozilla/5.0 (compatible; YandexBot/3.0; +http://yandex.com/bots)"
141.8.143.174 - - [31/Jan/2019:14:37:51 -0500] "GET / HTTP/1.1" 200 4956 "" "Mozilla/5.0 (compatible; YandexBot/3.0; +http://yandex.com/bots)"
216.244.66.234 - - [31/Jan/2019:14:48:49 -0500] "GET /logs/W2K3WEB1/ex180112.log HTTP/1.1" 200 46598 "" "Mozilla/5.0 (compatible; DotBot/1.1; http://www.opensiteexplorer.org/dotbot, help@moz.com)"
216.244.66.234 - - [31/Jan/2019:14:48:51 -0500] "GET /pages/menu/ath.asp HTTP/1.1" 404 1635 "" "Mozilla/5.0 (compatible; DotBot/1.1; http://www.opensiteexplorer.org/dotbot, help@moz.com)"
216.244.66.234 - - [31/Jan/2019:14:48:54 -0500] "GET /pages/menu/breviews.asp HTTP/1.1" 404 1635 "" "Mozilla/5.0 (compatible; DotBot/1.1; http://www.opensiteexplorer.org/dotbot, help@moz.com)"
157.55.39.149 - - [31/Jan/2019:14:53:35 -0500] "GET /pages/leadership/balis.jpg HTTP/1.1" 200 12147 "" "Mozilla/5.0 (compatible; bingbot/2.0; +http://www.bing.com/bingbot.htm)"
216.244.66.234 - - [31/Jan/2019:14:59:42 -0500] "GET /robots.txt HTTP/1.1" 410 371 "" "Mozilla/5.0 (compatible; DotBot/1.1; http://www.opensiteexplorer.org/dotbot, help@moz.com)"
216.244.66.234 - - [31/Jan/2019:14:59:42 -0500] "GET /robots.txt HTTP/1.1" 410 375 "" "Mozilla/5.0 (compatible; DotBot/1.1; http://www.opensiteexplorer.org/dotbot, help@moz.com)"
34.73.251.133 - - [31/Jan/2019:15:19:46 -0500] "GET /robots.txt HTTP/1.0" 410 375 "" "ZoominfoBot (zoominfobot at zoominfo dot com)"
34.73.251.133 - - [31/Jan/2019:15:19:46 -0500] "GET /pages/ HTTP/1.0" 200 1149 "" "ZoominfoBot (zoominfobot at zoominfo dot com)"
34.73.251.133 - - [31/Jan/2019:15:19:48 -0500] "GET /oldwebsite2/ HTTP/1.0" 200 3637 "" "ZoominfoBot (zoominfobot at zoominfo dot com)"
34.73.251.133 - - [31/Jan/2019:15:19:53 -0500] "GET /logs/ HTTP/1.0" 200 1283 "" "ZoominfoBot (zoominfobot at zoominfo dot com)"
34.73.251.133 - - [31/Jan/2019:15:19:54 -0500] "GET /_vti_cnf/ HTTP/1.0" 200 299 "" "ZoominfoBot (zoominfobot at zoominfo dot com)"
